{"id":11,"date":"2024-04-04T06:17:14","date_gmt":"2024-04-04T03:17:14","guid":{"rendered":"https:\/\/sisu.ut.ee\/jupyter\/opijuhised\/"},"modified":"2024-04-04T06:17:18","modified_gmt":"2024-04-04T03:17:18","slug":"opijuhised","status":"publish","type":"page","link":"https:\/\/sisu.ut.ee\/jupyter\/opijuhised\/","title":{"rendered":"\u00d5pijuhis"},"content":{"rendered":"<p>\n\tAineprogramm n\u00e4dalate kaupa:\n<\/p>\n<ul>\n<li>\n\t\t<strong>I n\u00e4dal<\/strong>\n<ul>\n<li>\n\t\t\t\t1. Tarkvara installeerimine\n\t\t\t<\/li>\n<li>\n\t\t\t\t2. \u00dclevaade Jupyteri keskkonnast\n\t\t\t<\/li>\n<li>\n\t\t\t\t3. Lihtsaimad arvutused (Pythoni p\u00f5hivahendite meeldetuletamine)\n\t\t\t<\/li>\n<li>\n\t\t\t\tKodut\u00f6\u00f6d 1a ja 1b\n\t\t\t<\/li>\n<\/ul>\n<\/li>\n<li>\n\t\t<strong>II n\u00e4dal<\/strong>\n<ul>\n<li>\n\t\t\t\t4. Dokumentide kujundamine Jupyteris m\u00e4rgenduskeeltega Markdown, HTML ja LaTeX\n\t\t\t<\/li>\n<li>\n\t\t\t\tKodut\u00f6\u00f6 2\n\t\t\t<\/li>\n<\/ul>\n<\/li>\n<li>\n\t\t<strong>III n\u00e4dal<\/strong>\n<ul>\n<li>\n\t\t\t\t5. Operatsioonid massiividega, NumPy\n\t\t\t<\/li>\n<li>\n\t\t\t\t6. Graafikute kujundamine paketiga Matplotlib\n\t\t\t<\/li>\n<li>\n\t\t\t\tKodut\u00f6\u00f6 3\n\t\t\t<\/li>\n<\/ul>\n<\/li>\n<li>\n\t\t<strong>IV n\u00e4dal<\/strong>\n<ul>\n<li>\n\t\t\t\t7. Lihtsamad numbrilised algoritmid, NumPy ja SciPy\n\t\t\t<\/li>\n<li>\n\t\t\t\tKodut\u00f6\u00f6 4\n\t\t\t<\/li>\n<\/ul>\n<\/li>\n<\/ul>\n<p>\n\tIga teemat tuleks alustada vastava videoloengu vaatamisega (10\u201325 min). Nende videote p\u00f5hieesm\u00e4rk on anda vaid idee, millised v\u00f5imalused ja p\u00f5him\u00f5tted \u00fcldse eksisteerivad, seet\u00f5ttu on video juures sageli ka veebilingid lisateabele, mida v\u00f5ib m\u00f5ne kodut\u00f6\u00f6 juures ka tarvis minna.\n<\/p>\n<p>\n\tIga n\u00e4dala l\u00f5puks tuleb Moodles \u00fcles laadida vastava n\u00e4dala kodut\u00f6\u00f6(de) lahendus(ed).<\/p>\n","protected":false},"excerpt":{"rendered":"<p>Aineprogramm n\u00e4dalate kaupa: I n\u00e4dal 1. Tarkvara installeerimine 2. \u00dclevaade Jupyteri keskkonnast 3. Lihtsaimad arvutused (Pythoni p\u00f5hivahendite meeldetuletamine) Kodut\u00f6\u00f6d 1a ja 1b II n\u00e4dal 4. Dokumentide kujundamine Jupyteris m\u00e4rgenduskeeltega Markdown, HTML ja LaTeX Kodut\u00f6\u00f6 2 III n\u00e4dal 5. Operatsioonid massiividega, &#8230;<\/p>\n","protected":false},"author":232,"featured_media":0,"parent":0,"menu_order":0,"comment_status":"closed","ping_status":"closed","template":"","meta":{"_acf_changed":false,"inline_featured_image":false,"footnotes":""},"class_list":["post-11","page","type-page","status-publish","hentry"],"acf":[],"_links":{"self":[{"href":"https:\/\/sisu.ut.ee\/jupyter\/wp-json\/wp\/v2\/pages\/11","targetHints":{"allow":["GET"]}}],"collection":[{"href":"https:\/\/sisu.ut.ee\/jupyter\/wp-json\/wp\/v2\/pages"}],"about":[{"href":"https:\/\/sisu.ut.ee\/jupyter\/wp-json\/wp\/v2\/types\/page"}],"author":[{"embeddable":true,"href":"https:\/\/sisu.ut.ee\/jupyter\/wp-json\/wp\/v2\/users\/232"}],"replies":[{"embeddable":true,"href":"https:\/\/sisu.ut.ee\/jupyter\/wp-json\/wp\/v2\/comments?post=11"}],"version-history":[{"count":1,"href":"https:\/\/sisu.ut.ee\/jupyter\/wp-json\/wp\/v2\/pages\/11\/revisions"}],"predecessor-version":[{"id":28,"href":"https:\/\/sisu.ut.ee\/jupyter\/wp-json\/wp\/v2\/pages\/11\/revisions\/28"}],"wp:attachment":[{"href":"https:\/\/sisu.ut.ee\/jupyter\/wp-json\/wp\/v2\/media?parent=11"}],"curies":[{"name":"wp","href":"https:\/\/api.w.org\/{rel}","templated":true}]}}