{"id":99,"date":"2024-04-04T02:50:43","date_gmt":"2024-04-03T23:50:43","guid":{"rendered":"https:\/\/sisu.ut.ee\/juhendid\/sonumid\/"},"modified":"2024-04-04T02:55:42","modified_gmt":"2024-04-03T23:55:42","slug":"sonumid","status":"publish","type":"page","link":"https:\/\/sisu.ut.ee\/juhendid\/sonumid\/","title":{"rendered":"S\u00f5numid"},"content":{"rendered":"<p>\n\tS\u00f5numid on m\u00f5eldud privaatsete teadete vahetamiseks ja neid on v\u00f5imalik saata mitte ainult \u00fche kursuse raames, vaid k\u00f5igile Moodle\u2019i keskkonnas olevatele inimestele. S<span data-mce-mark=\"1\">\u00f5numite ploki saab iga\u00a0kasutaja\u00a0avada\u00a0ja sulgeda Moodle\u2019i \u00fclaribal olevast <em>jutumulli-nupust<\/em>.<\/span>\n<\/p>\n<p style=\"text-align: center\">\n\t<img loading=\"lazy\" decoding=\"async\" width=\"467\" height=\"51\" class=\"alignnone wp-image-640\" src=\"https:\/\/sisu.ut.ee\/wp-content\/uploads\/sites\/177\/sonumid.png\" title=\"sonumid.png\" alt=\"S\u00f5numid\" srcset=\"https:\/\/sisu.ut.ee\/wp-content\/uploads\/sites\/177\/sonumid.png 467w, https:\/\/sisu.ut.ee\/wp-content\/uploads\/sites\/177\/sonumid-300x33.png 300w\" sizes=\"auto, (max-width: 467px) 100vw, 467px\">\n<\/p>\n<h3>\n\t<img loading=\"lazy\" decoding=\"async\" width=\"339\" height=\"358\" class=\"alignnone wp-image-641\" style=\"float: right\" src=\"https:\/\/sisu.ut.ee\/wp-content\/uploads\/sites\/177\/sonum2_01.png\" title=\"sonum2_01.png\" alt=\"S\u00f5num\" srcset=\"https:\/\/sisu.ut.ee\/wp-content\/uploads\/sites\/177\/sonum2_01.png 339w, https:\/\/sisu.ut.ee\/wp-content\/uploads\/sites\/177\/sonum2_01-284x300.png 284w\" sizes=\"auto, (max-width: 339px) 100vw, 339px\">S\u00f5numi saatmiseks:<br>\n<\/h3>\n<ul>\n<li>\n\t\tsisestage s\u00f5numiploki otsingulahtrisse inimese nimi ja kl\u00f5psake klaviatuuril <em>Enter<\/em>\n\t<\/li>\n<li>\n\t\tkl\u00f5psake inimese nimel\u00a0\n\t<\/li>\n<li>\n\t\tsisestage s\u00f5numi tekst s\u00f5numiploki allosas olevasse tekstilahtrisse\n\t<\/li>\n<li>\n\t\tkl\u00f5psake s\u00f5numi edastamiseks tekstilahtri k\u00f5rval <em>paberlennuki-nuppu<\/em>\n\t<\/li>\n<\/ul>\n<p>\n\tS\u00f5numit saate saata ka kl\u00f5psates suvalisel lehel kasutaja nimel v\u00f5i fotol ja seej\u00e4rel <em>jutumulli-nupul<\/em>.\n<\/p>\n<p>\n\t<img loading=\"lazy\" decoding=\"async\" width=\"565\" height=\"120\" class=\"alignnone wp-image-642\" src=\"https:\/\/sisu.ut.ee\/wp-content\/uploads\/sites\/177\/sonum3.png\" title=\"sonum3.png\" alt=\"S\u00f5num\" srcset=\"https:\/\/sisu.ut.ee\/wp-content\/uploads\/sites\/177\/sonum3.png 565w, https:\/\/sisu.ut.ee\/wp-content\/uploads\/sites\/177\/sonum3-300x64.png 300w\" sizes=\"auto, (max-width: 565px) 100vw, 565px\">\n<\/p>\n<h3>\n\tTeile\u00a0saadetud s\u00f5numite avamiseks:<br>\n<\/h3>\n<ul>\n<li>\n\t\tkl\u00f5psake s\u00f5numite plokis <em>jutumulli-nupul\u00a0<\/em><img loading=\"lazy\" decoding=\"async\" width=\"39\" height=\"38\" class=\"alignnone wp-image-643\" src=\"https:\/\/sisu.ut.ee\/wp-content\/uploads\/sites\/177\/sonum4.png\" title=\"sonum4.png\" alt=\"S\u00f5num\">\n\t<\/li>\n<li>\n\t\tn\u00e4ete teile saadetud s\u00f5numit\n\t<\/li>\n<li>\n\t\tkl\u00f5psates s\u00f5numil\u00a0saate sellele vastata\n\t<\/li>\n<\/ul>\n<p>\n\t<img loading=\"lazy\" decoding=\"async\" width=\"401\" height=\"130\" class=\"alignnone wp-image-644\" style=\"width: 339px;height: 110px\" src=\"https:\/\/sisu.ut.ee\/wp-content\/uploads\/sites\/177\/sonum5.png\" title=\"sonum5.png\" alt=\"S\u00f5num\" srcset=\"https:\/\/sisu.ut.ee\/wp-content\/uploads\/sites\/177\/sonum5.png 401w, https:\/\/sisu.ut.ee\/wp-content\/uploads\/sites\/177\/sonum5-300x97.png 300w\" sizes=\"auto, (max-width: 401px) 100vw, 401px\">\n<\/p>\n<p>\n\tKord juba kontaktide nimekirja lisatud inimesele s\u00f5numi saatmiseks ei tule teda enam uuesti otsida, vaid saab kohe s\u00f5numi saata, kl\u00f5psates tema nimel kontaktide nimekirjas.\u00a0\n<\/p>\n<p>\n\tOma s\u00f5numite \u00fcldseadete m\u00e4\u00e4ramine toimub <em>Enda nimi \u2013 Eelistused\u00a0<em>\u2013 \u00a0S\u00f5numieelistused<\/em><\/em>. Sealt saate m\u00e4\u00e4rata, kuidas toimub teie teadete edastamine.\n<\/p>\n<p>\n\t\u00d5ppej\u00f5ul on v\u00f5imalik saata oma kursusel ka\u00a0korraga k\u00f5igile (v\u00f5i osale) \u00f5ppijatele \u00fchiss\u00f5numit.\n<\/p>\n<h3>\n\t\u00dchiss\u00f5numi saatmiseks:<br>\n<\/h3>\n<ul>\n<li>\n\t\tkl\u00f5psake kursusel plokis\u00a0<em>Inimesed<\/em>\u00a0\u2013\u00a0<em>Osalejad<\/em>\n\t<\/li>\n<li>\n\t\tm\u00e4rgistage adressaadid (nt nupp\u00a0<em>Vali k\u00f5ik<\/em>\u00a0nimekirja l\u00f5pus v\u00f5i avades k\u00f5igi osalejate nimekirja ja m\u00e4rkides \u00e4ra sealt soovitud kasutajad)\n\t<\/li>\n<li>\n\t\tvalige <em>M\u00e4rgitud kasutajatega \u2026<\/em> \u2013\u00a0<em>Saada s\u00f5num<\/em>\n\t<\/li>\n<\/ul>\n","protected":false},"excerpt":{"rendered":"<p>S\u00f5numid on m\u00f5eldud privaatsete teadete vahetamiseks ja neid on v\u00f5imalik saata mitte ainult \u00fche kursuse raames, vaid k\u00f5igile Moodle\u2019i keskkonnas olevatele inimestele. S\u00f5numite ploki saab iga\u00a0kasutaja\u00a0avada\u00a0ja sulgeda Moodle\u2019i \u00fclaribal olevast jutumulli-nupust. S\u00f5numi saatmiseks: sisestage s\u00f5numiploki otsingulahtrisse inimese nimi ja kl\u00f5psake &#8230;<\/p>\n","protected":false},"author":6,"featured_media":0,"parent":0,"menu_order":0,"comment_status":"closed","ping_status":"closed","template":"","meta":{"_acf_changed":false,"inline_featured_image":false,"footnotes":""},"class_list":["post-99","page","type-page","status-publish","hentry"],"acf":[],"_links":{"self":[{"href":"https:\/\/sisu.ut.ee\/juhendid\/wp-json\/wp\/v2\/pages\/99","targetHints":{"allow":["GET"]}}],"collection":[{"href":"https:\/\/sisu.ut.ee\/juhendid\/wp-json\/wp\/v2\/pages"}],"about":[{"href":"https:\/\/sisu.ut.ee\/juhendid\/wp-json\/wp\/v2\/types\/page"}],"author":[{"embeddable":true,"href":"https:\/\/sisu.ut.ee\/juhendid\/wp-json\/wp\/v2\/users\/6"}],"replies":[{"embeddable":true,"href":"https:\/\/sisu.ut.ee\/juhendid\/wp-json\/wp\/v2\/comments?post=99"}],"version-history":[{"count":1,"href":"https:\/\/sisu.ut.ee\/juhendid\/wp-json\/wp\/v2\/pages\/99\/revisions"}],"predecessor-version":[{"id":1752,"href":"https:\/\/sisu.ut.ee\/juhendid\/wp-json\/wp\/v2\/pages\/99\/revisions\/1752"}],"wp:attachment":[{"href":"https:\/\/sisu.ut.ee\/juhendid\/wp-json\/wp\/v2\/media?parent=99"}],"curies":[{"name":"wp","href":"https:\/\/api.w.org\/{rel}","templated":true}]}}