{"id":90,"date":"2024-04-04T02:50:42","date_gmt":"2024-04-03T23:50:42","guid":{"rendered":"https:\/\/sisu.ut.ee\/juhendid\/pildialbum\/"},"modified":"2024-04-11T10:28:34","modified_gmt":"2024-04-11T07:28:34","slug":"pildialbum","status":"publish","type":"page","link":"https:\/\/sisu.ut.ee\/juhendid\/pildialbum\/","title":{"rendered":"Pildialbum"},"content":{"rendered":"<p>\n\tPildialbumisse on mugav koondada kursuse v\u00f5i konkreetse teemaga seotud pildimaterjal.\n<\/p>\n<h3 style=\"font-family: 'Open Sans', sans-serif;color: #565656\">\n\t<img loading=\"lazy\" decoding=\"async\" width=\"180\" height=\"317\" class=\"alignnone wp-image-609\" style=\"float: right\" src=\"https:\/\/sisu.ut.ee\/wp-content\/uploads\/sites\/177\/pildialbum2.png\" title=\"pildialbum2.png\" alt=\"pildialbum2.png\" srcset=\"https:\/\/sisu.ut.ee\/wp-content\/uploads\/sites\/177\/pildialbum2.png 180w, https:\/\/sisu.ut.ee\/wp-content\/uploads\/sites\/177\/pildialbum2-170x300.png 170w\" sizes=\"auto, (max-width: 180px) 100vw, 180px\"><br>\n<\/h3>\n<h3>\n\tPildialbumi lisamiseks kursuse avalehele:<br>\n<\/h3>\n<ul>\n<li>\n\t\tvalige lingist\u00a0<em>Lisa vahend v\u00f5i tegevus<\/em>\u00a0avanevast aknast\u00a0<em>Pildialbum<\/em>\n\t<\/li>\n<li>\n\t\tsisestage pildialbumile nimi (pealkiri) ning kirjeldus\n\t<\/li>\n<li>\n\t\tm\u00e4\u00e4rakse piltide n\u00e4itamise seaded ja salvestage\n\t<\/li>\n<li>\n\t\tseadete muutmiseks kl\u00f5psake albumi paremas \u00fclanurgas nuppu <em>Salvesta ja kuva<\/em>\n\t<\/li>\n<\/ul>\n<h3>\n\tPiltide lisamiseks pildialbumisse:<br>\n<\/h3>\n<ul>\n<li>\n\t\tavage kursusele lisatud <em>Pildialbum<\/em> sellel klikkides\n\t<\/li>\n<li>\n\t\tkl\u00f5psake nuppu<em> Luba muutmine<\/em>\n\t<\/li>\n<li>\n\t\tkl\u00f5psake albumi vasakus alanurgas lingil<em> Lisa pilt<\/em>\n\t<\/li>\n<li>\n\t\tvalige v\u00f5i lohistage pildifail lahtrisse<em> Fail<\/em>\n\t<\/li>\n<\/ul>\n<p>\n\tAlbumisse lisatud pildiga toimetamiseks:\n<\/p>\n<ul>\n<li>\n\t\tavage kursusele lisatud\u00a0<em>Pildialbum<\/em>\u00a0sellel klikkides\n\t<\/li>\n<li>\n\t\tkl\u00f5psake nuppu<em>\u00a0Luba muutmine<\/em>\n\t<\/li>\n<li>\n\t\tvalige pildi all olevast rippmen\u00fc\u00fcst soovitud toiming\n\t<\/li>\n<\/ul>\n<h5>\n\tNB! Vaikimisi n\u00e4idatakse pildi pealkirjana failinime ilma laiendita.<br>\n<\/h5>\n","protected":false},"excerpt":{"rendered":"<p>Pildialbumisse on mugav koondada kursuse v\u00f5i konkreetse teemaga seotud pildimaterjal. Pildialbumi lisamiseks kursuse avalehele: valige lingist\u00a0Lisa vahend v\u00f5i tegevus\u00a0avanevast aknast\u00a0Pildialbum sisestage pildialbumile nimi (pealkiri) ning kirjeldus m\u00e4\u00e4rakse piltide n\u00e4itamise seaded ja salvestage seadete muutmiseks kl\u00f5psake albumi paremas \u00fclanurgas nuppu Salvesta &#8230;<\/p>\n","protected":false},"author":6,"featured_media":0,"parent":0,"menu_order":0,"comment_status":"closed","ping_status":"closed","template":"","meta":{"_acf_changed":false,"inline_featured_image":false,"footnotes":""},"class_list":["post-90","page","type-page","status-publish","hentry"],"acf":[],"_links":{"self":[{"href":"https:\/\/sisu.ut.ee\/juhendid\/wp-json\/wp\/v2\/pages\/90","targetHints":{"allow":["GET"]}}],"collection":[{"href":"https:\/\/sisu.ut.ee\/juhendid\/wp-json\/wp\/v2\/pages"}],"about":[{"href":"https:\/\/sisu.ut.ee\/juhendid\/wp-json\/wp\/v2\/types\/page"}],"author":[{"embeddable":true,"href":"https:\/\/sisu.ut.ee\/juhendid\/wp-json\/wp\/v2\/users\/6"}],"replies":[{"embeddable":true,"href":"https:\/\/sisu.ut.ee\/juhendid\/wp-json\/wp\/v2\/comments?post=90"}],"version-history":[{"count":1,"href":"https:\/\/sisu.ut.ee\/juhendid\/wp-json\/wp\/v2\/pages\/90\/revisions"}],"predecessor-version":[{"id":1761,"href":"https:\/\/sisu.ut.ee\/juhendid\/wp-json\/wp\/v2\/pages\/90\/revisions\/1761"}],"wp:attachment":[{"href":"https:\/\/sisu.ut.ee\/juhendid\/wp-json\/wp\/v2\/media?parent=90"}],"curies":[{"name":"wp","href":"https:\/\/api.w.org\/{rel}","templated":true}]}}