{"id":88,"date":"2024-04-04T02:50:42","date_gmt":"2024-04-03T23:50:42","guid":{"rendered":"https:\/\/sisu.ut.ee\/juhendid\/8-testikusimuste-lisamine\/"},"modified":"2024-08-21T16:03:10","modified_gmt":"2024-08-21T13:03:10","slug":"8-testikusimuste-lisamine","status":"publish","type":"page","link":"https:\/\/sisu.ut.ee\/juhendid\/8-testikusimuste-lisamine\/","title":{"rendered":"8. Testik\u00fcsimuste, YouTube video ning veebilehe lisamine"},"content":{"rendered":"<h2>\n<\/h2><p>A. Testik\u00fcsimuste lisamine, vastamine ja tulemuste vaatamine\n<\/p><p>Panoptos on v\u00f5imalik igale salvestatud videole lisada interaktiivseid testik\u00fcsimusi: \u00f5ige\/vale, \u00fche \u00f5ige valikvastusega, mitme \u00f5ige valikvastusega ja teksti sisestamisega. Vt demo-videot:\u00a0<a href=\"https:\/\/www.youtube.com\/watch?v=_8GDUOyG2Zc\" target=\"_blank\" rel=\"noopener\">https:\/\/www.youtube.com\/watch?v=_8GDUOyG2Zc<\/a>.<\/p>\n<h5>NB! Videos olevaid testik\u00fcsimusi n\u00e4idatakse vaid \u00f5ppijatele, kes on Panoptosse sisenenud. J\u00e4lgige, et Panoptos oleks vastava video vaatamise \u00f5igused jagatud\u00a0<em>Anyone at your organization<\/em> v\u00f5i\u00a0<em>Specific people<\/em>.<\/h5>\n<h3>1. Testik\u00fcsimuste lisamiseks minge Panopto veebikeskkonnas salvestatud video monteerimisre\u017eiimi (<em style=\"color: inherit; font-family: inherit;\">Edit<\/em>), kerige video kohta, kuhu soovite t\u00e4pselt testik\u00fcsimust lisada ja kl\u00f5psake vasakus servas <em style=\"color: inherit; font-family: inherit;\">Quizzes<\/em> v\u00f5i nupul\u00a0<img loading=\"lazy\" decoding=\"async\" width=\"24\" height=\"25\" class=\"alignnone wp-image-595\" title=\"add-quiz.png\" src=\"https:\/\/sisu.ut.ee\/wp-content\/uploads\/sites\/177\/add-quiz.png\" alt=\"add-quiz.png\"> .<\/h3>\n<p>Uue k\u00fcsimuse lisamiseks kl\u00f5psake <em style=\"color: inherit; font-family: inherit;\">Add a Quiz<\/em>. Vaikimisi lisatakse k\u00fcsimus sellele ajale, kus te hetkel videos ajajoonel olete. Hiljem saate k\u00fcsimuse algusaega vajadusel muuta.<\/p>\n<p><img loading=\"lazy\" decoding=\"async\" width=\"455\" height=\"250\" class=\"alignnone wp-image-594\" style=\"margin-left: auto; margin-right: auto; border: 1px solid #eee;\" title=\"toimeti-uus3.png\" src=\"https:\/\/sisu.ut.ee\/wp-content\/uploads\/sites\/177\/toimeti-uus3.png\" alt=\"toimeti-uus3.png\" srcset=\"https:\/\/sisu.ut.ee\/wp-content\/uploads\/sites\/177\/toimeti-uus3.png 455w, https:\/\/sisu.ut.ee\/wp-content\/uploads\/sites\/177\/toimeti-uus3-300x165.png 300w\" sizes=\"auto, (max-width: 455px) 100vw, 455px\"><\/p>\n<h3>2. Valige k\u00fcsimuse t\u00fc\u00fcp ning sisestage k\u00fcsimus ja vastused.<\/h3>\n<p>\u00d5ige vastus m\u00e4rkige hiirega klikkides. Kohe j\u00e4rgmise k\u00fcsimuse lisamiseks kl\u00f5psake <em>Add a Question<\/em>. L\u00f5petamiseks kl\u00f5psake <em>Done<\/em>.<\/p>\n<p><img loading=\"lazy\" decoding=\"async\" width=\"1014\" height=\"616\" class=\"alignnone wp-image-599\" title=\"879.png\" src=\"https:\/\/sisu.ut.ee\/wp-content\/uploads\/sites\/177\/879.png\" alt=\"add a question\" srcset=\"https:\/\/sisu.ut.ee\/wp-content\/uploads\/sites\/177\/879.png 1014w, https:\/\/sisu.ut.ee\/wp-content\/uploads\/sites\/177\/879-300x182.png 300w, https:\/\/sisu.ut.ee\/wp-content\/uploads\/sites\/177\/879-768x467.png 768w\" sizes=\"auto, (max-width: 1014px) 100vw, 1014px\"><\/p>\n<h3>3. M\u00e4\u00e4rake k\u00fcsimuse algusaeg <em>Quiz Position<\/em>\u00a0 ja seaded.<\/h3>\n<p>Seadetes saab m\u00e4\u00e4rata, kas video vaataja saab testik\u00fcsimusele korduvalt vastata, kas p\u00e4rast vastamist n\u00e4idatakse talle hinnet, \u00f5iget vastust ja selgitust, kas video edasi vaatamine on ilma k\u00fcsimusele vastamata blokeeritud.<\/p>\n<p><img loading=\"lazy\" decoding=\"async\" width=\"500\" height=\"379\" class=\"alignnone wp-image-588\" style=\"margin-left: auto; margin-right: auto; border: 1px solid #eee;\" title=\"test2.png\" src=\"https:\/\/sisu.ut.ee\/wp-content\/uploads\/sites\/177\/test2.png\" alt=\"test2.png\" srcset=\"https:\/\/sisu.ut.ee\/wp-content\/uploads\/sites\/177\/test2.png 500w, https:\/\/sisu.ut.ee\/wp-content\/uploads\/sites\/177\/test2-300x227.png 300w\" sizes=\"auto, (max-width: 500px) 100vw, 500px\"><\/p>\n<h3>4. P\u00e4rast k\u00f5igi k\u00fcsimuste lisamist avaldage video paremas \u00fclanurgas asuvast nupust <em>Publish<\/em>.<\/h3>\n<h3>5. Vaadake video koos testik\u00fcsimustega \u00fcle.<\/h3>\n<h3>Testik\u00fcsimustele vastamine<\/h3>\n<p>Videot vaadates ilmub m\u00e4\u00e4ratud hetkel ekraanile k\u00fcsimus, millele saab vastata hiirega klikkides.<\/p>\n<p><img loading=\"lazy\" decoding=\"async\" width=\"500\" height=\"326\" class=\"alignnone wp-image-592\" style=\"margin-left: auto; margin-right: auto; border: 1px solid #eee;\" title=\"testile_vastamine0.png\" src=\"https:\/\/sisu.ut.ee\/wp-content\/uploads\/sites\/177\/testile_vastamine0.png\" alt=\"testile_vastamine0.png\" srcset=\"https:\/\/sisu.ut.ee\/wp-content\/uploads\/sites\/177\/testile_vastamine0.png 500w, https:\/\/sisu.ut.ee\/wp-content\/uploads\/sites\/177\/testile_vastamine0-300x196.png 300w\" sizes=\"auto, (max-width: 500px) 100vw, 500px\"><\/p>\n<p>P\u00e4rast vastamist (kui seadetes on nii m\u00e4\u00e4ratud) n\u00e4eb \u00f5ppija enda tulemust, saab vastata uuesti, vaadata \u00f5iget vastust koos selgitusega v\u00f5i vaadata videot edasi.<\/p>\n<p><img loading=\"lazy\" decoding=\"async\" width=\"342\" height=\"405\" class=\"alignnone wp-image-589\" style=\"margin-left: auto; margin-right: auto; border: 1px solid #eee;\" title=\"testile_vastamine1.png\" src=\"https:\/\/sisu.ut.ee\/wp-content\/uploads\/sites\/177\/testile_vastamine1.png\" alt=\"testile_vastamine1.png\" srcset=\"https:\/\/sisu.ut.ee\/wp-content\/uploads\/sites\/177\/testile_vastamine1.png 342w, https:\/\/sisu.ut.ee\/wp-content\/uploads\/sites\/177\/testile_vastamine1-253x300.png 253w\" sizes=\"auto, (max-width: 342px) 100vw, 342px\"><\/p>\n<h5>NB! Valesti vastamine ei takista \u00f5ppijal videot edasi vaadata.<\/h5>\n<h3>Testi tulemuste vaatamine<\/h3>\n<p>Testi tulemusi n\u00e4ete Panopto veebikeskkonnas. Selleks peate kl\u00f5psama enda video juures <em>Settings<\/em>.<\/p>\n<p><img loading=\"lazy\" decoding=\"async\" width=\"638\" height=\"178\" class=\"alignnone wp-image-600\" title=\"987.jpg\" src=\"https:\/\/sisu.ut.ee\/wp-content\/uploads\/sites\/177\/987.jpg\" alt=\"settings\" srcset=\"https:\/\/sisu.ut.ee\/wp-content\/uploads\/sites\/177\/987.jpg 638w, https:\/\/sisu.ut.ee\/wp-content\/uploads\/sites\/177\/987-300x84.jpg 300w\" sizes=\"auto, (max-width: 638px) 100vw, 638px\"><\/p>\n<p>Avaneval lehel tuleb valida vasakust men\u00fc\u00fcst <em>Quiz Results<\/em>. Teile n\u00e4idatakse koondtulemusi <em>Quiz Results Summary <\/em>ning tulemusi ka vastajate kaupa (<em>Detailed Results<\/em>). Vastajaid n\u00e4ete nende kasutajatunnustega. Kasutajatunnusel klikkides n\u00e4ete tema parima tulemuse vastust.<\/p>\n<p><img loading=\"lazy\" decoding=\"async\" width=\"793\" height=\"548\" class=\"alignnone wp-image-601\" title=\"6541.jpg\" src=\"https:\/\/sisu.ut.ee\/wp-content\/uploads\/sites\/177\/6541.jpg\" alt=\"quiz results\" srcset=\"https:\/\/sisu.ut.ee\/wp-content\/uploads\/sites\/177\/6541.jpg 793w, https:\/\/sisu.ut.ee\/wp-content\/uploads\/sites\/177\/6541-300x207.jpg 300w, https:\/\/sisu.ut.ee\/wp-content\/uploads\/sites\/177\/6541-768x531.jpg 768w\" sizes=\"auto, (max-width: 793px) 100vw, 793px\"><\/p>\n<h2>B. YouTube video lisamine<\/h2>\n<p>Video lisamiseks kerige enda salvestatud video kohta, kuhu soovite YouTube videot lisada ja kl\u00f5psake nuppu\u00a0<img loading=\"lazy\" decoding=\"async\" width=\"29\" height=\"24\" class=\"alignnone wp-image-596\" title=\"add-video.png\" src=\"https:\/\/sisu.ut.ee\/wp-content\/uploads\/sites\/177\/add-video.png\" alt=\"add-video.png\">.<\/p>\n<p><img loading=\"lazy\" decoding=\"async\" width=\"455\" height=\"250\" class=\"alignnone wp-image-597\" style=\"margin-left: auto; margin-right: auto; border: 1px solid #eee;\" title=\"toimeti-uus4.png\" src=\"https:\/\/sisu.ut.ee\/wp-content\/uploads\/sites\/177\/toimeti-uus4.png\" alt=\"toimeti-uus4.png\" srcset=\"https:\/\/sisu.ut.ee\/wp-content\/uploads\/sites\/177\/toimeti-uus4.png 455w, https:\/\/sisu.ut.ee\/wp-content\/uploads\/sites\/177\/toimeti-uus4-300x165.png 300w\" sizes=\"auto, (max-width: 455px) 100vw, 455px\"><\/p>\n<p>Sisestage avanevas aknas YouTube video veebiaadress (Link),\u00a0korrigeerige vajadusel aega (<em>Time<\/em>)\u00a0ning soovi korral \u00f5ppijale n\u00e4idatava l\u00f5igu algus ja l\u00f5pp (<em>Start, End<\/em>).<\/p>\n<h2>C. Veebilehe lisamine<\/h2>\n<p>Veebilehe lisamiseks kerige enda salvestatud video kohta, kuhu soovite veebilehte lisada ja kl\u00f5psake nuppu\u00a0<img loading=\"lazy\" decoding=\"async\" width=\"27\" height=\"22\" class=\"alignnone wp-image-598\" title=\"add-veb.png\" src=\"https:\/\/sisu.ut.ee\/wp-content\/uploads\/sites\/177\/add-veb.png\" alt=\"add-veb.png\">.<\/p>\n<p>Sisestage avanevas aknas veebilehe pealkiri (<em>Title<\/em>), korrigeerige vajadusel aega (<em>Time<\/em>) ja lisage veebiaadress (<em>Link<\/em>).<\/p>\n","protected":false},"excerpt":{"rendered":"<p>A. Testik\u00fcsimuste lisamine, vastamine ja tulemuste vaatamine Panoptos on v\u00f5imalik igale salvestatud videole lisada interaktiivseid testik\u00fcsimusi: \u00f5ige\/vale, \u00fche \u00f5ige valikvastusega, mitme \u00f5ige valikvastusega ja teksti sisestamisega. Vt demo-videot:\u00a0https:\/\/www.youtube.com\/watch?v=_8GDUOyG2Zc. NB! Videos olevaid testik\u00fcsimusi n\u00e4idatakse vaid \u00f5ppijatele, kes on Panoptosse sisenenud. J\u00e4lgige, &#8230;<\/p>\n","protected":false},"author":6,"featured_media":0,"parent":0,"menu_order":0,"comment_status":"closed","ping_status":"closed","template":"","meta":{"_acf_changed":false,"inline_featured_image":false,"footnotes":""},"class_list":["post-88","page","type-page","status-publish","hentry"],"acf":[],"_links":{"self":[{"href":"https:\/\/sisu.ut.ee\/juhendid\/wp-json\/wp\/v2\/pages\/88","targetHints":{"allow":["GET"]}}],"collection":[{"href":"https:\/\/sisu.ut.ee\/juhendid\/wp-json\/wp\/v2\/pages"}],"about":[{"href":"https:\/\/sisu.ut.ee\/juhendid\/wp-json\/wp\/v2\/types\/page"}],"author":[{"embeddable":true,"href":"https:\/\/sisu.ut.ee\/juhendid\/wp-json\/wp\/v2\/users\/6"}],"replies":[{"embeddable":true,"href":"https:\/\/sisu.ut.ee\/juhendid\/wp-json\/wp\/v2\/comments?post=88"}],"version-history":[{"count":4,"href":"https:\/\/sisu.ut.ee\/juhendid\/wp-json\/wp\/v2\/pages\/88\/revisions"}],"predecessor-version":[{"id":3789,"href":"https:\/\/sisu.ut.ee\/juhendid\/wp-json\/wp\/v2\/pages\/88\/revisions\/3789"}],"wp:attachment":[{"href":"https:\/\/sisu.ut.ee\/juhendid\/wp-json\/wp\/v2\/media?parent=88"}],"curies":[{"name":"wp","href":"https:\/\/api.w.org\/{rel}","templated":true}]}}