{"id":83,"date":"2024-04-04T02:50:41","date_gmt":"2024-04-03T23:50:41","guid":{"rendered":"https:\/\/sisu.ut.ee\/juhendid\/vaatamise-oigused\/"},"modified":"2024-08-21T15:48:00","modified_gmt":"2024-08-21T12:48:00","slug":"vaatamise-oigused","status":"publish","type":"page","link":"https:\/\/sisu.ut.ee\/juhendid\/vaatamise-oigused\/","title":{"rendered":"6. Vaatamis\u00f5iguste m\u00e4\u00e4ramine"},"content":{"rendered":"<p>Panoptos on v\u00f5imalik igale loodud videole m\u00e4\u00e4rata erinevad vaatamis\u00f5igused, millega m\u00e4\u00e4ratakse hiljem juurdep\u00e4\u00e4s kasutajale. Kokku on v\u00f5imalik kasutada viite erinevat t\u00fc\u00fcpi vaatamis\u00f5igusi, mida saab ka vajadusel omavahel kombineerida.<\/p>\n<h5>NB! Vaikimisi m\u00e4\u00e4ratud seadetega n\u00e4evad Moodle\u2019i Panopto ploki kaudu salvestades videosid vaid antud e-kursusele lisatud \u00f5ppijad.<\/h5>\n<h3><strong>Vaatamis\u00f5iguste m\u00e4\u00e4ramiseks:<\/strong><\/h3>\n<ol>\n<li>sisenege Panopto serveris video kausta<\/li>\n<li>kl\u00f5psake video v\u00f5i terve kausta juures <em>Share\u00a0<\/em>nupul.<\/li>\n<li>m\u00e4\u00e4rake men\u00fc\u00fcs <em>Who can\u00a0access\u2026<\/em> sobivad \u00f5igused kl\u00f5psates <em>Change<\/em> nupul.<\/li>\n<\/ol>\n<p style=\"text-align: center;\"><img loading=\"lazy\" decoding=\"async\" width=\"838\" height=\"914\" class=\"alignnone wp-image-566\" title=\"panopto-share.png\" src=\"https:\/\/sisu.ut.ee\/wp-content\/uploads\/sites\/177\/panopto-share.png\" alt=\"Panopto Share permissions\" srcset=\"https:\/\/sisu.ut.ee\/wp-content\/uploads\/sites\/177\/panopto-share.png 838w, https:\/\/sisu.ut.ee\/wp-content\/uploads\/sites\/177\/panopto-share-275x300.png 275w, https:\/\/sisu.ut.ee\/wp-content\/uploads\/sites\/177\/panopto-share-768x838.png 768w\" sizes=\"auto, (max-width: 838px) 100vw, 838px\"><\/p>\n<ul>\n<li><strong><em>Restricted<\/em><\/strong>\u00a0\u2013 vaatamis\u00f5igused antakse m\u00e4\u00e4ratud kasutajatele.\n<ul>\n<li>Moodle\u2019i Panopto ploki kaudu loodud kaust lisab k\u00f5ik kursusel olevad \u00f5ppijad vastava vaatamis\u00f5igusega (::Viewers), ehk salvestatud videotele p\u00e4\u00e4sevad ligi vaid antud e-kursusel osalejad. Lisaks lisatakse \u00f5ppej\u00f5ud sisuloojatena (::Creators) ning kui eraldi on m\u00e4\u00e4ratud avalikustajad (::Publishers).<\/li>\n<\/ul>\n<\/li>\n<li><strong><em>Your Organization (unlisted)<\/em><\/strong>\u00a0\u2013 vaatamis\u00f5igused on Tartu \u00dclikooli arvutiv\u00f5rgu v\u00f5i Moodle\u2019i kasutajakontot omavatel liikmetel, kellel on olemas konkreetse video link.<\/li>\n<li><strong><em>Your Organization<\/em><\/strong>\u00a0\u2013 vaatamis\u00f5igused on k\u00f5igil Tartu \u00dclikooli liikmetel.<\/li>\n<li><strong><em>Public (unlisted)<\/em><\/strong> \u2013 vaatamis\u00f5igused on k\u00f5igil, kellel on olemas video link.<\/li>\n<li><em><strong>Public<\/strong>\u00a0\u2013 <\/em>video on\u00a0avalikult k\u00e4ttesaadav.<\/li>\n<\/ul>\n<h5>NB! Kui soovite, et videotele p\u00e4\u00e4seks ligi ka e-kursuse v\u00e4liselt on soovitatav kasutada kas<em>\u00a0Public (unlisted)<\/em>\u00a0v\u00f5i\u00a0<em>Public <\/em>vaatamis\u00f5igust.<\/h5>\n","protected":false},"excerpt":{"rendered":"<p>Panoptos on v\u00f5imalik igale loodud videole m\u00e4\u00e4rata erinevad vaatamis\u00f5igused, millega m\u00e4\u00e4ratakse hiljem juurdep\u00e4\u00e4s kasutajale. Kokku on v\u00f5imalik kasutada viite erinevat t\u00fc\u00fcpi vaatamis\u00f5igusi, mida saab ka vajadusel omavahel kombineerida. NB! Vaikimisi m\u00e4\u00e4ratud seadetega n\u00e4evad Moodle\u2019i Panopto ploki kaudu salvestades videosid vaid &#8230;<\/p>\n","protected":false},"author":6,"featured_media":0,"parent":0,"menu_order":0,"comment_status":"closed","ping_status":"closed","template":"","meta":{"_acf_changed":false,"inline_featured_image":false,"footnotes":""},"class_list":["post-83","page","type-page","status-publish","hentry"],"acf":[],"_links":{"self":[{"href":"https:\/\/sisu.ut.ee\/juhendid\/wp-json\/wp\/v2\/pages\/83","targetHints":{"allow":["GET"]}}],"collection":[{"href":"https:\/\/sisu.ut.ee\/juhendid\/wp-json\/wp\/v2\/pages"}],"about":[{"href":"https:\/\/sisu.ut.ee\/juhendid\/wp-json\/wp\/v2\/types\/page"}],"author":[{"embeddable":true,"href":"https:\/\/sisu.ut.ee\/juhendid\/wp-json\/wp\/v2\/users\/6"}],"replies":[{"embeddable":true,"href":"https:\/\/sisu.ut.ee\/juhendid\/wp-json\/wp\/v2\/comments?post=83"}],"version-history":[{"count":3,"href":"https:\/\/sisu.ut.ee\/juhendid\/wp-json\/wp\/v2\/pages\/83\/revisions"}],"predecessor-version":[{"id":3785,"href":"https:\/\/sisu.ut.ee\/juhendid\/wp-json\/wp\/v2\/pages\/83\/revisions\/3785"}],"wp:attachment":[{"href":"https:\/\/sisu.ut.ee\/juhendid\/wp-json\/wp\/v2\/media?parent=83"}],"curies":[{"name":"wp","href":"https:\/\/api.w.org\/{rel}","templated":true}]}}