{"id":69,"date":"2024-04-04T02:50:40","date_gmt":"2024-04-03T23:50:40","guid":{"rendered":"https:\/\/sisu.ut.ee\/juhendid\/limesurvey-ylevaade\/"},"modified":"2025-06-17T16:26:18","modified_gmt":"2025-06-17T13:26:18","slug":"limesurvey-ylevaade","status":"publish","type":"page","link":"https:\/\/sisu.ut.ee\/juhendid\/limesurvey-ylevaade\/","title":{"rendered":"LimeSurvey \u00fclevaade"},"content":{"rendered":"<p>LimeSurvey (LS) on keskkond veebip\u00f5histe k\u00fcsimustike koostamiseks ja l\u00e4biviimiseks. LS v\u00f5imaldab kasutada 5 erinevat k\u00fcsimuse p\u00f5hit\u00fc\u00fcpi (\u00fche valikuga k\u00fcsimused, maatriksid, mitme valikuga k\u00fcsimused, tekstk\u00fcsimused ja erit\u00fc\u00fcpi k\u00fcsimused), millest iga\u00fche all on veel mitmeid variante. Kokku on 37 erinevat k\u00fcsimuset\u00fc\u00fcpi.<\/p>\n\n\n\n<p>Kogutud vastuseid n\u00e4eb LS tulemuste tabelis ja on v\u00f5imalik eksportida programmi Excel, SPSS v\u00f5i VV. Enda k\u00fcsimustikule v\u00f5ib lisada teisi LS kasutajaid (kes on sinna korra sisenenud) vaatajaks ja ka toimetajaks. K\u00fcsimustike arv, k\u00fcsimuste arv ja vastuste arv on piiramatu.<\/p>\n\n\n\n<p>Ingliskeelne kasutamisjuhend on aadressil <a href=\"http:\/\/manual.limesurvey.org\/\" target=\"_blank\" rel=\"noopener\">http:\/\/manual.limesurvey.org\/<\/a><\/p>\n\n\n\n<h2 class=\"wp-block-heading\" id=\"Sissejuhatus-N\u00e4ide\">N\u00e4ide<\/h2>\n\n\n\n<p>N\u00e4idiskusitlust on v\u00f5imalik vaadata ja t\u00e4ita aadressil\u00a0<a title=\"\" href=\"https:\/\/survey.ut.ee\/index.php\/563338\" target=\"_blank\" rel=\"noopener\" data-url=\"https:\/\/survey.ut.ee\/index.php\/563338\">https:\/\/survey.ut.ee\/index.php\/563338<\/a><\/p>\n\n\n\n<h2 class=\"wp-block-heading\" id=\"Sissejuhatus-K\u00fcsimustikud\">K\u00fcsimustikud<\/h2>\n\n\n\n<p>LS avalehel on kiirvalimisnupp <em><strong>Loo k\u00fcsimustik<\/strong><\/em>, millel kl\u00f5psates p\u00e4\u00e4sete looma uut k\u00fcsimustikku. Samast nupust saate k\u00fcsimustikku ka importida v\u00f5i kopeerida. Sama saate teha ka \u00fclamen\u00fc\u00fcst plussm\u00e4rgiga nupust <strong>+<\/strong>.<\/p>\n\n\n\n<figure class=\"wp-block-image aligncenter\"><img loading=\"lazy\" decoding=\"async\" width=\"1024\" height=\"115\" src=\"https:\/\/sisu.ut.ee\/wp-content\/uploads\/sites\/177\/LS_lookysimustik-e1750163732991-1024x115.png\" alt=\"\" class=\"wp-image-4567\" srcset=\"https:\/\/sisu.ut.ee\/wp-content\/uploads\/sites\/177\/LS_lookysimustik-e1750163732991-1024x115.png 1024w, https:\/\/sisu.ut.ee\/wp-content\/uploads\/sites\/177\/LS_lookysimustik-e1750163732991-300x34.png 300w, https:\/\/sisu.ut.ee\/wp-content\/uploads\/sites\/177\/LS_lookysimustik-e1750163732991-768x86.png 768w, https:\/\/sisu.ut.ee\/wp-content\/uploads\/sites\/177\/LS_lookysimustik-e1750163732991-1536x172.png 1536w, https:\/\/sisu.ut.ee\/wp-content\/uploads\/sites\/177\/LS_lookysimustik-e1750163732991-1920x215.png 1920w, https:\/\/sisu.ut.ee\/wp-content\/uploads\/sites\/177\/LS_lookysimustik-e1750163732991.png 1990w\" sizes=\"auto, (max-width: 1024px) 100vw, 1024px\"><\/figure>\n\n\n\n<p>K\u00f5iki enda loodud v\u00f5i teiega jagatud k\u00fcsimustikke n\u00e4ete k\u00fcsimustike nimekirjas, mis avaneb ka \u00fclamen\u00fc\u00fcst lingist <em><strong>K\u00fcsimustikud<\/strong><\/em>. K\u00fcsimustiku nimekirja vaatamist saab \u00fcmber l\u00fclitada tabeli v\u00f5i maatrikvaatesse paremal \u00fclanurgas olevast nupust.<\/p>\n\n\n\n<figure class=\"wp-block-image aligncenter size-large\"><img loading=\"lazy\" decoding=\"async\" width=\"1024\" height=\"321\" src=\"https:\/\/sisu.ut.ee\/wp-content\/uploads\/sites\/177\/LS_kysimustenimekiri_maatriksina-1024x321.jpg\" alt=\"\" class=\"wp-image-4577\" srcset=\"https:\/\/sisu.ut.ee\/wp-content\/uploads\/sites\/177\/LS_kysimustenimekiri_maatriksina-1024x321.jpg 1024w, https:\/\/sisu.ut.ee\/wp-content\/uploads\/sites\/177\/LS_kysimustenimekiri_maatriksina-300x94.jpg 300w, https:\/\/sisu.ut.ee\/wp-content\/uploads\/sites\/177\/LS_kysimustenimekiri_maatriksina-768x241.jpg 768w, https:\/\/sisu.ut.ee\/wp-content\/uploads\/sites\/177\/LS_kysimustenimekiri_maatriksina-1536x482.jpg 1536w, https:\/\/sisu.ut.ee\/wp-content\/uploads\/sites\/177\/LS_kysimustenimekiri_maatriksina-2048x642.jpg 2048w, https:\/\/sisu.ut.ee\/wp-content\/uploads\/sites\/177\/LS_kysimustenimekiri_maatriksina-1920x602.jpg 1920w\" sizes=\"auto, (max-width: 1024px) 100vw, 1024px\"><\/figure>\n\n\n\n<figure class=\"wp-block-image aligncenter size-large\"><img loading=\"lazy\" decoding=\"async\" width=\"1024\" height=\"177\" src=\"https:\/\/sisu.ut.ee\/wp-content\/uploads\/sites\/177\/LS_kysimustenimekiri_tabelina-1024x177.jpg\" alt=\"\" class=\"wp-image-4573\" srcset=\"https:\/\/sisu.ut.ee\/wp-content\/uploads\/sites\/177\/LS_kysimustenimekiri_tabelina-1024x177.jpg 1024w, https:\/\/sisu.ut.ee\/wp-content\/uploads\/sites\/177\/LS_kysimustenimekiri_tabelina-300x52.jpg 300w, https:\/\/sisu.ut.ee\/wp-content\/uploads\/sites\/177\/LS_kysimustenimekiri_tabelina-768x132.jpg 768w, https:\/\/sisu.ut.ee\/wp-content\/uploads\/sites\/177\/LS_kysimustenimekiri_tabelina-1536x265.jpg 1536w, https:\/\/sisu.ut.ee\/wp-content\/uploads\/sites\/177\/LS_kysimustenimekiri_tabelina-2048x353.jpg 2048w, https:\/\/sisu.ut.ee\/wp-content\/uploads\/sites\/177\/LS_kysimustenimekiri_tabelina-1920x331.jpg 1920w\" sizes=\"auto, (max-width: 1024px) 100vw, 1024px\"><\/figure>\n\n\n\n<p>K\u00fcsimustike nimekirjas kuvatakse k\u00fcsimustiku ID, olek (aktiivne, mitteaktiivne v\u00f5i aegunud), andmed loomise aja ja vastuste kohta. Tabelisse saab viimase tulba nupust lisada juurde tulpasid, n\u00e4iteks omaniku kuvamist.<\/p>\n\n\n\n<p>Iga k\u00fcsimustiku rea alguses on m\u00e4rkeruut ja rea l\u00f5pus kolme punktiga rippmen\u00fc\u00fc nupp seadete\/eelvaate vaatamiseks, kasutaja lisamiseks v\u00f5i k\u00fcsimustiku kustutamiseks. Tegevuse tulbas olevast nupust saab mitteaktiivsesse k\u00fcsimustikku lisada uusi k\u00fcsimusi, k\u00fcsimuste r\u00fchmi ja muuta \u00fcldiseid seadeid ja tekste,<\/p>\n\n\n\n<p>K\u00fcsimustiku nimekirjas saab vastavatele ikoonidele kl\u00f5psates minna muutma k\u00fcsitlust, aktiveerida k\u00fcsitlust v\u00f5i vaadata statistikat (aktiveeritud k\u00fcsimustiku puhul).<\/p>\n\n\n\n<div class=\"wp-block-columns is-layout-flex wp-container-core-columns-is-layout-9d6595d7 wp-block-columns-is-layout-flex\">\n<div class=\"wp-block-column is-layout-flow wp-block-column-is-layout-flow\">\n<figure class=\"wp-block-image aligncenter size-large is-resized\"><img loading=\"lazy\" decoding=\"async\" width=\"322\" height=\"489\" src=\"https:\/\/sisu.ut.ee\/wp-content\/uploads\/sites\/177\/LS_kolmpunkti.png\" alt=\"\" class=\"wp-image-4575\" style=\"width:218px;height:auto\" srcset=\"https:\/\/sisu.ut.ee\/wp-content\/uploads\/sites\/177\/LS_kolmpunkti.png 322w, https:\/\/sisu.ut.ee\/wp-content\/uploads\/sites\/177\/LS_kolmpunkti-198x300.png 198w\" sizes=\"auto, (max-width: 322px) 100vw, 322px\"><\/figure>\n<\/div>\n\n\n\n<div class=\"wp-block-column is-layout-flow wp-block-column-is-layout-flow\">\n<figure class=\"wp-block-image aligncenter size-large is-resized\"><img loading=\"lazy\" decoding=\"async\" width=\"651\" height=\"355\" src=\"https:\/\/sisu.ut.ee\/wp-content\/uploads\/sites\/177\/LS_nupud.png\" alt=\"\" class=\"wp-image-4579\" style=\"width:400px\" srcset=\"https:\/\/sisu.ut.ee\/wp-content\/uploads\/sites\/177\/LS_nupud.png 651w, https:\/\/sisu.ut.ee\/wp-content\/uploads\/sites\/177\/LS_nupud-300x164.png 300w\" sizes=\"auto, (max-width: 651px) 100vw, 651px\"><\/figure>\n<\/div>\n<\/div>\n\n\n\n<h2 class=\"wp-block-heading\" id=\"Sissejuhatus-Men\u00fc\u00fcd\">Men\u00fc\u00fcd<\/h2>\n\n\n\n<p>LS avalehele saate alati \u00fcleval vasakus nurgas oleval nupul UT LimeSurvey logol kl\u00f5psates: <a href=\"https:\/\/sisu.ut.ee\/juhendid\/limesurvey-ylevaade\/ls_vasaknurk\/\" rel=\"attachment wp-att-4038\"><img loading=\"lazy\" decoding=\"async\" class=\"alignnone  wp-image-4038\" src=\"https:\/\/sisu.ut.ee\/wp-content\/uploads\/sites\/177\/LS_vasaknurk.png\" alt=\"\" width=\"164\" height=\"50\"><\/a><\/p>\n\n\n\n<p>K\u00fcsimustiku nimel kl\u00f5psates avaneb k\u00fcsimustik. Vasakul ja \u00fcleval paiknevad k\u00fcsimustiku men\u00fc\u00fcd. Aktiivse ja mitteaktiivse k\u00fcsimustiku \u00fclamen\u00fc\u00fcd erinevad veidi.<\/p>\n\n\n\n<h3 class=\"wp-block-heading\">\u00dclamen\u00fc\u00fcd<\/h3>\n\n\n\n<p>Mitteaktiivse k\u00fcsimustiku \u00fclamen\u00fc\u00fc:<\/p>\n\n\n\n<figure class=\"wp-block-image size-large is-resized\"><img loading=\"lazy\" decoding=\"async\" width=\"1024\" height=\"73\" src=\"https:\/\/sisu.ut.ee\/wp-content\/uploads\/sites\/177\/LS_menuu_mitteaktiivne-1024x73.png\" alt=\"\" class=\"wp-image-4581\" style=\"width:800px\" srcset=\"https:\/\/sisu.ut.ee\/wp-content\/uploads\/sites\/177\/LS_menuu_mitteaktiivne-1024x73.png 1024w, https:\/\/sisu.ut.ee\/wp-content\/uploads\/sites\/177\/LS_menuu_mitteaktiivne-300x21.png 300w, https:\/\/sisu.ut.ee\/wp-content\/uploads\/sites\/177\/LS_menuu_mitteaktiivne-768x55.png 768w, https:\/\/sisu.ut.ee\/wp-content\/uploads\/sites\/177\/LS_menuu_mitteaktiivne.png 1077w\" sizes=\"auto, (max-width: 1024px) 100vw, 1024px\"><\/figure>\n\n\n\n<p>Aktiivse k\u00fcsimustiku \u00fclamen\u00fc\u00fc:<\/p>\n\n\n\n<figure class=\"wp-block-image size-full is-resized\"><img loading=\"lazy\" decoding=\"async\" width=\"991\" height=\"78\" src=\"https:\/\/sisu.ut.ee\/wp-content\/uploads\/sites\/177\/LS_menuu_aktiivne.png\" alt=\"\" class=\"wp-image-4583\" style=\"width:750px\" srcset=\"https:\/\/sisu.ut.ee\/wp-content\/uploads\/sites\/177\/LS_menuu_aktiivne.png 991w, https:\/\/sisu.ut.ee\/wp-content\/uploads\/sites\/177\/LS_menuu_aktiivne-300x24.png 300w, https:\/\/sisu.ut.ee\/wp-content\/uploads\/sites\/177\/LS_menuu_aktiivne-768x60.png 768w\" sizes=\"auto, (max-width: 991px) 100vw, 991px\"><\/figure>\n\n\n\n<ul class=\"wp-block-list\">\n<li><em>Aktiveeri k\u00fcsimustik<\/em> \u2013 k\u00fcsimustiku aktiveerimine, kui k\u00fcsimustik on vastamiseks valmis.<\/li>\n\n\n\n<li><em>Peata k\u00fcsimustik<\/em> \u2013 k\u00fcsimustiku muutmine mitteaktiivseks, et k\u00fcsimustikku muuta. NB! Seejuures kustutatakse laekunud vastused.<\/li>\n\n\n\n<li><em>K\u00fcsimustiku eelvaade<\/em> \u2013 k\u00fcsimustiku eelvaate avamine veebilehitseja uuel lehel (vastused ei salvestu).<\/li>\n\n\n\n<li><em>T\u00e4itke k\u00fcsimustik<\/em> \u2013 k\u00fcsimustiku avamine veebilehitseja uuel lehel (vastused salvestuvad).<\/li>\n\n\n\n<li><em>T\u00f6\u00f6riistad<\/em> \u2013 v\u00f5imalus k\u00fcsitlust kustutada, esialgseid tingimusi taastada v\u00f5i k\u00fcsimustiku loogikafaili vaadata.<\/li>\n\n\n\n<li><em>Eksport<\/em> \u2013 erinevad v\u00f5imalused k\u00fcsimustiku eksportimiseks v\u00f5i printversiooni vaatamiseks.<\/li>\n<\/ul>\n\n\n\n<figure class=\"wp-block-image alignright size-large is-resized\"><img loading=\"lazy\" decoding=\"async\" width=\"325\" height=\"1024\" src=\"https:\/\/sisu.ut.ee\/wp-content\/uploads\/sites\/177\/LS_seaded-325x1024.png\" alt=\"\" class=\"wp-image-4585\" style=\"width:300px\" srcset=\"https:\/\/sisu.ut.ee\/wp-content\/uploads\/sites\/177\/LS_seaded-325x1024.png 325w, https:\/\/sisu.ut.ee\/wp-content\/uploads\/sites\/177\/LS_seaded-95x300.png 95w, https:\/\/sisu.ut.ee\/wp-content\/uploads\/sites\/177\/LS_seaded-487x1536.png 487w, https:\/\/sisu.ut.ee\/wp-content\/uploads\/sites\/177\/LS_seaded.png 542w\" sizes=\"auto, (max-width: 325px) 100vw, 325px\"><\/figure>\n\n\n\n<h5 class=\"wp-block-heading\" id=\"Sissejuhatus-NB!\">NB!\u00a0K\u00fcsimustiku vastuste salvestamiseks peab k\u00fcsimustik olema aktiveeritud.\u00a0Aktiveeritud k\u00fcsimustikku enam k\u00fcsimusi juurde lisada v\u00f5i kustutada ei saa, saab teha vaid pisimuudatusi. Suuremate muudatuste tegemiseks tuleb k\u00fcsimustik muuta mitteaktiivseks (nupp <em>Peata k\u00fcsimustik<\/em>), kuid sel juhul\u00a0kustutatakse k\u00f5ik seni kogutud vastused.<\/h5>\n\n\n\n<h3 class=\"wp-block-heading\"><figure><span style=\"font-size: 1.5rem;\">Vasak men\u00fc\u00fc<\/span><\/figure><\/h3>\n\n\n\n<p>Vasak men\u00fc\u00fc koosneb kahest osast: <em>Seaded<\/em> ja <em>Struktuur<\/em>.<\/p>\n\n\n\n<p><strong>K\u00fcsimustiku seadete<\/strong> osas on j\u00e4rgmised v\u00f5imalused:<\/p>\n\n\n\n<ul class=\"wp-block-list\">\n<li><em>\u00dclevaade<\/em>\u00a0\u2013 k\u00fcsimustiku veebiaadress sihtr\u00fchmaga jagamiseks ja \u00fclevaade k\u00fcsimustiku \u00fcldistest tekstidest ning seadetest.<\/li>\n\n\n\n<li><em>\u00dcldised seaded\u00a0<\/em>\u2013 v\u00f5imalus lisada mitmekeelse k\u00fcsimustiku jaoks keeli, e-postiaadresse, m\u00e4\u00e4rata k\u00fcsimustiku formaat (k\u00fcsimuste, r\u00fchmade kaupa v\u00f5i k\u00f5ik k\u00fcsimused \u00fchel lehel), valida k\u00fcsimustiku teema ehk kujundusmall.<\/li>\n\n\n\n<li><em>Tekstid<\/em> \u2013 v\u00f5imalus muuta k\u00fcsimustiku tekste (kirjeldus, tervitus, l\u00f5putekst).<\/li>\n\n\n\n<li><em>Andmekaitsetingimused<\/em> \u2013 v\u00f5imalus muuta ja seadistada andmekaitsetingimuste teksti ja kuvamise viisi.<\/li>\n\n\n\n<li><em>V\u00e4limus ja navigeerimine<\/em> \u2013 v\u00f5imalus m\u00e4\u00e4rata, mida vastajale kuvatakse (nt\u00a0\u201cVastus puudub\u201d, \u201cSelles kusitluses on X k\u00fcsimust\u201d), kas saab liikuda edasi-tagasi ja kas saab vastuseid endale v\u00e4lja tr\u00fckkida.<\/li>\n\n\n\n<li><em>Osaleja seaded\u00a0<\/em> \u2013 tunnuskoodidega vastamise seadistamine.<\/li>\n\n\n\n<li><em>Teated ja andmed\u00a0<\/em> \u2013 v\u00f5imalus m\u00e4\u00e4rata, milliseid andmeid vastaja kohta vaikimisi salvestatakse, kas vastaja v\u00f5ib poolelioleva k\u00fcsimustiku salvestada ja hiljem j\u00e4tkata,\u00a0Google Analytics seaded.<\/li>\n\n\n\n<li><em>Avaldamine ja ligip\u00e4\u00e4s\u00a0<\/em> \u2013 saab seadistada k\u00fcsimustiku avanema konkreetseks ajaperioodiks ja teatud tingimustel.<\/li>\n\n\n\n<li><em>K\u00fcsimustiku kasutus\u00f5igused\u00a0<\/em> \u2013 teiste T\u00dc LimeSurvey kasutajate lisamine enda k\u00fcsimustikule\u00a0toimetajaks ja konkreetsete \u00f5iguste m\u00e4\u00e4ramine.<\/li>\n<\/ul>\n\n\n\n<p><a href=\"https:\/\/sisu.ut.ee\/juhendid\/limesurvey-ylevaade\/ls_seaded_meny2\/\"><\/a><strong>K\u00fcsimustiku men\u00fc\u00fc<\/strong> osas\u00a0on j\u00e4rgmised v\u00f5imalused:<\/p>\n\n\n\n<ul class=\"wp-block-list\">\n<li><em>K\u00fcsimuste ja r\u00fchmade \u00fclevaade <\/em>\u2013 olemasolevate k\u00fcsimuste ja k\u00fcsimuste r\u00fchmade vaatamine, muutmine,\u00a0 eelvaate kuvamine v\u00f5i kustutamine. Siin saab muuta ka k\u00fcsimuste ja k\u00fcsimuste r\u00fchmade j\u00e4rjestust. \u00dclamen\u00fc\u00fcst saab minna ka uut k\u00fcsimust lisama v\u00f5i importima.<\/li>\n\n\n\n<li><em>K\u00fcsitluses osalejad<\/em> \u2013 vastajate tabeli ja tunnuskoodide loomine.<\/li>\n\n\n\n<li><em>Eba\u00f5nnestunud teavituskirjad<\/em> \u2013 nimekiri teavituskirjadest, mille saatmine on eba\u00f5nnestunud. Teavitused eemaldatakse automaatselt 30 p\u00e4eva m\u00f6\u00f6dudes.<\/li>\n\n\n\n<li><em>E-posti mallid\u00a0<\/em> \u2013 tunnuskoodide kasutamisel k\u00fcsitluses osalejatele personaliseeritud kutsete, meeldetuletuste, kinnituste ja registreerimise e-mailide saatmise seadistamine. Lisaks saab automaatteavitusi seadistada ka k\u00fcsitluse omanikule\/haldajatele saatmiseks.<\/li>\n\n\n\n<li><em>Kvoodid<\/em> \u2013 kvoote\u00a0kasutatakse kindlate k\u00fcsimuste vastuste arvu\u00a0piiramiseks (nt sugu, vanus, linn\u00a0jne).<\/li>\n\n\n\n<li><em>Hindamised<\/em> \u2013 v\u00f5imaldab k\u00fcsitluse administraatoril luua osalejatele hindamisreegleid, mis hindavad vastuseid kohe p\u00e4rast k\u00fcsitluse esitamist ja kuvavad osalejale vastavat teksti hindamise p\u00f5hjal.<\/li>\n\n\n\n<li><em>Integratsioon veebipaneeliga \u2013 s<\/em>ellelt vahekaardilt saate m\u00e4\u00e4rata URL-i parameetrid, mida antud k\u00fcsitlus aktsepteerib.<\/li>\n\n\n\n<li><em>Vastused<\/em> \u2013 aktiivse k\u00fcsimustiku salvestatud vastuste vaatamine, muutmine ja kustutamine. \u00dclamen\u00fc\u00fcst saab vastused sobivas formaadis enda arvutisse salvestada (nupp <em>Eksport<\/em>).<\/li>\n\n\n\n<li><em>Statistika<\/em> \u2013 aktiivse k\u00fcsimustiku salvestatud vastuste statistika vaatamine ja arvutisse salvestamine.<\/li>\n\n\n\n<li><em>Failid<\/em> \u2013 k\u00fcsimuste juurde \u00fcleslaetud v\u00f5i lisatavad failid, nt pildid.<\/li>\n\n\n\n<li><em>Pluginad \u2013 <\/em>pluginate lubamine ja seadistamine.<\/li>\n<\/ul>\n\n\n\n<p><strong>Struktuuri men\u00fc\u00fc<\/strong>\u00a0all kuvatakse k\u00fcsimustikku loodud r\u00fchmi ja neis olevaid k\u00fcsimusi. Siit on v\u00f5imalik uusi r\u00fchmi ja k\u00fcsimusi lisada ning neid muutma minna.<\/p>\n\n\n\n<figure class=\"wp-block-image aligncenter size-full is-resized\"><img loading=\"lazy\" decoding=\"async\" width=\"643\" height=\"734\" src=\"https:\/\/sisu.ut.ee\/wp-content\/uploads\/sites\/177\/LS_struktuur.png\" alt=\"\" class=\"wp-image-4587\" style=\"width:300px\" srcset=\"https:\/\/sisu.ut.ee\/wp-content\/uploads\/sites\/177\/LS_struktuur.png 643w, https:\/\/sisu.ut.ee\/wp-content\/uploads\/sites\/177\/LS_struktuur-263x300.png 263w\" sizes=\"auto, (max-width: 643px) 100vw, 643px\"><\/figure>\n\n\n\n<h2 class=\"wp-block-heading\" id=\"Sissejuhatus-Tekstikujundamine\">Teksti kujundamine<\/h2>\n\n\n\n<p>Te saate kujundada iga teksti, mis asub LS tekstitoimetis. K\u00f5ige vasakpoolsemal nupul kl\u00f5psates l\u00fclitub tekstitoimeti t\u00e4isekraanile. Samast nupust saate l\u00fclituda ka tagasi tavasuurusega tekstitoimetisse. Ruudulisest nupust saate avada\/sulgeda t\u00f6\u00f6riistariba t\u00e4isversiooni.<\/p>\n\n\n\n<figure class=\"wp-block-image aligncenter\"><a href=\"https:\/\/sisu.ut.ee\/juhendid\/limesurvey-ylevaade\/ls_tooriistariba_mini\/\"><img loading=\"lazy\" decoding=\"async\" width=\"897\" height=\"49\" src=\"https:\/\/sisu.ut.ee\/wp-content\/uploads\/sites\/177\/LS_tooriistariba_mini.png\" alt=\"\" class=\"wp-image-4052\" title=\"screenshot_2021-11-26_at_11.33.25.png\" srcset=\"https:\/\/sisu.ut.ee\/wp-content\/uploads\/sites\/177\/LS_tooriistariba_mini.png 897w, https:\/\/sisu.ut.ee\/wp-content\/uploads\/sites\/177\/LS_tooriistariba_mini-300x16.png 300w, https:\/\/sisu.ut.ee\/wp-content\/uploads\/sites\/177\/LS_tooriistariba_mini-768x42.png 768w\" sizes=\"auto, (max-width: 897px) 100vw, 897px\"><\/a><\/figure>\n\n\n\n<p><\/p>\n\n\n\n<figure class=\"wp-block-image aligncenter\"><a href=\"https:\/\/sisu.ut.ee\/juhendid\/limesurvey-ylevaade\/ls_tooriistariba\/\"><img loading=\"lazy\" decoding=\"async\" width=\"715\" height=\"161\" src=\"https:\/\/sisu.ut.ee\/wp-content\/uploads\/sites\/177\/LS_tooriistariba.png\" alt=\"\" class=\"wp-image-4050\" title=\"screenshot_2021-11-26_at_11.33.25.png\" srcset=\"https:\/\/sisu.ut.ee\/wp-content\/uploads\/sites\/177\/LS_tooriistariba.png 715w, https:\/\/sisu.ut.ee\/wp-content\/uploads\/sites\/177\/LS_tooriistariba-300x68.png 300w\" sizes=\"auto, (max-width: 715px) 100vw, 715px\"><\/a><\/figure>\n\n\n\n<p><\/p>\n\n\n\n<h2 class=\"wp-block-heading\">K\u00fcsimustiku kustutamine<\/h2>\n\n\n\n<p>Kui soovite k\u00fcsimustikku l\u00f5plikult kustutada, <strong>minge k\u00fcsimustiku nimekirja lehele vasakust \u00fclanurgast nupust\u00a0UT LimeSurvey<\/strong>, lisage soovitud k\u00fcsimustiku ees olevasse m\u00e4rkeruutu linnuke ja kl\u00f5psake nimekirja all olevat nuppu <strong><em>Muuda valitud k\u00fcsimustikke<\/em>\u2026<\/strong> ning valige avanevast men\u00fc\u00fcst <strong><em>Kustuta<\/em><\/strong>.<\/p>\n\n\n\n<figure class=\"wp-block-image aligncenter\"><img loading=\"lazy\" decoding=\"async\" width=\"270\" height=\"300\" src=\"https:\/\/sisu.ut.ee\/wp-content\/uploads\/sites\/177\/LS_kustuta_all-270x300.png\" alt=\"\" class=\"wp-image-4054\" srcset=\"https:\/\/sisu.ut.ee\/wp-content\/uploads\/sites\/177\/LS_kustuta_all-270x300.png 270w, https:\/\/sisu.ut.ee\/wp-content\/uploads\/sites\/177\/LS_kustuta_all.png 369w\" sizes=\"auto, (max-width: 270px) 100vw, 270px\"><\/figure>\n\n\n\n<p class=\"has-text-align-center\"><\/p>\n\n\n\n<p><\/p>\n","protected":false},"excerpt":{"rendered":"<p>LimeSurvey (LS) on keskkond veebip\u00f5histe k\u00fcsimustike koostamiseks ja l\u00e4biviimiseks. LS v\u00f5imaldab kasutada 5 erinevat k\u00fcsimuse p\u00f5hit\u00fc\u00fcpi (\u00fche valikuga k\u00fcsimused, maatriksid, mitme valikuga k\u00fcsimused, tekstk\u00fcsimused ja erit\u00fc\u00fcpi k\u00fcsimused), millest iga\u00fche all on veel mitmeid variante. Kokku on 37 erinevat k\u00fcsimuset\u00fc\u00fcpi. Kogutud &#8230;<\/p>\n","protected":false},"author":6,"featured_media":0,"parent":0,"menu_order":0,"comment_status":"closed","ping_status":"closed","template":"","meta":{"_acf_changed":false,"inline_featured_image":false,"footnotes":""},"class_list":["post-69","page","type-page","status-publish","hentry"],"acf":[],"_links":{"self":[{"href":"https:\/\/sisu.ut.ee\/juhendid\/wp-json\/wp\/v2\/pages\/69","targetHints":{"allow":["GET"]}}],"collection":[{"href":"https:\/\/sisu.ut.ee\/juhendid\/wp-json\/wp\/v2\/pages"}],"about":[{"href":"https:\/\/sisu.ut.ee\/juhendid\/wp-json\/wp\/v2\/types\/page"}],"author":[{"embeddable":true,"href":"https:\/\/sisu.ut.ee\/juhendid\/wp-json\/wp\/v2\/users\/6"}],"replies":[{"embeddable":true,"href":"https:\/\/sisu.ut.ee\/juhendid\/wp-json\/wp\/v2\/comments?post=69"}],"version-history":[{"count":9,"href":"https:\/\/sisu.ut.ee\/juhendid\/wp-json\/wp\/v2\/pages\/69\/revisions"}],"predecessor-version":[{"id":4589,"href":"https:\/\/sisu.ut.ee\/juhendid\/wp-json\/wp\/v2\/pages\/69\/revisions\/4589"}],"wp:attachment":[{"href":"https:\/\/sisu.ut.ee\/juhendid\/wp-json\/wp\/v2\/media?parent=69"}],"curies":[{"name":"wp","href":"https:\/\/api.w.org\/{rel}","templated":true}]}}