{"id":66,"date":"2024-04-04T02:50:40","date_gmt":"2024-04-03T23:50:40","guid":{"rendered":"https:\/\/sisu.ut.ee\/juhendid\/geogebra\/"},"modified":"2024-04-11T10:39:30","modified_gmt":"2024-04-11T07:39:30","slug":"geogebra","status":"publish","type":"page","link":"https:\/\/sisu.ut.ee\/juhendid\/geogebra\/","title":{"rendered":"GeoGebra"},"content":{"rendered":"<p><em>GeoGebra<\/em> mooduli saab lisada Moodle\u2019is e-kursuse avalehele tegevusena (<em>Lisa vahend v\u00f5i tegevus<\/em>). Moodul v\u00f5imaldab e-kursusele vistutada <em>GeoGebras<\/em> loodud interaktiivseid \u00fclesandeid (ggb-formaadis) (geomeetria, algebra, matemaatiline anal\u00fc\u00fcs jm), j\u00e4lgida ja hinnata \u00f5ppijate salvestatud ja esitatud lahendusi. <em>GeoGebra<\/em> mooduli kasutamine eeldab uuema Java olemasolu nii \u00f5ppija kui \u00f5ppej\u00f5u arvutis.<\/p>\n<p><em>GeoGebra<\/em> programmi juhend \u2013\u00a0<a class=\"external-link\" href=\"http:\/\/katrinkarm.weebly.com\/uploads\/2\/5\/6\/8\/2568433\/geogebra_3_2_eestik_manuaal.pdf\" target=\"_blank\" rel=\"nofollow noopener\" data-ext-link-init=\"true\">http:\/\/katrinkarm.weebly.com\/uploads\/2\/5\/6\/8\/2568433\/geogebra_3_2_eestik_manuaal.pdf<\/a><\/p>\n<p><img loading=\"lazy\" decoding=\"async\" width=\"750\" height=\"330\" class=\"alignnone wp-image-434\" style=\"margin-left: auto;margin-right: auto;border: 1px solid #ccc\" src=\"https:\/\/sisu.ut.ee\/wp-content\/uploads\/sites\/177\/geogebra.png\" title=\"geogebra.png\" alt=\"geogebra.png\" srcset=\"https:\/\/sisu.ut.ee\/wp-content\/uploads\/sites\/177\/geogebra.png 750w, https:\/\/sisu.ut.ee\/wp-content\/uploads\/sites\/177\/geogebra-300x132.png 300w\" sizes=\"auto, (max-width: 750px) 100vw, 750px\"><\/p>\n","protected":false},"excerpt":{"rendered":"<p>GeoGebra mooduli saab lisada Moodle\u2019is e-kursuse avalehele tegevusena (Lisa vahend v\u00f5i tegevus). Moodul v\u00f5imaldab e-kursusele vistutada GeoGebras loodud interaktiivseid \u00fclesandeid (ggb-formaadis) (geomeetria, algebra, matemaatiline anal\u00fc\u00fcs jm), j\u00e4lgida ja hinnata \u00f5ppijate salvestatud ja esitatud lahendusi. GeoGebra mooduli kasutamine eeldab uuema Java &#8230;<\/p>\n","protected":false},"author":6,"featured_media":0,"parent":0,"menu_order":0,"comment_status":"closed","ping_status":"closed","template":"","meta":{"_acf_changed":false,"inline_featured_image":false,"footnotes":""},"class_list":["post-66","page","type-page","status-publish","hentry"],"acf":[],"_links":{"self":[{"href":"https:\/\/sisu.ut.ee\/juhendid\/wp-json\/wp\/v2\/pages\/66","targetHints":{"allow":["GET"]}}],"collection":[{"href":"https:\/\/sisu.ut.ee\/juhendid\/wp-json\/wp\/v2\/pages"}],"about":[{"href":"https:\/\/sisu.ut.ee\/juhendid\/wp-json\/wp\/v2\/types\/page"}],"author":[{"embeddable":true,"href":"https:\/\/sisu.ut.ee\/juhendid\/wp-json\/wp\/v2\/users\/6"}],"replies":[{"embeddable":true,"href":"https:\/\/sisu.ut.ee\/juhendid\/wp-json\/wp\/v2\/comments?post=66"}],"version-history":[{"count":1,"href":"https:\/\/sisu.ut.ee\/juhendid\/wp-json\/wp\/v2\/pages\/66\/revisions"}],"predecessor-version":[{"id":1785,"href":"https:\/\/sisu.ut.ee\/juhendid\/wp-json\/wp\/v2\/pages\/66\/revisions\/1785"}],"wp:attachment":[{"href":"https:\/\/sisu.ut.ee\/juhendid\/wp-json\/wp\/v2\/media?parent=66"}],"curies":[{"name":"wp","href":"https:\/\/api.w.org\/{rel}","templated":true}]}}