{"id":61,"date":"2024-04-04T02:50:40","date_gmt":"2024-04-03T23:50:40","guid":{"rendered":"https:\/\/sisu.ut.ee\/juhendid\/opikoda-0\/"},"modified":"2024-04-04T02:55:44","modified_gmt":"2024-04-03T23:55:44","slug":"opikoda-0","status":"publish","type":"page","link":"https:\/\/sisu.ut.ee\/juhendid\/opikoda-0\/","title":{"rendered":"\u00d5pikoda"},"content":{"rendered":"<p>\u00d5pikoda on \u00f5ppijate kodut\u00f6\u00f6de esitamise ja \u00fcksteise t\u00f6\u00f6de hindamise vahend. \u00d5pikoda v\u00f5ib kasutada ka individuaalseks kodut\u00f6\u00f6ks (\u00f5ppija esitab enda t\u00f6\u00f6 ja hindab ise enda t\u00f6\u00f6d).<\/p>\n<h5>\u00d5ppej\u00f5ud saab hinnata k\u00f5iki esitatud t\u00f6id, kuid v\u00f5ib t\u00f6\u00f6de hindamise j\u00e4tta ainult \u00f5ppijatele.\u00a0<\/h5>\n<p>Hindamisstrateegia m\u00e4\u00e4ramisel on 4 valikut: 1. Kumulatiivne hindamine \u2013 hinnatakse ja kommenteeritakse etteantud aspekte; 2. Kommentaarid \u2013 kommenteeritakse etteantud aspekte, kuid hinnata ei saa; 3. Vigade hulk \u2013 kommenteeritakse ja hinnatakse etteantud aspekte skaalal jah\/ei; 4. Hindemaatriks \u2013 hinnatakse ja kommenteeritakse etteantud aspekte l\u00e4htudes konkreetsetest kriteeriumidest.<\/p>\n<p>Te saate m\u00e4\u00e4rata, mitut kaas\u00f5ppija t\u00f6\u00f6d iga \u00f5ppija peab hindama ja kommenteerima, kas ta peab ise oma t\u00f6\u00f6d hindama jne. \u00d5ppija enda t\u00f6\u00f6 eest saadud koondhinne ning teiste t\u00f6\u00f6de hindamiste eest saadud koondhinne l\u00e4hevad eraldi tulpadena hindetabelisse. Hinne enda t\u00f6\u00f6 eest arvutatakse k\u00f5igi saadud hinnangute keskmisena. Hinne \u00f5ppija poolt esitatud hinnangute (arvustuste) eest pannakse automaatselt \u2013 vastavalt sellele, kuiv\u00f5rd erines tema antud hinnang k\u00f5igi poolt antud hinnangute keskmisest.\u00a0<\/p>\n<h5>NB!\u00a0\u00d5pikoja kasutamise eelduseks on \u00f5ppijate poolt v\u00e4ga range t\u00e4htaegadest kinnipidamine, kuna t\u00f6id esitada ja hinnata saab vaid kindlas \u00f5pikoja etapis. Etappide vahetumise saab m\u00e4\u00e4rata ajaliselt v\u00f5i \u00f5ppej\u00f5u poolt k\u00e4sitsi.<\/h5>\n<p>Loodud \u00f5pikoda n\u00e4idatakse oppejoule etappide tabelina. Konkreetse etapi aktiveerimiseks ja sellesse l\u00fclitumiseks tuleb klikkida etapi p\u00e4ises oleval\u00a0<em>pirnikujulisel nupul<\/em>. Etappide vahetumise saab \u00f5ppej\u00f5ud seadistada ka automaatseks (lehel\u00a0<em>Seaded<\/em>) \u2013 vastavalt etappidele m\u00e4\u00e4ratud algus- ja l\u00f5pukuup\u00e4evadele.\u00a0<\/p>\n<p><img loading=\"lazy\" decoding=\"async\" width=\"1388\" height=\"638\" class=\"alignnone wp-image-425\" src=\"https:\/\/sisu.ut.ee\/wp-content\/uploads\/sites\/177\/screen_shot_2017-10-12_at_14.12.45.png\" title=\"screen_shot_2017-10-12_at_14.12.45.png\" alt=\"screen_shot_2017-10-12_at_14.12.45.png\" srcset=\"https:\/\/sisu.ut.ee\/wp-content\/uploads\/sites\/177\/screen_shot_2017-10-12_at_14.12.45.png 1388w, https:\/\/sisu.ut.ee\/wp-content\/uploads\/sites\/177\/screen_shot_2017-10-12_at_14.12.45-300x138.png 300w, https:\/\/sisu.ut.ee\/wp-content\/uploads\/sites\/177\/screen_shot_2017-10-12_at_14.12.45-1024x471.png 1024w, https:\/\/sisu.ut.ee\/wp-content\/uploads\/sites\/177\/screen_shot_2017-10-12_at_14.12.45-768x353.png 768w\" sizes=\"auto, (max-width: 1388px) 100vw, 1388px\"><\/p>\n<h5>NB! J\u00e4lgige, et tabelis poleks \u00fchtegi punast risti (hoiatus, et midagi on seadistamata v\u00f5i sisestamata) \u2013 klikkige risti k\u00f5rval oleval tekstil, et vastav puudus k\u00f5rvaldada.<\/h5>\n<p>Vasakus servas olevas \u00f5pikoja seadistuste plokis saab muuta hinnangu vormi ning \u00f5ppijate esitatud t\u00f6\u00f6d kaas\u00f5ppijate vahel laiali jagada (k\u00e4sitsi, juhuslikult, ajaliselt) \u2013 m\u00e4\u00e4rata igale \u00f5ppijale arvustaja(d).\u00a0<\/p>\n<p><img loading=\"lazy\" decoding=\"async\" width=\"205\" height=\"258\" class=\"alignnone wp-image-426\" style=\"border: 1px solid #eee\" src=\"https:\/\/sisu.ut.ee\/wp-content\/uploads\/sites\/177\/opikoda-menyy.png\" title=\"opikoda-menyy.png\" alt=\"opikoda-menyy.png\">\u00a0\u00a0<img loading=\"lazy\" decoding=\"async\" width=\"616\" height=\"218\" class=\"alignnone wp-image-427\" src=\"https:\/\/sisu.ut.ee\/wp-content\/uploads\/sites\/177\/opikoda-jagamine.png\" title=\"opikoda-jagamine.png\" alt=\"opikoda-jagamine.png\" srcset=\"https:\/\/sisu.ut.ee\/wp-content\/uploads\/sites\/177\/opikoda-jagamine.png 616w, https:\/\/sisu.ut.ee\/wp-content\/uploads\/sites\/177\/opikoda-jagamine-300x106.png 300w\" sizes=\"auto, (max-width: 616px) 100vw, 616px\"><br class=\"atl-forced-newline\"><strong><br>Hinde arvutamise etapis<\/strong> tuleb valida sobiv hinnangute v\u00f5rdlus ning kl\u00f5psata nupul <em>Arvuta hinded \u00fcle<\/em>. Hinne esitatud t\u00f6\u00f6 eest on k\u00f5igi saadud hinnete keskmine.\u00a0<\/p>\n<p><img loading=\"lazy\" decoding=\"async\" width=\"800\" height=\"285\" class=\"alignnone wp-image-424\" style=\"margin-left: auto;margin-right: auto\" src=\"https:\/\/sisu.ut.ee\/wp-content\/uploads\/sites\/177\/opikoda4.png\" title=\"opikoda4.png\" alt=\"opikoda4.png\" srcset=\"https:\/\/sisu.ut.ee\/wp-content\/uploads\/sites\/177\/opikoda4.png 800w, https:\/\/sisu.ut.ee\/wp-content\/uploads\/sites\/177\/opikoda4-300x107.png 300w, https:\/\/sisu.ut.ee\/wp-content\/uploads\/sites\/177\/opikoda4-768x274.png 768w\" sizes=\"auto, (max-width: 800px) 100vw, 800px\"><\/p>\n<p>Tabelis on iga \u00f5ppija juures kaks tulemust. Eelnevas tabelis on n\u00e4ha, et Mari on saanud Dianalt 5 punkti, Triinilt 5 punkti ja Lylt 4 punkti (kokku keskmise tulemusena 4,67 punkti 8st). Diana ja Triin on saanud ise Mari hindamise eest 4 punkti ning Ly 0 punkti 4st. Mari on hinnanud Matsi ja saanud sellest 4 punkti.<\/p>\n<p>Hindetabelisse l\u00e4heb\u00a0<strong>p\u00e4rast \u00f5pikoja sulgemist<\/strong>\u00a0(viimane etapp) iga \u00f5pikoja kohta kaks hinnet (tekib kaks tulpa): hinne tema enda esitatud kodut\u00f6\u00f6 eest ja hinne teiste t\u00f6\u00f6de hindamiste eest.<\/p>\n<h3>N\u00e4ide:<\/h3>\n<p>Iga \u00f5ppija esitab kindlaks kuup\u00e4evaks enda t\u00f6\u00f6. \u00d5ppej\u00f5ud jagab esitatud t\u00f6\u00f6d juhuslikult kaas\u00f5ppijate vahel \u00fcmber. Iga \u00f5ppija kommenteerib ja hindab 100-pallilisel skaalal 2 kaas\u00f5ppija t\u00f6\u00f6d ja saab teiste t\u00f6\u00f6de hindamise eest 5 punkti. Hindetabelisse l\u00e4heb kaas\u00f5ppijatelt saadud hinnete keskmine tulemus ning eraldi tulpa 5 punkti teiste t\u00f6\u00f6de hindamise eest.<\/p>\n<p>\u00d5pikoja seadete lehel:<\/p>\n<ul>\n<li>Hindamisstrateegia \u2013 kumulatiivne hindamine<\/li>\n<li>Hinne esitatud t\u00f6\u00f6 eest \u2013 100<\/li>\n<li>Hinne hinnangu eest \u2013 5<\/li>\n<\/ul>\n<p>\u00d5pikoja seadistuste plokis Redigeeri hinnanguvormi:<\/p>\n<ul>\n<li>T\u00fc\u00fcp \u2013 numbriline skaala<\/li>\n<li>Maksimumpunktid \u2013 100<\/li>\n<li>Kaal \u2013 1<\/li>\n<\/ul>\n<p>Hinnangute andmise etapis:<\/p>\n<ul>\n<li>Hinnangute v\u00f5rdlus \u2013 v\u00e4ga leebe\u00a0<\/li>\n<\/ul>\n<hr>\n<p>T\u00e4psemad juhendid inglise keeles:\u00a0<a href=\"https:\/\/docs.moodle.org\/34\/en\/Using_Workshop\" target=\"_blank\" rel=\"noopener\">https:\/\/docs.moodle.org\/34\/en\/Using_Workshop<\/a><\/p>\n","protected":false},"excerpt":{"rendered":"<p>\u00d5pikoda on \u00f5ppijate kodut\u00f6\u00f6de esitamise ja \u00fcksteise t\u00f6\u00f6de hindamise vahend. \u00d5pikoda v\u00f5ib kasutada ka individuaalseks kodut\u00f6\u00f6ks (\u00f5ppija esitab enda t\u00f6\u00f6 ja hindab ise enda t\u00f6\u00f6d). \u00d5ppej\u00f5ud saab hinnata k\u00f5iki esitatud t\u00f6id, kuid v\u00f5ib t\u00f6\u00f6de hindamise j\u00e4tta ainult \u00f5ppijatele.\u00a0 Hindamisstrateegia m\u00e4\u00e4ramisel &#8230;<\/p>\n","protected":false},"author":6,"featured_media":0,"parent":0,"menu_order":0,"comment_status":"closed","ping_status":"closed","template":"","meta":{"_acf_changed":false,"inline_featured_image":false,"footnotes":""},"class_list":["post-61","page","type-page","status-publish","hentry"],"acf":[],"_links":{"self":[{"href":"https:\/\/sisu.ut.ee\/juhendid\/wp-json\/wp\/v2\/pages\/61","targetHints":{"allow":["GET"]}}],"collection":[{"href":"https:\/\/sisu.ut.ee\/juhendid\/wp-json\/wp\/v2\/pages"}],"about":[{"href":"https:\/\/sisu.ut.ee\/juhendid\/wp-json\/wp\/v2\/types\/page"}],"author":[{"embeddable":true,"href":"https:\/\/sisu.ut.ee\/juhendid\/wp-json\/wp\/v2\/users\/6"}],"replies":[{"embeddable":true,"href":"https:\/\/sisu.ut.ee\/juhendid\/wp-json\/wp\/v2\/comments?post=61"}],"version-history":[{"count":1,"href":"https:\/\/sisu.ut.ee\/juhendid\/wp-json\/wp\/v2\/pages\/61\/revisions"}],"predecessor-version":[{"id":1790,"href":"https:\/\/sisu.ut.ee\/juhendid\/wp-json\/wp\/v2\/pages\/61\/revisions\/1790"}],"wp:attachment":[{"href":"https:\/\/sisu.ut.ee\/juhendid\/wp-json\/wp\/v2\/media?parent=61"}],"curies":[{"name":"wp","href":"https:\/\/api.w.org\/{rel}","templated":true}]}}