{"id":57,"date":"2024-04-04T02:50:39","date_gmt":"2024-04-03T23:50:39","guid":{"rendered":"https:\/\/sisu.ut.ee\/juhendid\/ulesanne\/"},"modified":"2024-04-04T02:55:45","modified_gmt":"2024-04-03T23:55:45","slug":"ulesanne","status":"publish","type":"page","link":"https:\/\/sisu.ut.ee\/juhendid\/ulesanne\/","title":{"rendered":"\u00dclesanne"},"content":{"rendered":"<p>\n\t\u00dclesanne on individuaalse kodut\u00f6\u00f6 v\u00f5i r\u00fchmat\u00f6\u00f6 esitamise vahend, mis v\u00f5ib olla kommenteeritav ja hinnatav (ka hindemaatriksiga v\u00f5i juhendiga). \u00dclesande seadete lehel saab m\u00e4\u00e4rata, millisel kujul \u00f5ppija t\u00f6\u00f6 esitab \u2013 \u00fche v\u00f5i mitme failina, onlain tekstina v\u00f5i\u00a0Mahara e-portfooliona; privaatselt v\u00f5i r\u00fchmana. Veebiteksti sisse saab \u00f5ppija salvestada ka 2-minutilisi audio- ning videoklippe. R\u00fchmat\u00f6\u00f6na esitatud kodut\u00f6\u00f6 puhul saab hinnata iga \u00f5ppijat eraldi v\u00f5i tervet r\u00fchma koos numbrilisel v\u00f5i s\u00f5nalisel skaalal v\u00f5i loodud hindemaatriksi (vt <a href=\"\/wp-content\/uploads\/sites\/177\/hindamine_maatriks.png\" target=\"_blank\" rel=\"noopener\">n\u00e4idet<\/a>) v\u00f5i juhendi (vt <a href=\"\/wp-content\/uploads\/sites\/177\/hindamine_juhend.png\" target=\"_blank\" rel=\"noopener\">n\u00e4idet<\/a>) alusel. \u00a0\u00a0\n<\/p>\n<p>\n\t<\/p><div class=\"accordion mb-3\">\n        <div class=\"accordion-item accordion-item--white\">\n        <h2 class=\"accordion-header\" id=\"accordion-69d27fddca937-heading\">\n            <button class=\"accordion-button collapsed\" type=\"button\" data-bs-toggle=\"collapse\" data-bs-target=\"#accordion-69d27fddca937-collapse\" aria-expanded=\"true\" aria-controls=\"accordion-69d27fddca937-collapse\">Vt hindemaatriksi ja juhendiga hindamise seadistamise juhendit<\/button>\n        <\/h2>\n        <div id=\"accordion-69d27fddca937-collapse\" class=\"accordion-collapse collapse\" aria-labelledby=\"accordion-69d27fddca937-heading\">\n            <div class=\"accordion-body\">\n\n<ul>\n<li>\n\t\t<strong>Hindemaatriksi\u00a0<\/strong>kasutamiseks ja loomiseks peate esmalt \u00fclesande seadete lehel m\u00e4\u00e4rama\u00a0<em>hindamise strateegiaks \u2013 hindemaatriks\u00a0<\/em>(<a href=\"https:\/\/sisu.ut.ee\/wp-content\/uploads\/sites\/177\/hindemaatriks1.png\" target=\"_blank\" rel=\"noopener\">pilt<\/a>) ja seej\u00e4rel valima seadistuste plokist\u00a0<em>Hindamise strateegiad \u2013 Hindemaatriks\u00a0<\/em>(<a href=\"https:\/\/sisu.ut.ee\/wp-content\/uploads\/sites\/177\/hindemaatriks2.png\" target=\"_blank\" rel=\"noopener\">pilt<\/a>). N\u00fc\u00fcd on teil v\u00f5imalik valida m\u00f5ni olemasolev hindemaatriks mallina, mida saate vastavalt vajadusele muuta (nupp\u00a0<em>Kasuta malli<\/em>) v\u00f5i loote t\u00e4iesti uue hindemaatriksi (<em>Loo hindamisvorm<\/em>). Te saate lisada ja muuta kriteeriume (tabelis klikkides) ning skaala v\u00e4\u00e4rtusi. Kui m\u00e4\u00e4rasite tegevuse seadete lehel maksimumpunktideks nt 10, kuid hindemaatriksi j\u00e4rgi tuleb maksimaalne punktisumma 8, teisendatakse \u00f5ppija tulemus automaatselt 10-pallilisele skaalale.\n<p>Hindemaatriksis peaks k\u00f5ige madalama taseme punktid andma kokku 0 punkti ja j\u00e4rgmine tase m\u00e4\u00e4rama l\u00e4vendi. Kl\u00f5psates iga kriteeriumi soovitud taseme ruudul, liidetakse nende punktid kokku. Nt kui on 2 kriteeriumi tasemetega 0, 1, 2, 3, 4 ja \u00f5ppija saab 1. kriteeriumi eest 2 punkti ja kriteeriumi 2 eest 3 punkti, on punkte kokku 5.<\/p>\n<p>Kui k\u00f5ige madalama taseme punktid on nt 1, mitte 0, arvutatakse l\u00f5pptulemus valemi j\u00e4rgi: ((kriteeriumi 1 eest saadud punktid \u2013 kriteeriumi 2 miinimumpunktid) +\u00a0(kriteeriumi 2 eest saadud punktid \u2013 kriteeriumi 2 miinimumpunktid) + jne) \/ ((kriteeriumi 1 maksimumpunktid \u2013 kriteeriumi 1 miinimumpunktid) +\u00a0(kriteeriumi 2 maksimumpunktid \u2013 kriteeriumi 2 + jne) miinimumpunktid).\u00a0Nt kui on 2 kriteeriumi tasemetega 1, 2, 3, 4 ja \u00f5ppija saab 1. kriteeriumi eest 2 punkti ja kriteeriumi 2 eest 3 punkti, on punkte kokku 4.<\/p>\n<p>K\u00f5ige madalam tase v\u00f5ib anda ka miinuspunkte, nt -2. Kui soovite, et tasemete punktid lihtsalt kokku liidetaks, peab hindemaatriksi seadetes olema m\u00e4rgitud linnukesega\u00a0<em>Arvuta tulemus, mille minimaalne punktisumma on hindemaatriksi minimaalselt saavutatav punktisumma<\/em>. Nt kui on 2 kriteeriumi tasemetega -2, 2, 3, 4 ja 0, 2, 3, 4 ning \u00f5ppija saab 1. kriteeriumi eest -2 punkti ja kriteeriumi 2 eest 3 punkti, on punkte kokku 1. Kui seda linnukest pole (vaikimisi pole), arvutatakse tulemus eelpool toodud valemi j\u00e4rgi. Nt kui on 2 kriteeriumi tasemetega -2, 2, 3, 4 ja 0, 2, 3, 4 ning \u00f5ppija saab 1. kriteeriumi eest -2 punkti ja kriteeriumi 2 eest 3 punkti, on punkte kokku 2,4. Internetist leiate n\u00e4idiseid m\u00e4rks\u00f5nadega\u00a0<em>evaluation rubric<\/em>. V\u00f5ite lisada otsingule ka enda valdkonna v\u00f5i hindamismeetodi nimetuse.\u00a0\n\t<\/p><\/li>\n<\/ul>\n<h5>\n\tSoovitus: alustage iga kriteeriumi 0-punktilise tasemega v\u00f5i\u00a0miinusega punktide\u00a0kasutamisel \u00e4rge unustage panna linnukest seadele\u00a0<em>Arvuta tulemus, mille minimaalne punktisumma on hindemaatriksi minimaalselt saavutatav punktisumma\u00a0<\/em>\u2013 siis liidetakse tasemete punktid lihtsalt kokku.<br>\n<\/h5>\n<ul>\n<li>\n\t\t<strong>Juhendi\u00a0<\/strong>kasutamiseks ja loomiseks peate esmalt \u00fclesande seadete lehel m\u00e4\u00e4rama\u00a0<em>hindamise strateegiaks \u2013 juhendiga hindamine\u00a0<\/em>(<a href=\"https:\/\/sisu.ut.ee\/wp-content\/uploads\/sites\/177\/juhendiga_hindamine1.png\" target=\"_blank\" rel=\"noopener\">pilt<\/a>) ja seej\u00e4rel valima seadistuste plokist\u00a0<em>Hindamise strateegiad \u2013 Koosta hindamise juhend\u00a0<\/em>(<a href=\"https:\/\/sisu.ut.ee\/wp-content\/uploads\/sites\/177\/juhendiga_hindamine2.png\" target=\"_blank\" rel=\"noopener\">pilt<\/a>).\n\t<\/li>\n<\/ul>\n<p>\n\t<\/p><\/div>\n        <\/div>\n        <\/div>\n    <\/div>\n\n<p style=\"text-align: center\">\n\t<img loading=\"lazy\" decoding=\"async\" width=\"1398\" height=\"1026\" class=\"alignnone wp-image-422\" style=\"width: 600px;height: 440px\" src=\"https:\/\/sisu.ut.ee\/wp-content\/uploads\/sites\/177\/screenshot_2023-08-01_at_10.39.27.png\" title=\"screenshot_2023-08-01_at_10.39.27.png\" alt=\"\u00dclesanne\" srcset=\"https:\/\/sisu.ut.ee\/wp-content\/uploads\/sites\/177\/screenshot_2023-08-01_at_10.39.27.png 1398w, https:\/\/sisu.ut.ee\/wp-content\/uploads\/sites\/177\/screenshot_2023-08-01_at_10.39.27-300x220.png 300w, https:\/\/sisu.ut.ee\/wp-content\/uploads\/sites\/177\/screenshot_2023-08-01_at_10.39.27-1024x752.png 1024w, https:\/\/sisu.ut.ee\/wp-content\/uploads\/sites\/177\/screenshot_2023-08-01_at_10.39.27-768x564.png 768w\" sizes=\"auto, (max-width: 1398px) 100vw, 1398px\">\n<\/p>\n<h3>\n\t\u00dclesande lisamiseks:<span>\u00a0<\/span><br>\n<\/h3>\n<ul>\n<li>\n\t\tvalige lingist\u00a0<em>Lisa vahend v\u00f5i tegevus<\/em>\u00a0avanevast aknast\u00a0<em>\u00dclesanne<\/em>\n\t<\/li>\n<li>\n\t\tsisestage \u00fclesandele nimi ning kirjeldus, fail v\u00f5i tegevusjuhised.\u00a0Kirjeldust n\u00e4idatakse \u00f5ppijatele \u00fclesande lehel enne\u00a0<em>Lisa esitatav t\u00f6\u00f6<\/em>\u00a0nupul kl\u00f5psamist.\u00a0<strong>Kirjeldust<\/strong> on v\u00f5imalik kuvada kursuse avalehel, m\u00e4rkides \u00e4ra kirjelduse kasti all olev m\u00e4rkeruut\u00a0<em>N\u00e4ita kirjeldust kursuse avalehel<\/em>.\u00a0Kui \u00fclesandele on m\u00e4\u00e4ratud k\u00e4ttesaadavuse algusaeg (<em>Luba t\u00f6\u00f6d esitada alates<\/em>\u00a0x kuup\u00e4evast ja kellaajast), on \u00f5ppijale v\u00f5imalik \u00fclesande kirjeldust n\u00e4idata kogu aeg (m\u00e4rkeruut\u00a0<em>N\u00e4ita alati \u00fclesande kirjeldust<\/em>\u00a0on m\u00e4rgitud) v\u00f5i \u00fclesande k\u00e4ttesaadavuse algusajast alates (m\u00e4rkeruut\u00a0<em>N\u00e4ita alati \u00fclesande kirjeldust<\/em>\u00a0ei ole m\u00e4rgitud).\u00a0<strong>Tegevusjuhised<\/strong>\u00a0kuvatakse \u00f5ppijale alles peale\u00a0<em>Lisa esitatav t\u00f6\u00f6<\/em>\u00a0nupul kl\u00f5psamist, mis viib \u00f5ppija \u00fclesande esitamise lehele, kus \u00f5ppija sisestab \u00fclesande teksti ja lisab faili. Seega sobib tegevusjuhistena esitada \u00fclesande esitamiseks vajalikke tehnilisi juhiseid.\u00a0<strong>T\u00e4iendavad failid<\/strong>\u00a0saab kuvada \u00fclesande kirjelduse lehel (m\u00e4rkeruut\u00a0<em>Kuva faile ainult esitamise ajal<\/em>\u00a0ei ole m\u00e4rgitud) v\u00f5i ainult \u00fclesande esitamise lehel (m\u00e4rkeruut\u00a0<em>Kuva faile ainult esitamise ajal<\/em>\u00a0on m\u00e4rgitud), kuhu \u00f5ppija p\u00e4\u00e4seb peale\u00a0<em>Lisa esitatav t\u00f6\u00f6<\/em>\u00a0nupul kl\u00f5psamist. T\u00e4iendavate failide ainult \u00fclesande esitamise lehel n\u00e4itamise v\u00f5imalus on vajalik eksami- v\u00f5i kontrollt\u00f6\u00f6de korral, et \u00f5ppija ei n\u00e4eks eksami- v\u00f5i kontrollt\u00f6\u00f6 kirjelduse faili enne eksami v\u00f5i kontrollt\u00f6\u00f6 algust (sh ka mitte meeldetuletuse vahendi abil e-postile edastatuna).\u00a0\n\t<\/li>\n<li>\n\t\tj\u00e4lgige, et \u00fclesande avanemise ja esitamise t\u00e4htajad oleksid v\u00e4lja l\u00fclitatud v\u00f5i \u00f5igesti seadistatud\n\t<\/li>\n<li>\n\t\tm\u00e4\u00e4rake \u00fclesande esitamise viisid\n\t<\/li>\n<li>\n\t\t<span>kui esitamise seadete all on sees seade\u00a0<em>N\u00f5uab \u00f5ppijalt \u2018Esita\u2019 nupu klikkimist<\/em>, l\u00e4heb t\u00f6\u00f6 p\u00e4rast esitamist lukku ja \u00f5ppija saab t\u00f6\u00f6d muuta v\u00f5i uuesti esitada vaid siis, kui \u00f5ppej\u00f5ud on \u00fclesande selleks uuesti avanud<\/span>\n\t<\/li>\n<li>\n\t\tm\u00e4\u00e4rake, kas ulesanne on esitatav individuaalselt v\u00f5i r\u00fchmana (<em>R\u00fchmaseaded<\/em>)\n\t<\/li>\n<li>\n\t\tm\u00e4\u00e4rake \u00fclesande hinde seaded\n\t<\/li>\n<\/ul>\n<h5>\n\tNB! Vaikimisi on iga ulesanne hinnatav numbriliselt 100-pallilisel skaalal. See skaala tuleb kindlasti enda jaoks sobivaks muuta.<br>\n<\/h5>\n<h3>\n\tPimehindamise kasutamiseks tuleb:<br>\n<\/h3>\n<ul>\n<li>\n\t\tvalida \u00fclesande seadetes hindamise osas pimehindamise valik:\n\t<\/li>\n<\/ul>\n<p>\n\t<img loading=\"lazy\" decoding=\"async\" width=\"724\" height=\"88\" class=\"alignnone wp-image-419\" style=\"width: 350px;height: 43px\" src=\"https:\/\/sisu.ut.ee\/wp-content\/uploads\/sites\/177\/screenshot_2021-04-06_at_10.58.28.png\" title=\"screenshot_2021-04-06_at_10.58.28.png\" alt=\"pimehindamine\" srcset=\"https:\/\/sisu.ut.ee\/wp-content\/uploads\/sites\/177\/screenshot_2021-04-06_at_10.58.28.png 724w, https:\/\/sisu.ut.ee\/wp-content\/uploads\/sites\/177\/screenshot_2021-04-06_at_10.58.28-300x36.png 300w\" sizes=\"auto, (max-width: 724px) 100vw, 724px\">\n<\/p>\n<p>\n\tPimehindamise korral on \u00f5ppijate isikuandmed hindajate eest varjatud (\u00f5ppija nime asemel kuvatakse nt Osaleja1197881).\n<\/p>\n<p>\n\tKui k\u00f5ikide \u00f5ppijate t\u00f6\u00f6d on hinnatud, siis saab \u00f5ppijate isikud avalikustada ning seej\u00e4rel kuvatakse hinnet ka hindetabelis:\n<\/p>\n<p>\n\t<img loading=\"lazy\" decoding=\"async\" width=\"932\" height=\"316\" class=\"alignnone wp-image-420\" style=\"width: 350px;height: 119px\" src=\"https:\/\/sisu.ut.ee\/wp-content\/uploads\/sites\/177\/screenshot_2021-04-06_at_11.02.44.png\" title=\"screenshot_2021-04-06_at_11.02.44.png\" alt=\"avalikusta\" srcset=\"https:\/\/sisu.ut.ee\/wp-content\/uploads\/sites\/177\/screenshot_2021-04-06_at_11.02.44.png 932w, https:\/\/sisu.ut.ee\/wp-content\/uploads\/sites\/177\/screenshot_2021-04-06_at_11.02.44-300x102.png 300w, https:\/\/sisu.ut.ee\/wp-content\/uploads\/sites\/177\/screenshot_2021-04-06_at_11.02.44-768x260.png 768w\" sizes=\"auto, (max-width: 932px) 100vw, 932px\">\n<\/p>\n<h3>\n\tR\u00fchmana t\u00f6\u00f6 esitamiseks ja hindamiseks tuleb:<br>\n<\/h3>\n<ul>\n<li>\n\t\tluua r\u00fchmat\u00f6\u00f6de jaoks r\u00fchmad ning vajadusel (kui lisaks r\u00fchmat\u00f6\u00f6 r\u00fchmadele on veel nt seminarir\u00fchmad vm) r\u00fchmat\u00f6\u00f6 r\u00fchmadest eraldi r\u00fchmitus\n\t<\/li>\n<li>\n\t\t\u00fclesande r\u00fchmaseadetes valida\u00a0<em>\u00d5ppijad esitavad t\u00f6\u00f6 r\u00fchmana \u2013 Jah<\/em>\n\t<\/li>\n<li>\n\t\tseades<em> \u00d5ppijate r\u00fchmade r\u00fchmitus\u00a0<\/em>\u00a0valida rippmen\u00fc\u00fcst r\u00fchmat\u00f6\u00f6de r\u00fchmadest moodustatud r\u00fchmitus\n\t<\/li>\n<li>\n\t\tmooduli \u00fcldiste seadete all m\u00e4\u00e4rata r\u00fchmare\u017eiim \u2013 n\u00e4htavad v\u00f5i eraldatud r\u00fchmad (pole vahet, kumb)\n\t<\/li>\n<\/ul>\n<p>\n\tR\u00fchmana esitatava \u00fclesande puhul saab \u00f5ppej\u00f5ud t\u00f6id hinnates valida, kas hindab r\u00fchmat\u00f6\u00f6d individuaalselt (iga r\u00fchmaliiget eraldi) v\u00f5i kogu r\u00fchma korraga \u00fchise hindega.\n<\/p>\n<h3>\n\t\u00d5ppija hindamiseks:<br>\n<\/h3>\n<ul>\n<li>\n\t\tklikkige \u00fclesande nimel ja siis keset ekraani nupul\u00a0<em>Vaata\/hinda k\u00f5iki t\u00f6id \u2013 <\/em>n\u00e4ete tabelit, kus hakkavad olema k\u00f5igi \u00f5ppijate t\u00f6\u00f6d\n\t<\/li>\n<li>\n\t\tl\u00fclitage sisse kiirhindamine \u2013 tehke linnuke lehe alaservas asuvasse m\u00e4rkeruutu\u00a0<em>Kiirhindamine<\/em>\u00a0\u2013 saate hinde ja kommentaari lisada otse tabelisse igale \u00f5ppijale eraldi\n\t<\/li>\n<li>\n\t\t\u00f5ppija t\u00f6\u00f6d saate vaadata tulbast <em>Faili esitamine<\/em> v\u00f5i <em>Onlain tekst<\/em>\n\t<\/li>\n<li>\n\t\tvalige s\u00f5naline hinne rippmen\u00fc\u00fcst v\u00f5i sisestage lahtrisse punktid (saate sisestada ka komakohaga arve kasutades koma asemel punkti), sisestage tagasiside kommentaarina\n\t<\/li>\n<\/ul>\n<h5>\n\tNB! Kui \u00f5ppijad esitavad t\u00f6\u00f6 r\u00fchmana ja soovite tervele r\u00fchmale sama hinde panna v\u00f5i kui kasutate hindamisel hindeskaalat v\u00f5i juhendit, peate hindamiseks klikkima sinisel nupul <em>Hindamine<\/em> (<a href=\"\/wp-content\/uploads\/sites\/177\/ylesanne-hindamine2.png\" target=\"_blank\" rel=\"noopener\">pilt<\/a>).<br>\n<\/h5>\n<ul>\n<li>\n\t\tp\u00e4rast hinnete sisestamist salvestage tulemused tabeli all olevast nupust <em>Salvesta k\u00f5ik kiirhindamise muudatused<\/em>.\n\t<\/li>\n<\/ul>\n<h5>\n\t<span>NB! \u00d5ppijate hindamiseks \u00fclesande kaudu ei pea \u00f5ppija enda t\u00f6\u00f6d selle kaudu esitama \u2013 ta on alati \u00fclesande esituste lehel olemas ja talle saab hinde sisestada.<\/span><br>\n<\/h5>\n","protected":false},"excerpt":{"rendered":"<p>\u00dclesanne on individuaalse kodut\u00f6\u00f6 v\u00f5i r\u00fchmat\u00f6\u00f6 esitamise vahend, mis v\u00f5ib olla kommenteeritav ja hinnatav (ka hindemaatriksiga v\u00f5i juhendiga). \u00dclesande seadete lehel saab m\u00e4\u00e4rata, millisel kujul \u00f5ppija t\u00f6\u00f6 esitab \u2013 \u00fche v\u00f5i mitme failina, onlain tekstina v\u00f5i\u00a0Mahara e-portfooliona; privaatselt v\u00f5i r\u00fchmana. &#8230;<\/p>\n","protected":false},"author":6,"featured_media":0,"parent":0,"menu_order":0,"comment_status":"closed","ping_status":"closed","template":"","meta":{"_acf_changed":false,"inline_featured_image":false,"footnotes":""},"class_list":["post-57","page","type-page","status-publish","hentry"],"acf":[],"_links":{"self":[{"href":"https:\/\/sisu.ut.ee\/juhendid\/wp-json\/wp\/v2\/pages\/57","targetHints":{"allow":["GET"]}}],"collection":[{"href":"https:\/\/sisu.ut.ee\/juhendid\/wp-json\/wp\/v2\/pages"}],"about":[{"href":"https:\/\/sisu.ut.ee\/juhendid\/wp-json\/wp\/v2\/types\/page"}],"author":[{"embeddable":true,"href":"https:\/\/sisu.ut.ee\/juhendid\/wp-json\/wp\/v2\/users\/6"}],"replies":[{"embeddable":true,"href":"https:\/\/sisu.ut.ee\/juhendid\/wp-json\/wp\/v2\/comments?post=57"}],"version-history":[{"count":1,"href":"https:\/\/sisu.ut.ee\/juhendid\/wp-json\/wp\/v2\/pages\/57\/revisions"}],"predecessor-version":[{"id":1794,"href":"https:\/\/sisu.ut.ee\/juhendid\/wp-json\/wp\/v2\/pages\/57\/revisions\/1794"}],"wp:attachment":[{"href":"https:\/\/sisu.ut.ee\/juhendid\/wp-json\/wp\/v2\/media?parent=57"}],"curies":[{"name":"wp","href":"https:\/\/api.w.org\/{rel}","templated":true}]}}