{"id":54,"date":"2024-04-04T02:50:39","date_gmt":"2024-04-03T23:50:39","guid":{"rendered":"https:\/\/sisu.ut.ee\/juhendid\/sonastik\/"},"modified":"2024-04-11T10:44:35","modified_gmt":"2024-04-11T07:44:35","slug":"sonastik","status":"publish","type":"page","link":"https:\/\/sisu.ut.ee\/juhendid\/sonastik\/","title":{"rendered":"S\u00f5nastik"},"content":{"rendered":"<p>\n\tS\u00f5nastik on t\u00e4hestiku alusel s\u00fcstematiseeritud terminite\/aastaarvude\/v\u00f5\u00f5rs\u00f5nade jne ning nende selgituste loend, mida saavad t\u00e4iendada nii \u00f5ppej\u00f5ud kui \u00f5ppijad, mis v\u00f5ib olla kommenteeritav ja hinnatav.\n<\/p>\n<p>\n\t<img loading=\"lazy\" decoding=\"async\" width=\"729\" height=\"339\" class=\"alignnone wp-image-405\" style=\"margin-left: auto;margin-right: auto\" src=\"https:\/\/sisu.ut.ee\/wp-content\/uploads\/sites\/177\/sonastik.png\" title=\"sonastik.png\" alt=\"sonastik.png\" srcset=\"https:\/\/sisu.ut.ee\/wp-content\/uploads\/sites\/177\/sonastik.png 729w, https:\/\/sisu.ut.ee\/wp-content\/uploads\/sites\/177\/sonastik-300x140.png 300w\" sizes=\"auto, (max-width: 729px) 100vw, 729px\">\n<\/p>\n<h3>\n\tS\u00f5nastiku lisamiseks:<br>\n<\/h3>\n<ul>\n<li>\n\t\tvalige lingist <em>Lisa vahend v\u00f5i tegevus<\/em> avanevast aknast <em>S\u00f5nastik<\/em>\n\t<\/li>\n<li>\n\t\tsisestage sonastikule nimi ning kirjeldus\n\t<\/li>\n<li>\n\t\tvaadake \u00fcle ja vajadusel muutke kirjete ning v\u00e4limuse seaded\n\t<\/li>\n<li>\n\t\tkui sonastik peab olema hinnatav, m\u00e4\u00e4rake koondhinne ja skaala\n\t<\/li>\n<li>\n\t\tkirjete lisamiseks avage sonastik ja klikkige nupul <em>Lisa uus kirje<\/em>\n\t<\/li>\n<\/ul>\n<p>\n\tKui iga \u00f5ppija peaks sonastikku sisestama nt 5 kirjet, on k\u00f5ige mugavam hinnata nii, et skaala t\u00fc\u00fcbiks on numbriline skaala ja maksimumpunktideks 5 ning koondhindeks hinnangute summa v\u00f5i hinnangute arv. Sel juhul saate iga kirjet hinnata 1 punktiga ning hindetabelisse l\u00e4heb koondhindena hinnatud kirjete arv v\u00f5i hinnangute summa.\n<\/p>\n<p>\n\t<strong>\u00d5ppija hindamiseks<\/strong><span data-mce-mark=\"1\"> avage tema lisatud kirje ja valige selle alaservas olevast rippmen\u00fc\u00fcst sobiv hinne.<\/span>\n<\/p>\n<p>\n\t<span data-mce-mark=\"1\">S\u00f5nastiku seadetes saate m\u00e4\u00e4rata (seade <strong>Lingi sonastikukirjed automaatselt<\/strong>), kas sonastikus olevad m\u00f5isted on automaatselt lingitud k\u00f5ikides kursusel olevates html-tekstides (nt raamat, leht, test jne). Kui te ei soovi, et nt testis oleksid m\u00f5isted sonastikku lingitud, peaksite avama testi, kl\u00f5psama testi haldamise plokis <em>Filtrid<\/em> ja m\u00e4\u00e4rama, et\u00a0<span><em>S\u00f5nastiku automaatlinkimine<\/em> oleks v\u00e4lja l\u00fclitatud.<\/span><\/span>\n<\/p>\n<h5>\n\t<strong>E-kursuse sonastikku saab kirjeid ka failist importida.<\/strong><br>\n<\/h5>\n<p>\n\tSelleks tuleb esmalt kasutada konverterit, mis n\u00f5uetekohaselt vormistatud kirjed teksti- v\u00f5i Exceli failist Moodle\u2019i jaoks sobivasse xml-formaati konverteerib. Selleks on mitu v\u00f5imalust.\n<\/p>\n<p>\n\t1. V\u00f5ite kasutada rakendust lehel <a data-url=\"https:\/\/vletools.herokuapp.com\/converter\/glossary\" href=\"https:\/\/vletools.herokuapp.com\/converter\/glossary\" target=\"_blank\" title=\"\" rel=\"noopener\">https:\/\/vletools.herokuapp.com\/converter\/glossary<\/a>\n<\/p>\n<p>\n\tKirjed peaksid tekstifailis olema vormistatud j\u00e4rgmiselt:\n<\/p>\n<p style=\"padding-left: 30px\">\n\tM\u00f5iste1\n<\/p>\n<p style=\"padding-left: 30px\">\n\tDefinitsioon1\n<\/p>\n<p style=\"padding-left: 30px\">\n\tM\u00f5iste2\n<\/p>\n<p style=\"padding-left: 30px\">\n\tDefinitsioon2\n<\/p>\n<p>\n\t2. Exceli failist kirjeid xml-i saab konverteerida rakendusega <a data-url=\"http:\/\/www.eaglesvn.com\/xml.html\" href=\"http:\/\/www.eaglesvn.com\/xml.html\" target=\"_blank\" title=\"\" rel=\"noopener\">http:\/\/www.eaglesvn.com\/xml.html<\/a>\n<\/p>\n<p>\n\tKirjed peaksid xls-failis olema vormistatud kahe tulbana:\n<\/p>\n<table class=\"table table-hover\" border=\"1\" style=\"border-color: #cccccc;border-width: 1px;border-style: solid\">\n<tbody>\n<tr>\n<td>\n\t\t\t\tM\u00f5iste1\n\t\t\t<\/td>\n<td>\n\t\t\t\tDefinitsioon1\n\t\t\t<\/td>\n<\/tr>\n<tr>\n<td>\n\t\t\t\tM\u00f5iste2\n\t\t\t<\/td>\n<td>\n\t\t\t\tDefinitsioon2\n\t\t\t<\/td>\n<\/tr>\n<\/tbody>\n<\/table>\n<p>\n\t\u00a0\n<\/p>\n<h3>\n\tKirjete importimiseks sonastikku:<br>\n<\/h3>\n<ul>\n<li>\n\t\tlisage kursusele <em>S\u00f5nastik <\/em>ja avage see\n\t<\/li>\n<li>\n\t\tklikkige vasakus servas seadistuste plokis <em>Impordi kirjed<\/em>\n\t<\/li>\n<li>\n\t\tvalige fail ja m\u00e4\u00e4rake sihtkoht\n\t<\/li>\n<\/ul>\n<h5>\n\t<strong>S\u00f5nastikku lisatud kirjeid saab eksportida.<\/strong><br>\n<\/h5>\n<p>\n\t<span>xml-formaadis eksportfailna saab sonastikku importida samale v\u00f5i teisele e-kursusele. csv-formaadis eksportfail sisaldab tabelit, kus on eraldi <\/span><span>tulpades <\/span><span>m\u00f5isted, <\/span><span>nende selgitused ja kategooriad.<\/span>\n<\/p>\n<h3>\n\tKirjete eksportimiseks:<br>\n<\/h3>\n<ul>\n<li>\n\t\tavage <em>S\u00f5nastik <\/em>\n\t<\/li>\n<li>\n\t\tklikkige vasakus servas seadistuste plokis <em>Ekspordi kirjed<\/em>\n\t<\/li>\n<li>\n\t\t<em>Ekspordi kirjed faili<\/em> salvestab sonastiku xlm-formaadis\n\t<\/li>\n<li>\n\t\t<em>File download<\/em> men\u00fc\u00fcs tehtud valik ja nupp <span><em>Ekspordi portfooliosse (Lisav\u00f5imalus isiklikuks s\u00e4ilitamiseks)<\/em> <\/span>salvestab sonastiku csv-formaadis\n\t<\/li>\n<\/ul>\n<h5>\n\tKursust t\u00fchjendades tuleb otsustada, kas soovite \u00f5ppijate lisatud kirjeid s\u00e4ilitada v\u00f5i mitte.<br>\n<\/h5>\n<p>\n\tKui te soovite, et p\u00e4rast kursuse t\u00fchjendamist \u00f5ppijate lisatud kirjed sonastikus s\u00e4iliks, peaksite kursuse t\u00fchjendamisel v\u00f5tma linnukese \u00e4ra m\u00e4rkeruudust <em>Kustuta kursusel mitteosalejate lisatud kirjed.<\/em> Vaikimisi sonastiku t\u00fchjendamise seadetega (linnuke puudub ainult m\u00e4rkeruudus seadel <em>Kustuta k\u00f5igi sonastike kirjed<\/em>) kursuselt eemaldatud \u00f5ppijate kirjed kustutatakse.<\/p>\n","protected":false},"excerpt":{"rendered":"<p>S\u00f5nastik on t\u00e4hestiku alusel s\u00fcstematiseeritud terminite\/aastaarvude\/v\u00f5\u00f5rs\u00f5nade jne ning nende selgituste loend, mida saavad t\u00e4iendada nii \u00f5ppej\u00f5ud kui \u00f5ppijad, mis v\u00f5ib olla kommenteeritav ja hinnatav. S\u00f5nastiku lisamiseks: valige lingist Lisa vahend v\u00f5i tegevus avanevast aknast S\u00f5nastik sisestage sonastikule nimi ning kirjeldus &#8230;<\/p>\n","protected":false},"author":6,"featured_media":0,"parent":0,"menu_order":0,"comment_status":"closed","ping_status":"closed","template":"","meta":{"_acf_changed":false,"inline_featured_image":false,"footnotes":""},"class_list":["post-54","page","type-page","status-publish","hentry"],"acf":[],"_links":{"self":[{"href":"https:\/\/sisu.ut.ee\/juhendid\/wp-json\/wp\/v2\/pages\/54","targetHints":{"allow":["GET"]}}],"collection":[{"href":"https:\/\/sisu.ut.ee\/juhendid\/wp-json\/wp\/v2\/pages"}],"about":[{"href":"https:\/\/sisu.ut.ee\/juhendid\/wp-json\/wp\/v2\/types\/page"}],"author":[{"embeddable":true,"href":"https:\/\/sisu.ut.ee\/juhendid\/wp-json\/wp\/v2\/users\/6"}],"replies":[{"embeddable":true,"href":"https:\/\/sisu.ut.ee\/juhendid\/wp-json\/wp\/v2\/comments?post=54"}],"version-history":[{"count":1,"href":"https:\/\/sisu.ut.ee\/juhendid\/wp-json\/wp\/v2\/pages\/54\/revisions"}],"predecessor-version":[{"id":1797,"href":"https:\/\/sisu.ut.ee\/juhendid\/wp-json\/wp\/v2\/pages\/54\/revisions\/1797"}],"wp:attachment":[{"href":"https:\/\/sisu.ut.ee\/juhendid\/wp-json\/wp\/v2\/media?parent=54"}],"curies":[{"name":"wp","href":"https:\/\/api.w.org\/{rel}","templated":true}]}}