{"id":44,"date":"2024-04-04T02:50:38","date_gmt":"2024-04-03T23:50:38","guid":{"rendered":"https:\/\/sisu.ut.ee\/juhendid\/kursuse-lopetamine-moodleis\/"},"modified":"2024-04-11T11:34:08","modified_gmt":"2024-04-11T08:34:08","slug":"kursuse-lopetamine-moodleis","status":"publish","type":"page","link":"https:\/\/sisu.ut.ee\/juhendid\/kursuse-lopetamine-moodleis\/","title":{"rendered":"Kursuse l\u00f5petamine Moodle&#8217;is"},"content":{"rendered":"<p>\n\tP\u00e4rast kursuse toimumist tuleb kursus t\u00fchjendada \u00f5ppijatest ja \u00f5ppet\u00f6\u00f6 j\u00e4lgedest. T\u00fchjendamise k\u00e4igus eemaldatakse e-kursuselt sinna varem lisatud \u00f5ppijad, \u00d5ISi kaudu lisatud r\u00fchmad, k\u00f5igi osaliste foorumipostitused, \u00fcli\u00f5pilaste esitatud kodut\u00f6\u00f6d ning testide sooritused, t\u00fchjendatakse hindetabel k\u00f5igist tulemustest.\n<\/p>\n<h5>\n\tVt videot kursuse arhiveerimise ja t\u00fchjendamise kohta:\u00a0<a data-url=\"https:\/\/panopto.ut.ee\/Panopto\/Pages\/Viewer.aspx?id=4548dade-f093-4a70-bc0d-ad8e0053b162\" href=\"https:\/\/panopto.ut.ee\/Panopto\/Pages\/Viewer.aspx?id=4548dade-f093-4a70-bc0d-ad8e0053b162\" target=\"_blank\" title=\"\" rel=\"noopener\">https:\/\/panopto.ut.ee\/Panopto\/Pages\/Viewer.aspx?id=4548dade-f093-4a70-bc0d-ad8e0053b162<\/a><br>\n<\/h5>\n<h5>\n\tKursuse t\u00fchjendamise k\u00e4igus eemaldatakse e-kursuselt \u00f5ppijad, kes on sinna lisatud \u00d5ISi kaudu v\u00f5i iseregistreerumisega. \u00d5ppej\u00f5u poolt k\u00e4sitsi lisatud \u00f5ppijad tuleb kursuselt ka k\u00e4sitsi kustutada: plokk <em>Seadistused<\/em> \u2013 <em>Kasutajad \u2013 Registreeritud kasutajad \u2013 rist viimases tulbas. <\/em><br>\n<\/h5>\n<p>\n\tAutomaatselt ei saa te t\u00fchjendada j\u00e4rgmisi tegevusi (soovi korral peate tegema seda k\u00e4sitsi): veebitahvlid, vikilehtede sisu.\u00a0Vaikimisi seadetega ei kustutata BBB s\u00fcndmusi ja salvestusi ning vikilehti. Kui soovite neid kustutada, siis muutke vastavaid t\u00fchjendamise seadeid.\n<\/p>\n<p>\n\tT\u00fchjendatud kursus on valmis uute \u00f5ppijate lisamiseks. Kursuse t\u00fchjendamise j\u00e4rel j\u00e4\u00e4vad kursusele alles k\u00f5ik \u00f5ppej\u00f5u lisatud vahendid ja tegevused (\u00f5ppematerjalid, testid, foorumid, \u00fclesanded jm). Kui soovite n\u00e4iteks hindetabelit v\u00f5i m\u00f5ned foorumisse saadetud kirjad alles hoida, on m\u00f5istlik need just n\u00fc\u00fcd endale \u00e4ra salvestada. Hindetabeli salvestamiseks avage hindetabel ning sealt <em>Eksport<\/em> \u2013 teile sobiv formaat. Foorumisse saadetud kirjad peaksite \u00fchekaupa n\u00e4iteks Wordi dokumenti kopeerima v\u00f5i arutelude kaupa eksportima. \u00dclesandevahendi kaudu esitatud t\u00f6\u00f6d saate samuti mugavalt kokku koguda ja eksportida.\n<\/p>\n<h5>\n\tNB! Arvestage sellega, et kursuse t\u00fchjendamise k\u00e4igus kustutatud andmeid pole enam v\u00f5imalik taastada.\u00a0 Enne t\u00fchjendamist arhiveerige vajaduse korral endale vajalik info (nt enda foorumipostitused, \u00fcli\u00f5pilaste tagasiside, ulesannete vastused, mille suhtes teil on \u00fcli\u00f5pilastega kokkulepe, et tohite neid kasutada n\u00e4idistena j\u00e4rgmise \u00f5pper\u00fchma jaoks). Kasutage \u00fcli\u00f5pilaste isikuandmeid vaid \u00f5petamisega seotud eesm\u00e4rkidel ja kustutage need semestri l\u00f5pus ka oma arvutist.<br>\n<\/h5>\n<h3>\n\tKursuse t\u00fchjendamiseks:<br>\n<\/h3>\n<ul>\n<li>\n\t\tkl\u00f5psake kursusel seadistuste plokis <span><em>T\u00fchjenda kursus<\/em><\/span>\n\t<\/li>\n<li>\n\t\tk\u00f5ik vajalikud seaded on juba vaikimisi paigas \u2013 teil tuleb t\u00fchjendamine vaid l\u00f5puni l\u00e4bi teha\n\t<\/li>\n<\/ul>\n<p>\n\tMuutke \u00e4ra ka kursuse v\u00f5ti (kui te v\u00f5tit \u00fcldse kasutate): <em>Seadistused \u2013 Kasutajad \u2013 Registreerimise meetodid \u2013 Iseregistreerumine (\u00d5ppija) \u2013 Registreerumise v\u00f5ti.<\/em>\n<\/p>\n<h5>\n\tNB! Kursust t\u00fchjendades katkestatakse seos e-kursuse ja \u00d5ISi vahel. Seega peate j\u00e4rgmisel toimumiskorral looma uue ainekava ning Moodle\u2019i e-kursuse vahele seose uuesti.<br>\n<\/h5>\n<p>\n\t\u00a0<\/p>\n","protected":false},"excerpt":{"rendered":"<p>P\u00e4rast kursuse toimumist tuleb kursus t\u00fchjendada \u00f5ppijatest ja \u00f5ppet\u00f6\u00f6 j\u00e4lgedest. T\u00fchjendamise k\u00e4igus eemaldatakse e-kursuselt sinna varem lisatud \u00f5ppijad, \u00d5ISi kaudu lisatud r\u00fchmad, k\u00f5igi osaliste foorumipostitused, \u00fcli\u00f5pilaste esitatud kodut\u00f6\u00f6d ning testide sooritused, t\u00fchjendatakse hindetabel k\u00f5igist tulemustest. Vt videot kursuse arhiveerimise ja &#8230;<\/p>\n","protected":false},"author":6,"featured_media":0,"parent":0,"menu_order":0,"comment_status":"closed","ping_status":"closed","template":"","meta":{"_acf_changed":false,"inline_featured_image":false,"footnotes":""},"class_list":["post-44","page","type-page","status-publish","hentry"],"acf":[],"_links":{"self":[{"href":"https:\/\/sisu.ut.ee\/juhendid\/wp-json\/wp\/v2\/pages\/44","targetHints":{"allow":["GET"]}}],"collection":[{"href":"https:\/\/sisu.ut.ee\/juhendid\/wp-json\/wp\/v2\/pages"}],"about":[{"href":"https:\/\/sisu.ut.ee\/juhendid\/wp-json\/wp\/v2\/types\/page"}],"author":[{"embeddable":true,"href":"https:\/\/sisu.ut.ee\/juhendid\/wp-json\/wp\/v2\/users\/6"}],"replies":[{"embeddable":true,"href":"https:\/\/sisu.ut.ee\/juhendid\/wp-json\/wp\/v2\/comments?post=44"}],"version-history":[{"count":1,"href":"https:\/\/sisu.ut.ee\/juhendid\/wp-json\/wp\/v2\/pages\/44\/revisions"}],"predecessor-version":[{"id":1807,"href":"https:\/\/sisu.ut.ee\/juhendid\/wp-json\/wp\/v2\/pages\/44\/revisions\/1807"}],"wp:attachment":[{"href":"https:\/\/sisu.ut.ee\/juhendid\/wp-json\/wp\/v2\/media?parent=44"}],"curies":[{"name":"wp","href":"https:\/\/api.w.org\/{rel}","templated":true}]}}