{"id":33,"date":"2024-04-04T02:50:38","date_gmt":"2024-04-03T23:50:38","guid":{"rendered":"https:\/\/sisu.ut.ee\/juhendid\/oppematerjalide-lisamine-ja-loomine-moodleis\/"},"modified":"2025-09-24T13:36:02","modified_gmt":"2025-09-24T10:36:02","slug":"oppematerjalide-lisamine-ja-loomine-moodleis","status":"publish","type":"page","link":"https:\/\/sisu.ut.ee\/juhendid\/oppematerjalide-lisamine-ja-loomine-moodleis\/","title":{"rendered":"\u00d5ppematerjalide lisamine ja loomine (vahendid)"},"content":{"rendered":"<p>\u00d5ppematerjalid on tavaliselt iga e-kursuse lahutamatuks osaks. Alustades e-kursuse loomist, v\u00f5ib osa \u00f5ppematerjale juba varem valmis olla (doc-, ppt-, pdf-failid), osa on olemas internetis ja osa v\u00f5ib luua Moodle\u2019i enda vahenditega.\u00a0Suure t\u00f5en\u00e4osusega on teil juba mingid \u00f5ppematerjalid elektroonilisel kujul olemas: tekst, pildid, video-ja audiofailid. Kuidas neid siis oma e-kursusel \u00e4ra kasutada? \u00a0Vaadake, millist t\u00fc\u00fcpi failidega on tegu. Kas teie \u00f5ppematerjalid on doc-, html-, ppt-laiendiga? Millised on failide nimed?<\/p>\n<p><strong>1. J\u00e4lgige, et teie failinimedes poleks t\u00fchikuid ja eestip\u00e4raseid t\u00e4pit\u00e4hti (\u00f5 \u00e4 \u00f6 \u00fc).\u00a0<\/strong>Kui teie failid on ebasobivate nimedega, nimetage need enne Moodle\u2019isse viimist lihtsalt \u00fcmber.<\/p>\n<p><strong>2. Lisage e-kursusele failid pdf-formaadis.<\/strong> \u00c4rge kasutage kursusel doc-, ppt- jms MS Office v\u00f5i ka Open Office faile \u2013 salvestage need enne kursusele lisamist pdf-ks.<\/p>\n<p><strong>3. Pdf-failide asemel saate sisu kopeerida<\/strong> ka Moodle\u2019i lehele, lipikutega raamatusse v\u00f5i raamatusse (pildid tuleb lisada eraldi failidena uuesti).<\/p>\n<p>Kasulik on kursusel kasutatavad failid t\u00f5sta esmalt kursuse failide kausta (<em>Seadistused \u2013 Kursuse failid \u2013 nupp Muuda kursuse faile \u2013 lohistate hiirega vajalikud failid failihaldusprogrammist kursuse failide aknasse (v\u00f5ite eelnevalt luua ka kaustu) \u2013 nupp Salvesta muudatused<\/em>), kuna Moodle\u2019i vahenditega kursuse avalehele lisatud failid reaalselt kursuse failide kausta ei salvestu.<\/p>\n<h5>Vaikimisi seadetega on e-kursusele \u00fcleslaetava faili maht 100MB. Mahtu saate suurendada seadistuste plokis lingist <em>Muuda s\u00e4tteid \u2013 Failid ja \u00fcleslaaditud failid \u2013 \u00dcleslaaditava faili maksimummaht.<\/em><\/h5>\n<h5>\u00d5ppematerjale (sh juhendeid) lisatakse kursusele materjalidena <em>+-m\u00e4rgiga t\u00e4histatud lingist<\/em>.<\/h5>\n<h3>Kursuse avalehele materjalide lisamiseks:<\/h3>\n<ol>\n<li>l\u00fclituge muutmisre\u017eiimi nupust\u00a0<img loading=\"lazy\" decoding=\"async\" width=\"48\" height=\"34\" class=\"alignnone wp-image-336\" title=\"luba_muutmine.png\" src=\"https:\/\/sisu.ut.ee\/wp-content\/uploads\/sites\/177\/luba_muutmine.png\" alt=\"luba_muutmine.png\"><\/li>\n<li>muutmisre\u017eiimis on iga sektsiooni sees link <img loading=\"lazy\" decoding=\"async\" class=\"alignnone  wp-image-4811\" src=\"https:\/\/sisu.ut.ee\/wp-content\/uploads\/sites\/177\/image-2.png\" alt=\"\" width=\"159\" height=\"57\">\u2013 kl\u00f5psake sellel<\/li>\n<li>i-nupust n\u00e4ete valitud vahendi tutvustust<\/li>\n<li>t\u00e4rnil kl\u00f5psates saate m\u00e4\u00e4rata vahendi esilet\u00f5stetuks<\/li>\n<li>kl\u00f5psake soovitud vahendil<\/li>\n<\/ol>\n<p>Olemasolevate \u00f5ppematerjalide failide (pdf, flash, video, pildid, audio) lisamiseks kursusele on mitu v\u00f5imalust: failina, URL-na v\u00f5i viidete lehek\u00fcljena.<\/p>\n<p>Moodle\u2019is \u00f5ppematerjalide loomiseks on kolm vahendit: raamat, lipikutega raamat ja leht. Nende vahenditega on mugav \u00f5ppematerjale luua ja p\u00e4rast muuta, kuid peate arvestama sellega, et loodud veebilehek\u00fclgi eraldi failidena kuhugi k\u00e4ttesaadavasse kohta automaatselt ei salvestata. Endale salvestamiseks v\u00f5ite kasutada loodud lehe \u00fclemises vasakus nurgas olevat pdf-failiks salvestamise v\u00f5imalust. Kui kasutada kursusel s\u00f5nastikku, milles on m\u00e4\u00e4ratud automaatne kirjete linkimine, seotakse lehe, lipikutega raamatu ja raamatu tekstis olevad m\u00e4rks\u00f5nad otse s\u00f5nastiku selgitustega.<\/p>\n<p>Vahendite tutvustused leiate parempoolsest men\u00fc\u00fcst.<\/p>\n","protected":false},"excerpt":{"rendered":"<p>\u00d5ppematerjalid on tavaliselt iga e-kursuse lahutamatuks osaks. Alustades e-kursuse loomist, v\u00f5ib osa \u00f5ppematerjale juba varem valmis olla (doc-, ppt-, pdf-failid), osa on olemas internetis ja osa v\u00f5ib luua Moodle\u2019i enda vahenditega.\u00a0Suure t\u00f5en\u00e4osusega on teil juba mingid \u00f5ppematerjalid elektroonilisel kujul olemas: &#8230;<\/p>\n","protected":false},"author":6,"featured_media":0,"parent":0,"menu_order":0,"comment_status":"closed","ping_status":"closed","template":"","meta":{"_acf_changed":false,"inline_featured_image":false,"footnotes":""},"class_list":["post-33","page","type-page","status-publish","hentry"],"acf":[],"_links":{"self":[{"href":"https:\/\/sisu.ut.ee\/juhendid\/wp-json\/wp\/v2\/pages\/33","targetHints":{"allow":["GET"]}}],"collection":[{"href":"https:\/\/sisu.ut.ee\/juhendid\/wp-json\/wp\/v2\/pages"}],"about":[{"href":"https:\/\/sisu.ut.ee\/juhendid\/wp-json\/wp\/v2\/types\/page"}],"author":[{"embeddable":true,"href":"https:\/\/sisu.ut.ee\/juhendid\/wp-json\/wp\/v2\/users\/6"}],"replies":[{"embeddable":true,"href":"https:\/\/sisu.ut.ee\/juhendid\/wp-json\/wp\/v2\/comments?post=33"}],"version-history":[{"count":7,"href":"https:\/\/sisu.ut.ee\/juhendid\/wp-json\/wp\/v2\/pages\/33\/revisions"}],"predecessor-version":[{"id":4815,"href":"https:\/\/sisu.ut.ee\/juhendid\/wp-json\/wp\/v2\/pages\/33\/revisions\/4815"}],"wp:attachment":[{"href":"https:\/\/sisu.ut.ee\/juhendid\/wp-json\/wp\/v2\/media?parent=33"}],"curies":[{"name":"wp","href":"https:\/\/api.w.org\/{rel}","templated":true}]}}