{"id":29,"date":"2024-04-04T02:50:37","date_gmt":"2024-04-03T23:50:37","guid":{"rendered":"https:\/\/sisu.ut.ee\/juhendid\/kursuse-labiviimine\/"},"modified":"2024-04-11T11:31:53","modified_gmt":"2024-04-11T08:31:53","slug":"kursuse-labiviimine","status":"publish","type":"page","link":"https:\/\/sisu.ut.ee\/juhendid\/kursuse-labiviimine\/","title":{"rendered":"Kursuse l\u00e4biviimine"},"content":{"rendered":"<p>\n\tE-kursuse l\u00e4biviimisel tuleb \u00f5ppej\u00f5ul t\u00e4ita mitmeid erinevaid rolle. Tehnilist rolli v\u00f5ib t\u00e4ita \u00f5ppej\u00f5u asemel ka haridustehnoloog\/\u00f5ppedisainer v\u00f5i tugiisik, kes v\u00f5tab enda kanda j\u00e4rgmised tegevused:\n<\/p>\n<ul>\n<li>\n\t\t\u00f5pikeskkonda ja kursusele sisselogimise kohta informatsiooni jagamine;\n\t<\/li>\n<li>\n\t\tkursusel osalemiseks vajaliku riist- ja tarkvara osas selgituste jagamine;\n\t<\/li>\n<li>\n\t\t\u00f5pikeskkonnas liikumise ja \u00f5pikeskkonna vahendite kasutamise juhendamine;\n\t<\/li>\n<li>\n\t\tabistamine tehniliste probleemide korral;\n\t<\/li>\n<li>\n\t\tkursuse k\u00e4igus \u00f5pikeskkonnas vajalikke muudatuste tegemine.\n\t<\/li>\n<\/ul>\n<p>\n\tSoovitatav on kursusele luua tehniliste probleemide jaoks eraldi foorum, kus \u00f5ppijad saavad abi k\u00fcsida ning m\u00e4\u00e4rata isik, kes selle foorumi k\u00fcsimustele vastab ja probleeme lahendada aitab.\n<\/p>\n<p>\n\tS\u00f5braliku, julgustava ja toetava \u00f5hkkonna loomine kursusel, \u00fchtse \u00f5pper\u00fchma (\u00f5pikommuuni) tunde tekitamine on veebip\u00f5hise \u00f5ppe \u00fcks edufaktoreid. Seda toetavad j\u00e4rgmised tegevused:\n<\/p>\n<ul>\n<li>\n\t\tenda tutvustamine kursuse foorumis;\n\t<\/li>\n<li>\n\t\tkursuse sissejuhatamine ja tutvustamine, \u00f5ppijate tervitamine foorumis;\n\t<\/li>\n<li>\n\t\tpalutakse \u00f5ppijatel ennast foorumis teistele tutvustada;\n\t<\/li>\n<li>\n\t\tuue teema v\u00f5i perioodi alguses \u00f5ppijatele info jagamine kursuse hetkeseisust ja l\u00e4hitulevikust, \u00f5ppijate julgustamine ja motiveerimine;\n\t<\/li>\n<li>\n\t\t\u00f5ppijate julgustamine aktiivseks suhtlemiseks;\n\t<\/li>\n<li>\n\t\tkiiresti vastamine \u00f5ppijate kirjadele, et \u00f5ppijatel ei tekiks tunnet, et nad on j\u00e4etud \u00f5pikeskkonda \u00fcksi.\n\t<\/li>\n<\/ul>\n<p>\n\tJ\u00e4rgmine oluline samm \u00f5ppej\u00f5u jaoks on \u00f5ppijate tegevuste j\u00e4lgimine, suunamine, tagasiside andmine ja hindamine. \u00d5ppej\u00f5ud:\n<\/p>\n<ul>\n<li>\n\t\torganiseerib s\u00fcnkroonseid (jututuba, veebiseminar) v\u00f5i as\u00fcnkroonseid (foorum) arutelusid;\n\t<\/li>\n<li>\n\t\tsuunab arutelusid m\u00e4rkuste, kommentaaride v\u00f5i k\u00fcsimustega;\n\t<\/li>\n<li>\n\t\tteeb aruteludest kokkuv\u00f5tted;\n\t<\/li>\n<li>\n\t\tannab \u00f5ppijatele aruteludes osalemise kohta tagasisidet;\n\t<\/li>\n<li>\n\t\tlaseb \u00f5ppijatel omavahel kogemusi jagada, \u00fcksteist \u00f5petada, vastastikku koduseid t\u00f6id kommenteerida ja tagasisidestada;\n\t<\/li>\n<li>\n\t\ttagab \u00f5ppeprotsessi sujuva ja plaanip\u00e4rase kulgemine;\n\t<\/li>\n<li>\n\t\tjuhib \u00f5ppeprotsessi \u2013 edastab teateid \u00f5ppeprotsessi kulgemise kohta, koduste t\u00f6\u00f6de esitamise ja edasij\u00f5udmise kohta, meeldetuletusi;\n\t<\/li>\n<li>\n\t\taitab lahendada \u00f5ppijate organisatoorseid probleeme;\n\t<\/li>\n<li>\n\t\tsoovitab \u00f5ppijatel kasulikke allikaid jagada;\n\t<\/li>\n<li>\n\t\tannab soovitusi iseseisvalt \u00f5ppematerjalidega t\u00f6\u00f6tamiseks, r\u00fchmat\u00f6\u00f6s ja aruteludes osalemiseks, ning ulesannete sooritamiseks;\n\t<\/li>\n<li>\n\t\tj\u00e4lgib \u00f5ppijate ulesannete sooritamise k\u00e4iku, vajadusel abistatab ja toetab;\n\t<\/li>\n<li>\n\t\tesitatab \u00f5ppijatele \u00fclesande eest saadud punktid v\u00f5i hinde;\n\t<\/li>\n<li>\n\t\tp\u00f5hjendab v\u00f5i t\u00e4psustab \u00f5ppijate vastuseid (miks vastus oli \u00f5ige v\u00f5i vale, et tagasiside p\u00f5hjal saaks \u00f5ppija enda vigadest \u00f5ppida ja sooritust parandada);\n\t<\/li>\n<li>\n\t\tsuunab \u00f5ppijaid abistavate k\u00fcsimuste ja m\u00e4rkustega ning vajadusel edastab \u00f5ppijatele lisainformatsiooni;\n\t<\/li>\n<li>\n\t\tk\u00fcsib \u00f5ppijatelt tagasisidet ning soovitusi kursuse sisu, \u00f5pikeskkonna kasutamise ja \u00f5ppej\u00f5udude\/tuutorite tegevuste kohta kursuse edasiseks parandamiseks\n\t<\/li>\n<\/ul>\n<p>\n\tPlaneerige endale kindlad ajad kursusega tegelemiseks ja \u00e4rge j\u00e4tke \u00f5ppijaid omap\u00e4i. Vaadake alati l\u00e4bi k\u00f5ik foorumipostitused, vastake neile. Osalejate lehel (plokk\u00a0<em>Inimesed<\/em>) n\u00e4ete, kes millal on kursusel k\u00e4inud.\n<\/p>\n<p>\n\tKui teie kursusel peavad \u00f5ppijad esitama kodut\u00f6id, vaadake need \u00fcle v\u00f5imalikult kiiresti p\u00e4rast esitamist\u00e4htaja m\u00f6\u00f6dumist.\u00a0<strong>Foorumi<\/strong>\u00a0kaudu esitatavaid t\u00f6id saate hinnata otse foorumis \u2013 avate foorumi ja vastava postituse ning saate sobiva hinde valida postituse all olevast rippmen\u00fc\u00fcst. Hinnet n\u00e4eb \u00f5ppija enda hindetabelis ja ka foorumis enda postituse all. Kommentaar lisage \u00f5ppija kirja vastusena.\n<\/p>\n<p>\n\t<strong>\u00dclesandevahendiga<\/strong>\u00a0esitatud t\u00f6\u00f6de hindamiseks avage vastav ulesanne ja seej\u00e4rel vajutage k\u00f5igi esitatud t\u00f6\u00f6de tabeli\u00a0n\u00e4gemiseks nupule\u00a0<em>Vaata\/hinda k\u00f5iki t\u00f6id <\/em>v\u00f5i t\u00f6\u00f6de \u00fchekaupa hindamiseks nupule <em>Hindamine<\/em>. Hinnet koos kommentaariga n\u00e4eb \u00f5ppija enda hindetabelis.\n<\/p>\n<p>\n\t<strong>\u00d5pip\u00e4evikus<\/strong>\u00a0n\u00e4ete \u00fchel lehel koos k\u00f5igi \u00f5ppijate sissekandeid. Iga sissekande j\u00e4rel on rippmen\u00fc\u00fc hinde valimiseks ja tekstilahter kommentaari jaoks. Kui soovite kursuse jooksul hinnet v\u00f5i kommentaari muuta, saate seda teha sealsamas. V\u00f5ite n\u00e4iteks uue kommentaari eelmise j\u00e4rele lisada v\u00f5i eelmise kustutada (eeldusel, et \u00f5ppija on seda juba n\u00e4inud). Hindetabelis kajastub viimati valitud ja salvestatud hinne.\n<\/p>\n<p>\n\tKui teie kursusel on\u00a0<strong>teste<\/strong>, mis sisaldavad ka essee-t\u00fc\u00fcpi vastusega k\u00fcsimusi, peate need k\u00e4sitsi hindama. Selleks avage test. Teile n\u00e4idatakse \u00f5ppijate poolt sooritatud katsete arvu (nt <em>Testisoorituskatseid: 12<\/em>) \u2013 klikkige sellel lingil. Katsete lehel saate \u00fcle vaadata ja vajadusel ka hinnata k\u00f5ik k\u00fcsimused, kuid essee-t\u00fc\u00fcpi vastusega k\u00fcsimustega peate seda kindlasti tegema (tabelis on link\u00a0<em>Vajab hindamist<\/em>). Kui olete vastuse avanud, klikkige lingil\u00a0 <em>Kommenteeri v\u00f5i kirjuta punktid \u00fcle<\/em>. Sisestage hinne (punktid) ja salvestage \u2013 see liidetakse testi esialgsele tulemusele.\n<\/p>\n<p>\n\tKontrollige, kas hindetabel n\u00e4itab ikka t\u00e4pselt seda, mida soovite.<\/p>\n","protected":false},"excerpt":{"rendered":"<p>E-kursuse l\u00e4biviimisel tuleb \u00f5ppej\u00f5ul t\u00e4ita mitmeid erinevaid rolle. Tehnilist rolli v\u00f5ib t\u00e4ita \u00f5ppej\u00f5u asemel ka haridustehnoloog\/\u00f5ppedisainer v\u00f5i tugiisik, kes v\u00f5tab enda kanda j\u00e4rgmised tegevused: \u00f5pikeskkonda ja kursusele sisselogimise kohta informatsiooni jagamine; kursusel osalemiseks vajaliku riist- ja tarkvara osas selgituste jagamine; &#8230;<\/p>\n","protected":false},"author":6,"featured_media":0,"parent":0,"menu_order":0,"comment_status":"closed","ping_status":"closed","template":"","meta":{"_acf_changed":false,"inline_featured_image":false,"footnotes":""},"class_list":["post-29","page","type-page","status-publish","hentry"],"acf":[],"_links":{"self":[{"href":"https:\/\/sisu.ut.ee\/juhendid\/wp-json\/wp\/v2\/pages\/29","targetHints":{"allow":["GET"]}}],"collection":[{"href":"https:\/\/sisu.ut.ee\/juhendid\/wp-json\/wp\/v2\/pages"}],"about":[{"href":"https:\/\/sisu.ut.ee\/juhendid\/wp-json\/wp\/v2\/types\/page"}],"author":[{"embeddable":true,"href":"https:\/\/sisu.ut.ee\/juhendid\/wp-json\/wp\/v2\/users\/6"}],"replies":[{"embeddable":true,"href":"https:\/\/sisu.ut.ee\/juhendid\/wp-json\/wp\/v2\/comments?post=29"}],"version-history":[{"count":1,"href":"https:\/\/sisu.ut.ee\/juhendid\/wp-json\/wp\/v2\/pages\/29\/revisions"}],"predecessor-version":[{"id":1822,"href":"https:\/\/sisu.ut.ee\/juhendid\/wp-json\/wp\/v2\/pages\/29\/revisions\/1822"}],"wp:attachment":[{"href":"https:\/\/sisu.ut.ee\/juhendid\/wp-json\/wp\/v2\/media?parent=29"}],"curies":[{"name":"wp","href":"https:\/\/api.w.org\/{rel}","templated":true}]}}