{"id":24,"date":"2024-04-04T02:50:37","date_gmt":"2024-04-03T23:50:37","guid":{"rendered":"https:\/\/sisu.ut.ee\/juhendid\/kursuse-pohja-loominetellimine\/"},"modified":"2024-04-04T02:55:46","modified_gmt":"2024-04-03T23:55:46","slug":"kursuse-pohja-loominetellimine","status":"publish","type":"page","link":"https:\/\/sisu.ut.ee\/juhendid\/kursuse-pohja-loominetellimine\/","title":{"rendered":"Kursuse p\u00f5hja loomine\/tellimine"},"content":{"rendered":"<h2 id=\"id-1.\u00d5ISijaMoodle'iseostekasutamine-1.T\u00fchjakursusep\u00f5hjaloomine\u00d5ISist\">\n\t1.\u00a0T\u00fchja e-kursuse p\u00f5hja loomine \u00d5ISis<br>\n<\/h2>\n<p>\n\t\u00d5ppej\u00f5ud saavad \u00d5ISis registreeritud \u00f5ppeainete jaoks t\u00fchje Moodle\u2019i\u00a0 kursuse p\u00f5hju luua ise \u00d5ISis vastava \u00f5ppeaine ainekava juurest.\u00a0Eraldi kursuse p\u00f5hju saab luua sama aine p\u00e4eva\u00f5ppe, sessioon\u00f5ppe, eestikeelsete ja ingliskeelsete kursuste ning t\u00e4iendus\u00f5ppeprogrammi jaoks.\n<\/p>\n<h5>\n\tNB!\u00a0Moodle\u2019isse e-kursuse t\u00fchja p\u00f5hja \u00d5ISist loomise eelduseks on see, et vastava \u00f5ppeaine ainekava on \u00d5ISis m\u00e4rgitud p\u00f5im- v\u00f5i veebi\u00f5ppeks.\u00a0<br>\n<\/h5>\n<p>\n\t<strong>P\u00f5im\u00f5pe<\/strong> \u2013\u00a0osa \u00f5ppest toimub veebis, kuid kursuse jooksul toimub ka\u00a0auditoorseid loenguid, seminare v\u00f5i praktikume.\n<\/p>\n<p>\n\t<strong>Veebi\u00f5pe<\/strong>\u00a0\u2013\u00a0kogu kursuse \u00f5ppeprotsess (sisu edastamine, info levitamine, suhtlemine, \u00f5ppijate hindamine) toimub veebip\u00f5hiselt, auditoorseid kohtumisi ei ole.\n<\/p>\n<h3>\n\tAinekava \u00f5ppevormi muutmiseks:<br>\n<\/h3>\n<ul>\n<li>\n\t\tavage \u00d5ISis ainekava ja kl\u00f5psake nupul <em>Muuda ainekava p\u00f5hiandmeid<\/em>\n\t<\/li>\n<li>\n\t\tvalige tunnuse\u00a0<em>\u00d5ppevorm\u00a0<\/em>rippmen\u00fc\u00fcst <em>P\u00f5im\u00f5pe<\/em> v\u00f5i <em>Veebi\u00f5pe<\/em>\n\t<\/li>\n<\/ul>\n<h3>\n\tMoodle\u2019isse e-kursuse p\u00f5hja loomiseks \u00d5ISist:<br>\n<\/h3>\n<ul>\n<li>\n\t\tkl\u00f5psake \u00d5ISis ainekava juures nupul <em>Halda Moodle\u2019i seoseid\u00a0<\/em>\n\t<\/li>\n<li>\n\t\tavanevas aknas\u00a0<em>Seosed Moodle\u2019iga<\/em>\u00a0kl\u00f5psake nupul <em>Loo uus Moodle\u2019i kursus<\/em>\n\t<\/li>\n<\/ul>\n<p style=\"text-align: center\">\n\t<img loading=\"lazy\" decoding=\"async\" width=\"1232\" height=\"136\" class=\"alignnone wp-image-321\" style=\"width: 700px;height: 77px\" src=\"https:\/\/sisu.ut.ee\/wp-content\/uploads\/sites\/177\/screenshot_2022-04-29_at_13.00.36.png\" title=\"screenshot_2022-04-29_at_13.00.36.png\" alt=\"pilt\" srcset=\"https:\/\/sisu.ut.ee\/wp-content\/uploads\/sites\/177\/screenshot_2022-04-29_at_13.00.36.png 1232w, https:\/\/sisu.ut.ee\/wp-content\/uploads\/sites\/177\/screenshot_2022-04-29_at_13.00.36-300x33.png 300w, https:\/\/sisu.ut.ee\/wp-content\/uploads\/sites\/177\/screenshot_2022-04-29_at_13.00.36-1024x113.png 1024w, https:\/\/sisu.ut.ee\/wp-content\/uploads\/sites\/177\/screenshot_2022-04-29_at_13.00.36-768x85.png 768w\" sizes=\"auto, (max-width: 1232px) 100vw, 1232px\">\n<\/p>\n<p>\n\t<img loading=\"lazy\" decoding=\"async\" width=\"1102\" height=\"262\" class=\"alignnone wp-image-322\" style=\"width: 600px;height: 143px\" src=\"https:\/\/sisu.ut.ee\/wp-content\/uploads\/sites\/177\/screenshot_2022-04-29_at_13.03.56.png\" title=\"screenshot_2022-04-29_at_13.03.56.png\" alt=\"pilt\" srcset=\"https:\/\/sisu.ut.ee\/wp-content\/uploads\/sites\/177\/screenshot_2022-04-29_at_13.03.56.png 1102w, https:\/\/sisu.ut.ee\/wp-content\/uploads\/sites\/177\/screenshot_2022-04-29_at_13.03.56-300x71.png 300w, https:\/\/sisu.ut.ee\/wp-content\/uploads\/sites\/177\/screenshot_2022-04-29_at_13.03.56-1024x243.png 1024w, https:\/\/sisu.ut.ee\/wp-content\/uploads\/sites\/177\/screenshot_2022-04-29_at_13.03.56-768x183.png 768w\" sizes=\"auto, (max-width: 1102px) 100vw, 1102px\">\n<\/p>\n<p>\n\tKursuse p\u00f5hja loomise j\u00e4rel tekib automaatselt seos vastava \u00d5ISi ainekava ja Moodle\u2019i kursuse vahel ning Moodle\u2019i kursuse l\u00fchinimi kuvatakse vastaval real.\n<\/p>\n<h3 id=\"id-1.\u00d5ISijaMoodle'iseostekasutamine-6.Kursuseandmetev\u00e4rskendamineMoodle\u00b4is\">\n\t<img loading=\"lazy\" decoding=\"async\" width=\"1110\" height=\"330\" class=\"alignnone wp-image-323\" style=\"width: 600px;height: 178px\" src=\"https:\/\/sisu.ut.ee\/wp-content\/uploads\/sites\/177\/screenshot_2022-04-29_at_13.10.16.png\" title=\"screenshot_2022-04-29_at_13.10.16.png\" alt=\"pilt\" srcset=\"https:\/\/sisu.ut.ee\/wp-content\/uploads\/sites\/177\/screenshot_2022-04-29_at_13.10.16.png 1110w, https:\/\/sisu.ut.ee\/wp-content\/uploads\/sites\/177\/screenshot_2022-04-29_at_13.10.16-300x89.png 300w, https:\/\/sisu.ut.ee\/wp-content\/uploads\/sites\/177\/screenshot_2022-04-29_at_13.10.16-1024x304.png 1024w, https:\/\/sisu.ut.ee\/wp-content\/uploads\/sites\/177\/screenshot_2022-04-29_at_13.10.16-768x228.png 768w\" sizes=\"auto, (max-width: 1110px) 100vw, 1110px\"><br>\n<\/h3>\n<h2 id=\"id-1.\u00d5ISijaMoodle'iseostekasutamine-2.Loodavakursusenimetamine\">\n\t2. Loodava kursuse nimetamine ja kursuse l\u00fchinimi<br>\n<\/h2>\n<p>\n\tMoodle\u2019is saab e-kursuse nimeks p\u00e4eva\u00f5ppe ja t\u00e4iendus\u00f5ppe kursuste puhul \u00d5ISi ainekavas m\u00e4rgitud \u00f5ppeaine nimetus (l\u00fchinimeks pannakse ainekood) ning sessioon\u00f5ppe kursuste puhul lisatakse kursuse nimele m\u00e4rge S\u00d5 (l\u00fchinimeks pannakse ainekood_SO). Kui \u00f5ppeaine toimumise keeleks ning ainekava keeleks on \u00d5ISi ainekavas m\u00e4rgitud inglise keel (ainekava tunnus laiendiga _Eng), siis luuakse Moodle\u00b4is kursuse p\u00f5hi ingliskeelse nimega ning kursuse l\u00fchinimeks pannakse ainekood_Eng. L\u00fchinime on vaja \u00d5ISis ainekava ja juba olemas oleva e-kursuse vahel seose loomiseks. Enda e-kursuse l\u00fchinime n\u00e4ete kursuse nime all:\n<\/p>\n<p style=\"text-align: center\">\n\t<img loading=\"lazy\" decoding=\"async\" width=\"1310\" height=\"342\" class=\"alignnone wp-image-324\" style=\"width: 550px;height: 144px;border-width: 1px;border-style: solid\" src=\"https:\/\/sisu.ut.ee\/wp-content\/uploads\/sites\/177\/screenshot_2022-04-29_at_13.13.05.png\" title=\"screenshot_2022-04-29_at_13.13.05.png\" alt=\"pilt\" srcset=\"https:\/\/sisu.ut.ee\/wp-content\/uploads\/sites\/177\/screenshot_2022-04-29_at_13.13.05.png 1310w, https:\/\/sisu.ut.ee\/wp-content\/uploads\/sites\/177\/screenshot_2022-04-29_at_13.13.05-300x78.png 300w, https:\/\/sisu.ut.ee\/wp-content\/uploads\/sites\/177\/screenshot_2022-04-29_at_13.13.05-1024x267.png 1024w, https:\/\/sisu.ut.ee\/wp-content\/uploads\/sites\/177\/screenshot_2022-04-29_at_13.13.05-768x201.png 768w\" sizes=\"auto, (max-width: 1310px) 100vw, 1310px\">\n<\/p>\n<h2 id=\"id-1.\u00d5ISijaMoodle'iseostekasutamine-3.Loodavakursusepaigutaminejaandmetelisamine\">\n\t3. Loodava kursuse paigutamine ja andmete lisamine<br>\n<\/h2>\n<p>\n\tLoodav kursus paigutatakse Moodle\u2019is \u00f5ppeaine ainekoodi j\u00e4rgi vastava teaduskonna kategooria all olevasse instituudi alamkategooriasse.\n<\/p>\n<h3>\n\t\u00d5ppeaine sisu l\u00fchikirjeldus<br>\n<\/h3>\n<p>\n\t\u00d5ISi ainekava juures olev \u00f5ppeaine sisu l\u00fchikirjeldus lisatakse Moodle\u2019is kursuse kokkuv\u00f5tteks (<em>Seadistused<\/em> \u2013 <em>Kursuse administreerimine \u2013\u00a0Muuda s\u00e4tteid \u2013 Kursuse kokkuv\u00f5te<\/em>), mis kuvatakse Moodle\u2019i e-kursuste nimekirjas kursuse infoikoonil klikkides.\n<\/p>\n<h3>\n\tAinekava info<br>\n<\/h3>\n<p>\n\tKui \u00d5ISi ainekava juurest luuakse Moodle\u2019is uus kursuse p\u00f5hi, siis lisatakse kursuse p\u00f5hja loomise hetkel \u00d5ISist e-kursusele kursuse ainekava info link vastavale PDF-failile, mis avaneb uues aknas. Ainekava info lingi nimetus on kujul: Ainekava info Ainekood (16\/17 S Stats). Kui \u00d5ISis on ainekava keeleks inglise vm v\u00f5\u00f5rkeel, siis e-kursusel on ainekava info lingi nimetus inglise keeles: Curriculum info (16\/17 K Stats). E-kursusel saab lingi nimetust vajadusel k\u00e4sitsi muuta v\u00f5i lingi kuvamist peita.\n<\/p>\n<p>\n\tKui olemasolevate e-kursuste puhul luuakse ainele \u00d5ISis uus ainekava ning seos selle ainekava ja e-kursuse vahel, siis V\u00e4rskenda andmeid Moodle\u2019is nupul kl\u00f5psates lisatakse e-kursusele link \u00d5ISi ainekava infole (link PDF-failile, mis avaneb uues aknas). Kui vastav link on varem olemas, siis uuendatakse lingi URLi (juhul, kui varem oli seal varasema toimumise ainekava info link). Kui sama e-kursuse puhul tehakse seos ka teise \u00d5ISi ainekavaga, siis lisatakse e-kursusel esimese ainekava info lingi alla ka teise ainekava info link. E-kursusel saab lingi nimetust vajadusel k\u00e4sitsi muuta v\u00f5i lingi kuvamist peita.\n<\/p>\n<h2>\n\t4. Kursuse andmete v\u00e4rskendamine Moodle\u2019is<br>\n<\/h2>\n<p>\n\tKui \u00d5ISis muudetakse \u00f5ppeaine nimetust, sisu l\u00fchikirjeldust ja\/v\u00f5i ainega seotud \u00f5ppej\u00f5ude, siis saab Moodle\u2019is oleva kursuse vastavaid andmeid ainekava juurest muuta, klikkides nupul <em>V\u00e4rskenda andmeid Moodle\u2019is<\/em>.\n<\/p>\n<p style=\"text-align: center\">\n\t<img loading=\"lazy\" decoding=\"async\" width=\"1118\" height=\"334\" class=\"alignnone wp-image-325\" style=\"width: 600px;height: 179px\" src=\"https:\/\/sisu.ut.ee\/wp-content\/uploads\/sites\/177\/screenshot_2022-04-29_at_13.14.49.png\" title=\"screenshot_2022-04-29_at_13.14.49.png\" alt=\"pilt\" srcset=\"https:\/\/sisu.ut.ee\/wp-content\/uploads\/sites\/177\/screenshot_2022-04-29_at_13.14.49.png 1118w, https:\/\/sisu.ut.ee\/wp-content\/uploads\/sites\/177\/screenshot_2022-04-29_at_13.14.49-300x90.png 300w, https:\/\/sisu.ut.ee\/wp-content\/uploads\/sites\/177\/screenshot_2022-04-29_at_13.14.49-1024x306.png 1024w, https:\/\/sisu.ut.ee\/wp-content\/uploads\/sites\/177\/screenshot_2022-04-29_at_13.14.49-768x229.png 768w\" sizes=\"auto, (max-width: 1118px) 100vw, 1118px\">\n<\/p>\n<p>\n\tSeega Moodle\u2019i kursuse nime muutmiseks tuleb muuta k\u00f5igepealt \u00f5ppeaine nimetust \u00d5ISis ning seej\u00e4rel v\u00e4rskendada \u00d5ISi ainekava juurest andmeid Moodle\u2019is.\n<\/p>\n<h5>\n\tNB!\u00a0Kui mingil p\u00f5hjusel tekib vajadus muuta Moodle\u2019i kursuse l\u00fchinime, siis tuleb p\u00f6\u00f6rduda Moodle\u2019i administraatori poole aadressil\u00a0<a class=\"external-link\" data-ext-link-init=\"true\" href=\"mailto:eope@ut.ee\" rel=\"nofollow noopener\" target=\"_blank\">eope@ut.ee<\/a>.<br>\n<\/h5>\n<h2 id=\"id-2.Kuidasalustadauuee-kursuseloomisegaMoodle'is-4.Kursusekoopiategemine\">\n\t5. Kursuse koopia tegemine<br>\n<\/h2>\n<p>\n\tKui soovite teha koopiat varasemast Moodle\u2019i kursusest, v\u00f5tke \u00fchendust e-posti aadressil\u00a0<a class=\"external-link\" data-ext-link-init=\"true\" href=\"mailto:eope@ut.ee\" rel=\"nofollow noopener\" target=\"_blank\">eope@ut.ee<\/a>, teatades loodava kursuse nime ja ainekoodi ning kursuse nime, millest soovite teha koopiat. Koopia tehakse vaid kursuse sisust ning \u00f5ppijaid koos nende andmetega \u00fcle ei kanta.\n<\/p>\n<h2>\n\t6. Kursuse sisu importimine<br>\n<\/h2>\n<p>\n\tTe saate enda olemasoleva e-kursuse sisu ise teisele e-kursusele ka importida.\u00a0\n<\/p>\n<h3>\n\tSisu importimiseks teiselt e-kursuselt:<br>\n<\/h3>\n<ul>\n<li>\n\t\tminge e-kursusele, kuhu soovite sisu importida\n\t<\/li>\n<li>\n\t\tkl\u00f5psake seadistuste plokis\u00a0<em>Impordi<\/em>\n\t<\/li>\n<li>\n\t\totsige nime v\u00f5i ainekoodi j\u00e4rgi \u00fcles e-kursus, mille sisu soovite importida\n\t<\/li>\n<li>\n\t\tj\u00e4tke alles k\u00f5ik linnukesed varukoopia seadete lehel nende ette, mida soovite importida\n\t<\/li>\n<li>\n\t\tj\u00e4rgmisel lehel m\u00e4rkige linnukesega vahendid v\u00f5i tegevused, mida soovite importida\n\t<\/li>\n<\/ul>\n<h5>\n\tNB!\u00a0Sel moel saate importida enda \u00fchelt kursuselt teisele\u00a0ka \u00fcksikuid vahendeid ja tegevusi.<br>\n<\/h5>\n","protected":false},"excerpt":{"rendered":"<p>1.\u00a0T\u00fchja e-kursuse p\u00f5hja loomine \u00d5ISis \u00d5ppej\u00f5ud saavad \u00d5ISis registreeritud \u00f5ppeainete jaoks t\u00fchje Moodle\u2019i\u00a0 kursuse p\u00f5hju luua ise \u00d5ISis vastava \u00f5ppeaine ainekava juurest.\u00a0Eraldi kursuse p\u00f5hju saab luua sama aine p\u00e4eva\u00f5ppe, sessioon\u00f5ppe, eestikeelsete ja ingliskeelsete kursuste ning t\u00e4iendus\u00f5ppeprogrammi jaoks. NB!\u00a0Moodle\u2019isse e-kursuse t\u00fchja &#8230;<\/p>\n","protected":false},"author":6,"featured_media":0,"parent":0,"menu_order":0,"comment_status":"closed","ping_status":"closed","template":"","meta":{"_acf_changed":false,"inline_featured_image":false,"footnotes":""},"class_list":["post-24","page","type-page","status-publish","hentry"],"acf":[],"_links":{"self":[{"href":"https:\/\/sisu.ut.ee\/juhendid\/wp-json\/wp\/v2\/pages\/24","targetHints":{"allow":["GET"]}}],"collection":[{"href":"https:\/\/sisu.ut.ee\/juhendid\/wp-json\/wp\/v2\/pages"}],"about":[{"href":"https:\/\/sisu.ut.ee\/juhendid\/wp-json\/wp\/v2\/types\/page"}],"author":[{"embeddable":true,"href":"https:\/\/sisu.ut.ee\/juhendid\/wp-json\/wp\/v2\/users\/6"}],"replies":[{"embeddable":true,"href":"https:\/\/sisu.ut.ee\/juhendid\/wp-json\/wp\/v2\/comments?post=24"}],"version-history":[{"count":1,"href":"https:\/\/sisu.ut.ee\/juhendid\/wp-json\/wp\/v2\/pages\/24\/revisions"}],"predecessor-version":[{"id":1827,"href":"https:\/\/sisu.ut.ee\/juhendid\/wp-json\/wp\/v2\/pages\/24\/revisions\/1827"}],"wp:attachment":[{"href":"https:\/\/sisu.ut.ee\/juhendid\/wp-json\/wp\/v2\/media?parent=24"}],"curies":[{"name":"wp","href":"https:\/\/api.w.org\/{rel}","templated":true}]}}