{"id":205,"date":"2024-04-04T02:50:50","date_gmt":"2024-04-03T23:50:50","guid":{"rendered":"https:\/\/sisu.ut.ee\/juhendid\/mahara\/"},"modified":"2024-09-16T13:12:17","modified_gmt":"2024-09-16T10:12:17","slug":"mahara","status":"publish","type":"page","link":"https:\/\/sisu.ut.ee\/juhendid\/mahara\/","title":{"rendered":"Mahara"},"content":{"rendered":"<div id=\"main-content\" class=\"wiki-content\">\n<p>Mahara on e-portfooliote keskkond, mis on m\u00f5eldud kasutamiseks \u00f5ppijatele ning \u00f5ppej\u00f5ududele jt \u00fclikooli t\u00f6\u00f6tajatele. Maharas saab\u00a0luua lehti, pidada p\u00e4evikut, luua elulookirjelduse (DigiCV), koondada lehed erinevate kollektsioonide alla, avaldada neid ning esitada hindamiseks. E-portfooliod v\u00f5ivad sisaldada teksti, pilte, audio- ja videoklippe ning muid materjale (nt dokumendifaile).<\/p>\n<p>E-portfoolio v\u00f5imaldab \u00f5ppijatel koondada oma \u00f5ppet\u00f6\u00f6 k\u00e4igus tehtavad iseseisvad t\u00f6\u00f6d jm elektroonilised materjalid\u00a0ning isikliku arengu refleksiooni \u00fchtseks kogumikuks, mida saab \u00f5pingute jooksul pidevalt t\u00e4iendada. E-portfooliot v\u00f5ib koostada \u00fche \u00f5ppeaine v\u00f5i\u00a0terve \u00f5pingute perioodi kohta. Samuti v\u00f5ib e-portfoolio olla esitluslik, sisaldades infot saavutustest\u00a0ning materjale teatud p\u00e4devuste demonstreerimiseks. Sellist t\u00fc\u00fcpi portfooliot on hea esitada\u00a0t\u00f6\u00f6le kandideerides.<\/p>\n<p>\u00d5ppej\u00f5udududel on v\u00f5imalus luua \u00f5ppeprotsessiga seotud\u00a0e-portfoolioid, mis sisaldavad \u00f5ppematerjale \u00f5ppijate ja teiste \u00f5ppej\u00f5ududega jagamiseks. Samuti saab planeerida \u00f5ppeprotsessi tegevusi \u00f5ppijate hindamiseks\u00a0e-portfooliotesse koondatud t\u00f6\u00f6de ja refleksiooni alusel.<\/p>\n<p>Maharas saavad \u00f5ppej\u00f5ud jt t\u00f6\u00f6tajad luua ka enda arengu- v\u00f5i esitlusportfoolioid, mis sisaldavad n\u00e4iteks isiklikke t\u00f6\u00f6alaseid\u00a0eesm\u00e4rke, seniseid saavutusi, tehtud t\u00f6id, t\u00f5endeid p\u00e4devuste kohta, refleksiooni arengu kohta ning\u00a0plaane tulevikuks. Sellist portfooliot on hea esitada\u00a0arenguvestlustel ning atesteerimistel.<\/p>\n<ul>\n<li>\u00d5ppija e-portfoolio n\u00e4ide:\u00a0<a class=\"external-link\" href=\"https:\/\/mahara.ut.ee\/view\/view.php?id=76\" target=\"_blank\" rel=\"nofollow noopener\" data-ext-link-init=\"true\">https:\/\/mahara.ut.ee\/view\/view.php?id=76<\/a><\/li>\n<li>Ingliskeelne juhend:\u00a0<a title=\"\" href=\"https:\/\/manual.mahara.org\/en\/20.04\" target=\"_blank\" rel=\"noopener\" data-url=\"https:\/\/manual.mahara.org\/en\/20.04\">https:\/\/manual.mahara.org\/en\/20.04<\/a><\/li>\n<\/ul>\n<h3 id=\"Mahara-Asukoht\">Asukoht<\/h3>\n<p>Tartu \u00dclikooli Mahara asub aadressil\u00a0<a class=\"external-link\" href=\"https:\/\/mahara.ut.ee\/\" target=\"_blank\" rel=\"nofollow noopener\" data-ext-link-init=\"true\">https:\/\/mahara.ut.ee<\/a><\/p>\n<h3 id=\"Mahara-Kontaktjaabi\">Kontakt ja abi<\/h3>\n<p>Probleemide ja k\u00fcsimuste korral v\u00f5i kui soovite individuaalset juhendamist, v\u00f5tke \u00fchendust oma valdkonna \u00f5ppedisaineriga\u00a0(vt\u00a0<a title=\"\" href=\"https:\/\/ut.ee\/et\/opetamisoskuste-konsultandid-oppedisainerid\" target=\"_blank\" rel=\"noopener\" data-url=\"https:\/\/ut.ee\/et\/opetamisoskuste-konsultandid-oppedisainerid\">https:\/\/ut.ee\/et\/opetamisoskuste-konsultandid-oppedisainerid<\/a>) v\u00f5i kirjutage T\u00dc \u00f5ppimis- ja \u00f5petamiskeskuse aadressil <a class=\"external-link\" href=\"mailto:eope@ut.ee\" target=\"_blank\" rel=\"nofollow noopener\" data-ext-link-init=\"true\">eope@ut.ee<\/a>.<\/p>\n<\/div>\n","protected":false},"excerpt":{"rendered":"<p>Mahara on e-portfooliote keskkond, mis on m\u00f5eldud kasutamiseks \u00f5ppijatele ning \u00f5ppej\u00f5ududele jt \u00fclikooli t\u00f6\u00f6tajatele. Maharas saab\u00a0luua lehti, pidada p\u00e4evikut, luua elulookirjelduse (DigiCV), koondada lehed erinevate kollektsioonide alla, avaldada neid ning esitada hindamiseks. E-portfooliod v\u00f5ivad sisaldada teksti, pilte, audio- ja videoklippe &#8230;<\/p>\n","protected":false},"author":6,"featured_media":0,"parent":0,"menu_order":0,"comment_status":"closed","ping_status":"closed","template":"","meta":{"_acf_changed":false,"inline_featured_image":false,"footnotes":""},"class_list":["post-205","page","type-page","status-publish","hentry"],"acf":[],"_links":{"self":[{"href":"https:\/\/sisu.ut.ee\/juhendid\/wp-json\/wp\/v2\/pages\/205","targetHints":{"allow":["GET"]}}],"collection":[{"href":"https:\/\/sisu.ut.ee\/juhendid\/wp-json\/wp\/v2\/pages"}],"about":[{"href":"https:\/\/sisu.ut.ee\/juhendid\/wp-json\/wp\/v2\/types\/page"}],"author":[{"embeddable":true,"href":"https:\/\/sisu.ut.ee\/juhendid\/wp-json\/wp\/v2\/users\/6"}],"replies":[{"embeddable":true,"href":"https:\/\/sisu.ut.ee\/juhendid\/wp-json\/wp\/v2\/comments?post=205"}],"version-history":[{"count":2,"href":"https:\/\/sisu.ut.ee\/juhendid\/wp-json\/wp\/v2\/pages\/205\/revisions"}],"predecessor-version":[{"id":3810,"href":"https:\/\/sisu.ut.ee\/juhendid\/wp-json\/wp\/v2\/pages\/205\/revisions\/3810"}],"wp:attachment":[{"href":"https:\/\/sisu.ut.ee\/juhendid\/wp-json\/wp\/v2\/media?parent=205"}],"curies":[{"name":"wp","href":"https:\/\/api.w.org\/{rel}","templated":true}]}}