{"id":204,"date":"2024-04-04T02:50:50","date_gmt":"2024-04-03T23:50:50","guid":{"rendered":"https:\/\/sisu.ut.ee\/juhendid\/video-ja-audio-publitseerimine-uttv-s\/"},"modified":"2024-04-04T02:55:37","modified_gmt":"2024-04-03T23:55:37","slug":"video-ja-audio-publitseerimine-uttv-s","status":"publish","type":"page","link":"https:\/\/sisu.ut.ee\/juhendid\/video-ja-audio-publitseerimine-uttv-s\/","title":{"rendered":"Video ja audio publitseerimine UTTV-s"},"content":{"rendered":"<p>\n\tUTTV (<a class=\"external-link\" data-ext-link-init=\"true\" href=\"http:\/\/uttv.ee\/\" rel=\"nofollow noopener\" target=\"_blank\">http:\/\/uttv.ee\/<\/a>) on Tartu \u00dclikooli videoportaal, mis kajastab Tartu \u00dclikooli \u00f5ppe- ja teadustegevust ning t\u00e4htsamaid s\u00fcndmusi. UTTVsse saavad enda \u00f5ppevideosid ning audiofaile lisada ka T\u00dc \u00f5ppej\u00f5ud, kes on seotud k\u00e4esoleval, eelmisel v\u00f5i j\u00e4rgmisel semestril mingi \u00d5ISi \u00f5ppekavaga. UTTVsse p\u00e4\u00e4seb \u00f5ppej\u00f5ud T\u00dc keskserveri kasutajatunnuse ning parooliga (sellega, millega ka \u00d5ISi).\n<\/p>\n<p>\n\tVideoloengud saab UTTVs k\u00e4ttesaadavaks teha erinevatel tingimustel:\n<\/p>\n<ul>\n<li>\n\t\tavalikult\n\t<\/li>\n<li>\n\t\tavalikult, mitteotsitavalt\n\t<\/li>\n<li>\n\t\tk\u00e4ttesaadavad \u00fclikooli kasutajatunnusega isikutele\n\t<\/li>\n<li>\n\t\tk\u00e4ttesaadavad ainult aine kuulajale\n\t<\/li>\n<li>\n\t\tpeidetult\n\t<\/li>\n<\/ul>\n<p>\n\t\u00d5ppej\u00f5ud saab ise otsustada, millistel k\u00e4ttesaadavuse tingimustel tema videoloeng UTTVs publitseeritakse. Avalikke mitteotsitavaid videosid n\u00e4evad need isikud, kes teavad nende videote linki. Avalikele mitteotsitavatele videoloengutele saab viidata erinevatelt e-kursustelt.\n<\/p>\n<h3>\n\t1. Minge aadressile\u00a0<a class=\"external-link\" data-ext-link-init=\"true\" href=\"http:\/\/uttv.ee\/\" rel=\"nofollow noopener\" target=\"_blank\">http:\/\/uttv.ee\/<\/a><br>\n<\/h3>\n<h3>\n\t2. Klikkige lehe allservas lingil\u00a0<em>Sisene<\/em>. Sisestage enda kasutajatunnus ja parool.<br>\n<\/h3>\n<p>\n\tAvaneb aken, kus n\u00e4idatakse k\u00f5iki teie UTTVs olevaid video- ja audioklippe ning toimub failide \u00fcleslaadimine. Kuna video- ja audiofailide lisamine toimub sarnaselt, keskendume j\u00e4rgnevas juhendis ainult video lisamisele.\u00a0\n<\/p>\n<p>\n\tEdaspidi hakkab vasakpoolses aknas olema teie lisatud videote ja audiote kalender (vastavalt andmetes m\u00e4rgitud salvestamise ajale):\n<\/p>\n<p>\n\t<strong><img loading=\"lazy\" decoding=\"async\" width=\"631\" height=\"264\" class=\"alignnone wp-image-960\" style=\"margin-left: auto;margin-right: auto;border: 1px solid #eee\" src=\"https:\/\/sisu.ut.ee\/wp-content\/uploads\/sites\/177\/uttv-1.png\" title=\"uttv-1.png\" alt=\"uttv-1.png\" srcset=\"https:\/\/sisu.ut.ee\/wp-content\/uploads\/sites\/177\/uttv-1.png 631w, https:\/\/sisu.ut.ee\/wp-content\/uploads\/sites\/177\/uttv-1-300x126.png 300w\" sizes=\"auto, (max-width: 631px) 100vw, 631px\"><\/strong>\n<\/p>\n<h3>\n\t3. Faili \u00fcleslaadimiseks klikkige parempoolses aknas oleval nupul\u00a0<em>Lisa uus video<\/em>\u00a0v\u00f5i\u00a0<em>Lisa uus audio<\/em>.<br>\n<\/h3>\n<h3>\n\t4. Sisestage video v\u00f5i audio taustaandmed.\u00a0<br>\n<\/h3>\n<p>\n\tRohelise taustaga on m\u00e4rgitud kohustuslikud v\u00e4ljad. V\u00e4ljades oleva info alusel on hiljem v\u00f5imalik videosid otsida.\n<\/p>\n<ul>\n<li>\n\t\tEsimesse lahtrisse tuleb sisestada videoklipi pealkiri (rohelise taustaga on kohustuslik v\u00e4li).\u00a0\n\t<\/li>\n<li>\n\t\tAutomaatselt nimetatakse teid lisatava videoklipi esimeseks autoriks. Teil on v\u00f5imalik lisada videoklipile teisi autoreid (nupp\u00a0<em>Lisa autor<\/em>) v\u00f5i vaatajaid (nupp\u00a0<em>Lisa vaataja<\/em>).\u00a0Sisestades nimelahtrisse kaasautori v\u00f5i vaataja ees- ja\/v\u00f5i perenime, otsib s\u00fcsteem selle inimese (t\u00f6\u00f6taja v\u00f5i \u00fcli\u00f5pilase) T\u00dc andmebaasisit \u00fcles. Kui soovite autoriks lisada \u00fclikooliv\u00e4list inimest, kirjutage tema nimi lahtrisse<em>V\u00e4lised autorid<\/em>.\n\t<\/li>\n<li>\n\t\tSisestades videoga seotud \u00f5ppeaine v\u00f5i koolitusprogrammi koodi, kontrollitakse automaatselt selle koodi \u00f5igsust ja lisatakse \u00f5ppeaine v\u00f5i programmi nimetus.\n\t<\/li>\n<li>\n\t\tSalvestuse ajaks (kohustuslik v\u00e4li) v\u00f5ib panna ka ainult kuup\u00e4eva (klikkides kalendri nupul lahtri j\u00e4rel), kuid seda v\u00f5ib t\u00e4psustada ka konkreetsete kellaaegadega.\n\t<\/li>\n<li>\n\t\tSalvestuse kohaks v\u00f5ite m\u00e4rkida linna, aadressi, ruumi vms.\n\t<\/li>\n<li>\n\t\tSalvestusse t\u00fc\u00fcbi saate valida rippmen\u00fc\u00fcst.\n\t<\/li>\n<li>\n\t\tL\u00fchikirjeldus (kohustuslik v\u00e4li) peaks andma l\u00fchi\u00fclevaate videos toimuvast. L\u00fchikirjeldust n\u00e4idatakse hiljem video vaatamise lehel video all.\n\t<\/li>\n<li>\n\t\tM\u00e4rks\u00f5nade lahtrisse (kohustuslik v\u00e4li) kirjutage videoklippi iseloomustavad m\u00e4rks\u00f5nad. M\u00e4rks\u00f5nu kirjavahem\u00e4rkidega eristama ei pea.\n\t<\/li>\n<li>\n\t\tViited, lingid lahtritesse saab lisada t\u00e4iendavat infot.\n\t<\/li>\n<li>\n\t\tK\u00fclgede suhe v\u00f5ib olla kas 4:3 v\u00f5i 16:9. See on m\u00e4\u00e4ratud juba video loomisel.\u00a0Vanemate videote puhul peab enamasti valima 4:3, muidu saate v\u00e4ljavenitatud video.\u00a0NB! Kui muudate juba \u00fcleslaetud videol k\u00fclgede suhet, siis peate ka video uuesti UTTV-s\u00a0\u00fcle kodeerima.\u00a0\n\t<\/li>\n<li>\n\t\tM\u00e4rkides linnukesega\u00a0<em>N\u00e4ita video allalaadimise linki<\/em>, saab video vaataja selle ka endale alla laadida.\n\t<\/li>\n<li>\n\t\tSeotud s\u00fcndmus v\u00f5imaldab sarnasel teemal videod \u00fcksteisega \u00e4ra siduda.\n\t<\/li>\n<li>\n\t\tSubtiitrite lisamiseks tuleb eelnevalt teha valmis subtiitrite fail. Seda on v\u00f5imalik teha nt tasuta programmiga <a class=\"external-link\" data-ext-link-init=\"true\" href=\"http:\/\/www.nikse.dk\/SubtitleEdit\/\" rel=\"nofollow noopener\" target=\"_blank\">http:\/\/www.nikse.dk\/SubtitleEdit\/<\/a>\n\t<\/li>\n<li>\n\t\tStaatuse seadetes m\u00e4\u00e4ratakse, kes teie videot n\u00e4evad.\u00a0\n<ul>\n<li>\n\t\t\t\tPeidetud \u2013 videot n\u00e4ete ainult teie ja UTTV administraator.\n\t\t\t<\/li>\n<li>\n\t\t\t\tAvalik \u2013 videot n\u00e4evad k\u00f5ik, kes selle otsingu abil \u00fcles leiavad.\n\t\t\t<\/li>\n<li>\n\t\t\t\tUT kasutajale \u2013 video leiavad otsingust \u00fcles ainult need, kel on olemas T\u00dc\u00a0kasutajatunnus ja kes on UTTVsse sisse loginud.\n\t\t\t<\/li>\n<li>\n\t\t\t\tAine kuulajale \u2013 videot n\u00e4idatakse ainult neile, kes on \u00d5ISis teie video andmetes\u00a0m\u00e4rgitud \u00f5ppeainele v\u00f5i koolitusprogrammile registreerunud.\n\t\t\t<\/li>\n<li>\n\t\t\t\tAvalik, mitte otsitav \u2013 videot ei leia otsinguga, selle vaatamiseks peab teadma\u00a0video veebiaadressi.\n\t\t\t<\/li>\n<li>\n\t\t\t\tT\u00dc N\u00f5ukogu liikmetele.\n\t\t\t<\/li>\n<li>\n\t\t\t\tSenati liikmetele.\n\t\t\t<\/li>\n<\/ul>\n<\/li>\n<\/ul>\n<h5>\n\tNB! \u00d5ppet\u00f6\u00f6s kasutatav video v\u00f5iks olla avalik, mitte otsitav \u2013 videot ei leia otsinguga ning seda saab avada nt e-kursusele lisatud veebiaadressist.<br>\n<\/h5>\n<ul>\n<li>\n\t\tSalvestajad, sildid \u2013 klikkides sellel lingil avaneb men\u00fc\u00fc, kust saate valida oma video\u00a0jaoks sobiva sildi (klikkides saate valida ka mitu silti), mille alusel videod grupeeritakse.\n\t<\/li>\n<\/ul>\n<h3>\n\t5. Klikkige nupul\u00a0<em>Edasi<\/em>\u00a0ja lisage video.\u00a0<br>\n<\/h3>\n<p>\n\tSisestatud\u00a0andmed salvestatakse ja luuakse tulevase video jaoks veebiaadress\u00a0<em>Link UTTV-s<\/em>. Lisage video avapilt (v\u00f5ite salvestada pildina \u00fche kaadri enda videost)\u00a0ning videofail. V\u00f5imalik on lisada ka subtiitrid.\n<\/p>\n<p>\n\tVideo lisamiseks on 2 v\u00f5imalust:\n<\/p>\n<ul>\n<li>\n\t\tnupust\u00a0<em>Lisa<\/em>\u00a0(kui tegu on mp4-failiga, H264 kodeeringuga),\n\t<\/li>\n<li>\n\t\tnupust\u00a0<em>Lisa pakkimata fail<\/em>\u00a0(max 1GB) (kui on mingi teine formaat \u2013 mp4\u00a0(H264 kodeeringuta), wmv, avi jne).\u00a0\n\t<\/li>\n<\/ul>\n<p>\n\t<img loading=\"lazy\" decoding=\"async\" width=\"557\" height=\"109\" class=\"alignnone wp-image-961\" style=\"margin-left: auto;margin-right: auto;border: 1px solid #eee\" src=\"https:\/\/sisu.ut.ee\/wp-content\/uploads\/sites\/177\/uttv-2.png\" title=\"uttv-2.png\" alt=\"uttv-2.png\" srcset=\"https:\/\/sisu.ut.ee\/wp-content\/uploads\/sites\/177\/uttv-2.png 557w, https:\/\/sisu.ut.ee\/wp-content\/uploads\/sites\/177\/uttv-2-300x59.png 300w\" sizes=\"auto, (max-width: 557px) 100vw, 557px\">\n<\/p>\n<p>\n\tKui lisasite video (kui video polnud vastava kodeeringuga mp4-fail) nupust\u00a0<em>Lisa pakkimata fail<\/em>\u00a0<em>(max 1GB)<\/em>, peate n\u00fc\u00fcd video konverteerima mp4-formaati. Klikkige nupul\u00a0<em>Kodeeri<\/em>.\u00a0Kodeerimine v\u00f5ib v\u00f5tta vastavalt faili mahule ja serveri\u00a0koormusele paar minutit kuni mitmeid tunde. Seega varuge kannatust!\u00a0\n<\/p>\n<p>\n\t<img loading=\"lazy\" decoding=\"async\" width=\"554\" height=\"105\" class=\"alignnone wp-image-962\" style=\"margin-left: auto;margin-right: auto;border: 1px solid #eee\" src=\"https:\/\/sisu.ut.ee\/wp-content\/uploads\/sites\/177\/uttv-3.png\" title=\"uttv-3.png\" alt=\"uttv-3.png\" srcset=\"https:\/\/sisu.ut.ee\/wp-content\/uploads\/sites\/177\/uttv-3.png 554w, https:\/\/sisu.ut.ee\/wp-content\/uploads\/sites\/177\/uttv-3-300x57.png 300w\" sizes=\"auto, (max-width: 554px) 100vw, 554px\">\n<\/p>\n<p>\n\tVideo serverisse\u00a0laadimise kulgu n\u00e4idatakse ekraani alaservas.\u00a0\n<\/p>\n<p>\n\tOriginaalfaili nime juures n\u00e4idatakse infot kodeerimise protsessi kohta.\n<\/p>\n<p>\n\t<img loading=\"lazy\" decoding=\"async\" width=\"558\" height=\"104\" class=\"alignnone wp-image-963\" style=\"margin-left: auto;margin-right: auto;border: 1px solid #eee\" src=\"https:\/\/sisu.ut.ee\/wp-content\/uploads\/sites\/177\/uttv-4.png\" title=\"uttv-4.png\" alt=\"uttv-4.png\" srcset=\"https:\/\/sisu.ut.ee\/wp-content\/uploads\/sites\/177\/uttv-4.png 558w, https:\/\/sisu.ut.ee\/wp-content\/uploads\/sites\/177\/uttv-4-300x56.png 300w\" sizes=\"auto, (max-width: 558px) 100vw, 558px\">\n<\/p>\n<p>\n\tKui video on kodeerimise j\u00e4rjekorras (<em>Ootab kodeerimist<\/em>), salvestage andmed (nupp\u00a0<em>Salvesta<\/em>). Seej\u00e4rel v\u00f5ite veebilehitseja sulgeda v\u00f5i alustada uue video \u00fcleslaadimist.\n<\/p>\n<h3>\n\t6. Kui video on UTTVsse lisatud, saate seda levitada veebiaadressi kaudu (kopeerite veebilehitseja aadressilahtrist) v\u00f5i vistutada embed-koodi abil veebilehele.<br>\n<\/h3>\n<p>\n\tEmbed-koodi saate video alt nupust\u00a0<em>Embed<\/em>.\n<\/p>\n<p>\n\t<img loading=\"lazy\" decoding=\"async\" width=\"689\" height=\"621\" class=\"alignnone wp-image-964\" style=\"margin-left: auto;margin-right: auto\" src=\"https:\/\/sisu.ut.ee\/wp-content\/uploads\/sites\/177\/uttv-5.png\" title=\"uttv-5.png\" alt=\"uttv-5.png\" srcset=\"https:\/\/sisu.ut.ee\/wp-content\/uploads\/sites\/177\/uttv-5.png 689w, https:\/\/sisu.ut.ee\/wp-content\/uploads\/sites\/177\/uttv-5-300x270.png 300w\" sizes=\"auto, (max-width: 689px) 100vw, 689px\"><\/p>\n","protected":false},"excerpt":{"rendered":"<p>UTTV (http:\/\/uttv.ee\/) on Tartu \u00dclikooli videoportaal, mis kajastab Tartu \u00dclikooli \u00f5ppe- ja teadustegevust ning t\u00e4htsamaid s\u00fcndmusi. UTTVsse saavad enda \u00f5ppevideosid ning audiofaile lisada ka T\u00dc \u00f5ppej\u00f5ud, kes on seotud k\u00e4esoleval, eelmisel v\u00f5i j\u00e4rgmisel semestril mingi \u00d5ISi \u00f5ppekavaga. UTTVsse p\u00e4\u00e4seb \u00f5ppej\u00f5ud &#8230;<\/p>\n","protected":false},"author":6,"featured_media":0,"parent":0,"menu_order":0,"comment_status":"closed","ping_status":"closed","template":"","meta":{"_acf_changed":false,"inline_featured_image":false,"footnotes":""},"class_list":["post-204","page","type-page","status-publish","hentry"],"acf":[],"_links":{"self":[{"href":"https:\/\/sisu.ut.ee\/juhendid\/wp-json\/wp\/v2\/pages\/204","targetHints":{"allow":["GET"]}}],"collection":[{"href":"https:\/\/sisu.ut.ee\/juhendid\/wp-json\/wp\/v2\/pages"}],"about":[{"href":"https:\/\/sisu.ut.ee\/juhendid\/wp-json\/wp\/v2\/types\/page"}],"author":[{"embeddable":true,"href":"https:\/\/sisu.ut.ee\/juhendid\/wp-json\/wp\/v2\/users\/6"}],"replies":[{"embeddable":true,"href":"https:\/\/sisu.ut.ee\/juhendid\/wp-json\/wp\/v2\/comments?post=204"}],"version-history":[{"count":1,"href":"https:\/\/sisu.ut.ee\/juhendid\/wp-json\/wp\/v2\/pages\/204\/revisions"}],"predecessor-version":[{"id":1647,"href":"https:\/\/sisu.ut.ee\/juhendid\/wp-json\/wp\/v2\/pages\/204\/revisions\/1647"}],"wp:attachment":[{"href":"https:\/\/sisu.ut.ee\/juhendid\/wp-json\/wp\/v2\/media?parent=204"}],"curies":[{"name":"wp","href":"https:\/\/api.w.org\/{rel}","templated":true}]}}