{"id":157,"date":"2024-04-04T02:50:47","date_gmt":"2024-04-03T23:50:47","guid":{"rendered":"https:\/\/sisu.ut.ee\/juhendid\/vahendid-ja-tegevused\/"},"modified":"2025-08-04T14:00:46","modified_gmt":"2025-08-04T11:00:46","slug":"vahendid-ja-tegevused","status":"publish","type":"page","link":"https:\/\/sisu.ut.ee\/juhendid\/vahendid-ja-tegevused\/","title":{"rendered":"Vahendid (materjalid) ja tegevused"},"content":{"rendered":"<h5>Kursuse sisu muutmiseks peab l\u00fclituma muutmisre\u017eiimi: paremas \u00fclanurgas olevast nupust\u00a0<img loading=\"lazy\" decoding=\"async\" width=\"48\" height=\"34\" class=\"alignnone wp-image-336\" title=\"luba_muutmine.png\" src=\"https:\/\/sisu.ut.ee\/wp-content\/uploads\/sites\/177\/luba_muutmine.png\" alt=\"luba_muutmine.png\">\u00a0v\u00f5i seadistuste plokis lingist\u00a0<em>Luba muutmine<\/em>. Vaatamisre\u017eiimi saab uuesti \u00fcmber l\u00fclituda samas kohas olevast nupust\u00a0<img loading=\"lazy\" decoding=\"async\" width=\"48\" height=\"34\" class=\"alignnone wp-image-337\" title=\"keela_muutmine.png\" src=\"https:\/\/sisu.ut.ee\/wp-content\/uploads\/sites\/177\/keela_muutmine.png\" alt=\"keela_muutmine.png\">\u00a0v\u00f5i lingist <em>Keela muutmine<\/em>.<\/h5>\n<p id=\"id-2.Kuidasalustadauuee-kursuseloomisegaMoodle'is-11.Vahenditejategevustelisamineningmuutmine\">L\u00fclituge kursusel muutmisre\u017eiimi. Iga n\u00e4dala\/teema alaservas on katkendliku joone vahel pluss-m\u00e4rk lingina <em><strong>+ Lisa vahend v\u00f5i tegevus<\/strong><\/em>. Iga sektsiooni sees olemasolevate vahendite ja tegevuste vahel on samuti katkendlik joon, millele hiirega liikudes ilmub samuti pluss-m\u00e4rk vahendite ja tegevuste lisamiseks.\u00a0<\/p>\n<p><img loading=\"lazy\" decoding=\"async\" class=\"alignnone size-full wp-image-4734 aligncenter\" src=\"https:\/\/sisu.ut.ee\/wp-content\/uploads\/sites\/177\/Screenshot-2025-08-04-at-13.52.24.png\" alt=\"\" width=\"893\" height=\"170\" srcset=\"https:\/\/sisu.ut.ee\/wp-content\/uploads\/sites\/177\/Screenshot-2025-08-04-at-13.52.24.png 893w, https:\/\/sisu.ut.ee\/wp-content\/uploads\/sites\/177\/Screenshot-2025-08-04-at-13.52.24-300x57.png 300w, https:\/\/sisu.ut.ee\/wp-content\/uploads\/sites\/177\/Screenshot-2025-08-04-at-13.52.24-768x146.png 768w\" sizes=\"auto, (max-width: 893px) 100vw, 893px\"><\/p>\n<ul>\n<li>Vahenditena\u00a0saate lisada kursusele \u00f5ppe- ja infomaterjale, juhendeid.\u00a0<\/li>\n<li>Tegevused\u00a0v\u00f5imaldavad toetada \u00f5ppijate aktiivset tegevust: suhtlemist, teadmiste kontrollimist, ulesannete esitamist, r\u00fchmat\u00f6\u00f6d jne.<\/li>\n<li>T\u00e4rnil kl\u00f5psates saate sagedamini kasutatavad tegevused ja vahendid enda jaoks esile t\u00f5sta.<\/li>\n<li>i-t\u00e4hega ikoonist n\u00e4ete tegevuse \/vahendi l\u00fchitutvustust.\u00a0<\/li>\n<\/ul>\n<p style=\"text-align: center;\"><img loading=\"lazy\" decoding=\"async\" class=\"alignnone size-full wp-image-4736\" src=\"https:\/\/sisu.ut.ee\/wp-content\/uploads\/sites\/177\/Screenshot-2025-08-04-at-13.53.49.png\" alt=\"\" width=\"773\" height=\"1034\" srcset=\"https:\/\/sisu.ut.ee\/wp-content\/uploads\/sites\/177\/Screenshot-2025-08-04-at-13.53.49.png 773w, https:\/\/sisu.ut.ee\/wp-content\/uploads\/sites\/177\/Screenshot-2025-08-04-at-13.53.49-224x300.png 224w, https:\/\/sisu.ut.ee\/wp-content\/uploads\/sites\/177\/Screenshot-2025-08-04-at-13.53.49-766x1024.png 766w, https:\/\/sisu.ut.ee\/wp-content\/uploads\/sites\/177\/Screenshot-2025-08-04-at-13.53.49-768x1027.png 768w\" sizes=\"auto, (max-width: 773px) 100vw, 773px\"><\/p>\n<p><img loading=\"lazy\" decoding=\"async\" class=\"alignright size-full wp-image-4739\" src=\"https:\/\/sisu.ut.ee\/wp-content\/uploads\/sites\/177\/Screenshot-2025-08-04-at-13.55.13.png\" alt=\"\" width=\"211\" height=\"273\">Iga kursusele lisatud vahendi ja tegevuse muutmiseks avanevad kolme t\u00e4piga nupust j\u00e4rgmised v\u00f5imalused:<\/p>\n<ol>\n<li><em>Muuda<\/em>\u00a0s\u00e4tteid \u2013 muutmine ja seadistamine<\/li>\n<li><i>Teisalda<\/i> \u2013 liigutamine teise kohta \u00fcles-alla (sama saab teha ka kursuse avalehel vahendi v\u00f5i tegevuse nime hiirega lohistades)<\/li>\n<li><em>Nool paremale<\/em> \u2013 taandamine paremale<\/li>\n<li><em>Nool vasakule<\/em> \u2013 liigutamine vasakule<\/li>\n<li><em>K\u00e4ttesaadavus<\/em> \u2013 peitmine-avamine<\/li>\n<li><em>Dubleeri\u00a0<\/em>\u2013 vahendi\/tegevuse kopeerimine<\/li>\n<li><em>Kustuta<\/em> \u2013 kustutab vahendi v\u00f5i tegevuse j\u00e4\u00e4davalt<\/li>\n<\/ol>\n<p>Kursuse avalehel iga vahendi ja tegevuse nime j\u00e4rel on <em>pliiats<\/em>\u00a0nimetuse muutmiseks (p\u00e4rast muutmist vajutada klaviatuuril <em>Enter<\/em>).<\/p>\n<p>Vahendi v\u00f5i tegevuse reast (mitte nimest!) hiirega kinni hoides (ilmub nelja noolega nupp) saate seda kursuse avalehel \u00fcles-alla lohistada.<\/p>\n<p>Te saate enda olemasoleva e-kursuse sisu ise teisele e-kursusele ka importida.\u00a0<\/p>\n<h3>Vahendite ja tegevuste importimiseks teiselt e-kursuselt:<\/h3>\n<ul>\n<li>minge e-kursusele, kuhu soovite sisu importida<\/li>\n<li>kl\u00f5psake seadistuste plokis Kursuse taaskasutus \u2013 <em>Impordi<\/em><\/li>\n<li>otsige nime v\u00f5i ainekoodi j\u00e4rgi \u00fcles e-kursus, mille sisu soovite importida<\/li>\n<li>j\u00e4tke varukoopia seadete lehel linnuke ainult\u00a0<span data-mce-mark=\"1\"><em>Kaasa tegevused ja ressursid<\/em> ette<\/span><\/li>\n<li>j\u00e4rgmisel lehel m\u00e4rkige linnukesega vahendid v\u00f5i tegevused, mida soovite importida<\/li>\n<\/ul>\n\n\n<p><\/p>\n","protected":false},"excerpt":{"rendered":"<p>Kursuse sisu muutmiseks peab l\u00fclituma muutmisre\u017eiimi: paremas \u00fclanurgas olevast nupust\u00a0\u00a0v\u00f5i seadistuste plokis lingist\u00a0Luba muutmine. Vaatamisre\u017eiimi saab uuesti \u00fcmber l\u00fclituda samas kohas olevast nupust\u00a0\u00a0v\u00f5i lingist Keela muutmine. L\u00fclituge kursusel muutmisre\u017eiimi. Iga n\u00e4dala\/teema alaservas on katkendliku joone vahel pluss-m\u00e4rk lingina + Lisa &#8230;<\/p>\n","protected":false},"author":6,"featured_media":0,"parent":0,"menu_order":0,"comment_status":"closed","ping_status":"closed","template":"","meta":{"_acf_changed":false,"inline_featured_image":false,"footnotes":""},"class_list":["post-157","page","type-page","status-publish","hentry"],"acf":[],"_links":{"self":[{"href":"https:\/\/sisu.ut.ee\/juhendid\/wp-json\/wp\/v2\/pages\/157","targetHints":{"allow":["GET"]}}],"collection":[{"href":"https:\/\/sisu.ut.ee\/juhendid\/wp-json\/wp\/v2\/pages"}],"about":[{"href":"https:\/\/sisu.ut.ee\/juhendid\/wp-json\/wp\/v2\/types\/page"}],"author":[{"embeddable":true,"href":"https:\/\/sisu.ut.ee\/juhendid\/wp-json\/wp\/v2\/users\/6"}],"replies":[{"embeddable":true,"href":"https:\/\/sisu.ut.ee\/juhendid\/wp-json\/wp\/v2\/comments?post=157"}],"version-history":[{"count":3,"href":"https:\/\/sisu.ut.ee\/juhendid\/wp-json\/wp\/v2\/pages\/157\/revisions"}],"predecessor-version":[{"id":4742,"href":"https:\/\/sisu.ut.ee\/juhendid\/wp-json\/wp\/v2\/pages\/157\/revisions\/4742"}],"wp:attachment":[{"href":"https:\/\/sisu.ut.ee\/juhendid\/wp-json\/wp\/v2\/media?parent=157"}],"curies":[{"name":"wp","href":"https:\/\/api.w.org\/{rel}","templated":true}]}}