{"id":151,"date":"2024-04-04T02:50:46","date_gmt":"2024-04-03T23:50:46","guid":{"rendered":"https:\/\/sisu.ut.ee\/juhendid\/plokid\/"},"modified":"2024-04-11T10:23:38","modified_gmt":"2024-04-11T07:23:38","slug":"plokid","status":"publish","type":"page","link":"https:\/\/sisu.ut.ee\/juhendid\/plokid\/","title":{"rendered":"Plokid"},"content":{"rendered":"<p id=\"id-2.Kuidasalustadauuee-kursuseloomisegaMoodle'is-9.Plokid\">\n\t<img loading=\"lazy\" decoding=\"async\" width=\"320\" height=\"209\" class=\"alignnone wp-image-827\" style=\"float: right\" src=\"https:\/\/sisu.ut.ee\/wp-content\/uploads\/sites\/177\/plokk.png\" title=\"plokk.png\" alt=\"Plokk\" srcset=\"https:\/\/sisu.ut.ee\/wp-content\/uploads\/sites\/177\/plokk.png 320w, https:\/\/sisu.ut.ee\/wp-content\/uploads\/sites\/177\/plokk-300x196.png 300w\" sizes=\"auto, (max-width: 320px) 100vw, 320px\">Plokid paiknevad ekraani \u00e4\u00e4rtes. Plokke saab lisada, peita ja kustutada.\n<\/p>\n<h3>\n\tPloki lisamiseks:<br>\n<\/h3>\n<ul>\n<li>\n\t\tminge kursuse avalehel muutmisre\u017eiimi\n\t<\/li>\n<li>\n\t\tkerige leht alla ja kl\u00f5psake vasakus servas k\u00f5ige viimases plokis <em style=\"font-size: 14px;line-height: 21px\">Lisa plokk<\/em>\u00a0\n\t<\/li>\n<li>\n\t\tvalige avanevast men\u00fc\u00fcst soovitud plokk\n\t<\/li>\n<\/ul>\n<p>\n\tMen\u00fc\u00fcs on n\u00e4ha vaid need plokid, mis pole veel kursusel kasutusel v\u00f5i mida saab kursusele lisada mitu t\u00fckki.\n<\/p>\n<p>\n\tOlulisemateks plokkideks on:\n<\/p>\n<ul>\n<li>\n\t\t<em>Edenemise skaala <\/em>\u2013 annab graafilise \u00fclevaate, milliseid materjale ning tegevusi on \u00f5ppijad kursusel kasutanud.\n\t<\/li>\n<\/ul>\n<p>\n\t<\/p><div class=\"accordion mb-3\">\n        <div class=\"accordion-item accordion-item--white\">\n        <h2 class=\"accordion-header\" id=\"accordion-69ed89b14a46a-heading\">\n            <button class=\"accordion-button collapsed\" type=\"button\" data-bs-toggle=\"collapse\" data-bs-target=\"#accordion-69ed89b14a46a-collapse\" aria-expanded=\"true\" aria-controls=\"accordion-69ed89b14a46a-collapse\">Edenemise skaala seadistamine<\/button>\n        <\/h2>\n        <div id=\"accordion-69ed89b14a46a-collapse\" class=\"accordion-collapse collapse\" aria-labelledby=\"accordion-69ed89b14a46a-heading\">\n            <div class=\"accordion-body\">\n\n<ol>\n<li>\n\t\tKontrollige kursuse seadete lehel (<em>Seadistused \u2013 Muuda s\u00e4tteid<\/em>), kas l\u00f5petamise j\u00e4lgimine on sisse l\u00fclitatud (<em>L\u00f5petamise j\u00e4lgimine \u2013 Jah<\/em>).<br>\u00a0\n\t<\/li>\n<li>\n\t\tM\u00e4\u00e4rake k\u00f5igi soovitud vahendite ja tegevuste seadete lehel, millistel tingimustel loetakse tegevus l\u00f5petatuks (<em>Tegevuse l\u00f5petatus \u2013 L\u00f5petamise j\u00e4lgimine<\/em>). Te saate m\u00e4\u00e4rata, kas tegevus loetakse l\u00f5petatuks automaatselt (nt vahendi avamisel) v\u00f5i saavad \u00f5ppijad ise selle l\u00f5petatuks m\u00e4rkida. Tegevuste puhul saate s\u00f5ltuvalt konkreetsest tegevusest m\u00e4\u00e4rata l\u00f5petatuse juba t\u00e4psemalt. J\u00e4lgige, et m\u00e4\u00e4ratavad tingimused ei l\u00e4heks omavahel konflikti. Nt kui foorumipostituse eest peab saama hinde, siis ei peaks m\u00e4\u00e4rama, et n\u00f5utakse vaatamist v\u00f5i arutelusid v\u00f5i vastuseid. Samuti pole m\u00f5tet m\u00e4\u00e4rata l\u00f5petamise kuup\u00e4eva, kuna kuup\u00e4evi on vaja igal toimumiskorral j\u00e4lle muuta. Iga vahendi v\u00f5i tegevuse l\u00f5petatuse seadistamisel tekib kursuse avalehel vahendi v\u00f5i tegevuse j\u00e4rele m\u00e4rkeruut, mis vastavalt seadistusele t\u00e4idetakse \u00f5ppija poolt v\u00f5i automaatselt.<br>\u00a0\n\t<\/li>\n<li>\n\t\tLisage kursusele plokk Edenemise skaala (Lisa plokk \u2026). Ploki hammasrattast saate avada seadete lehe. Vaikimisi m\u00e4\u00e4ratud seadetega lisatakse plokki k\u00f5ik seadistatud tegevused kursusel paiknemise j\u00e4rjekorras. Teil on v\u00f5imalik muuta ploki pealkirja ning valida plokki ainult kindlad vahendid\/tegevused.\u00a0\u00a0\n\t<\/li>\n<\/ol>\n<p>\n\t<\/p><\/div>\n        <\/div>\n        <\/div>\n    <\/div>\n\n<ul>\n<li>\n\t\t<em>Eelseisvad s\u00fcndmused<\/em> \u2013 kursusel ajaliselt avanema v\u00f5i sulguma m\u00e4\u00e4ratud tegevuste loend, kalendrisse lisatud s\u00fcndmused.\n\t<\/li>\n<li>\n\t\t<em>HTML\u00a0<\/em>\u2013 saab lisada pilti ja teksti (nt \u00f5ppej\u00f5u info vm).\n\t<\/li>\n<li>\n\t\t<em>Kalender\u00a0<\/em>\u2013 sinna lisanduvad automaatselt n\u00e4iteks testide avanemise ja sulgumise ajad. Saab ka ise s\u00fcndmusi lisada: k\u00f5igile v\u00f5i r\u00fchmale.\n\t<\/li>\n<li>\n\t\t<em>Kursuse teemad\/n\u00e4dalad<\/em>\u00a0\u2013 lingid kursuse sisus olevatele n\u00e4dalatele\/teemadele.\n\t<\/li>\n<li>\n\t\t<em>Kursused<\/em>\u00a0\u2013 kursuste nimekiri, millele teil on ligip\u00e4\u00e4s \u00f5petajana v\u00f5i \u00f5pilasena.\n\t<\/li>\n<li>\n\t\t<em>Panopto<\/em> \u2013 videoloengute salvestamiseks\u00a0Panopto serverisse kursuse jaoks kausta loomine ja videote haldamine.\n\t<\/li>\n<li>\n\t\t<em>Sisenenud kasutajad\u00a0<\/em>\u2013 hetkel Moodles sees olevad kasutajad.\n\t<\/li>\n<li>\n\t\t<em>Tegevused\u00a0<\/em>\u2013 lingid \u00f5ppematerjalidele, foorumitele, testidele jm kursusel kasutatavatele vahenditele.\n\t<\/li>\n<\/ul>\n<p>\n\tMuutmisreziimis on ploki paremas \u00fclanurgas nupud: <em>nooltega nupp<\/em>\u00a0ploki liigutamiseks kursuse avalehel ja <em>hammasratas<\/em>\u00a0ploki seadete ja sisu muutmiseks, ploki peitmiseks v\u00f5i kustutamiseks.<\/p>\n","protected":false},"excerpt":{"rendered":"<p>Plokid paiknevad ekraani \u00e4\u00e4rtes. Plokke saab lisada, peita ja kustutada. Ploki lisamiseks: minge kursuse avalehel muutmisre\u017eiimi kerige leht alla ja kl\u00f5psake vasakus servas k\u00f5ige viimases plokis Lisa plokk\u00a0 valige avanevast men\u00fc\u00fcst soovitud plokk Men\u00fc\u00fcs on n\u00e4ha vaid need plokid, mis &#8230;<\/p>\n","protected":false},"author":6,"featured_media":0,"parent":0,"menu_order":0,"comment_status":"closed","ping_status":"closed","template":"","meta":{"_acf_changed":false,"inline_featured_image":false,"footnotes":""},"class_list":["post-151","page","type-page","status-publish","hentry"],"acf":[],"_links":{"self":[{"href":"https:\/\/sisu.ut.ee\/juhendid\/wp-json\/wp\/v2\/pages\/151","targetHints":{"allow":["GET"]}}],"collection":[{"href":"https:\/\/sisu.ut.ee\/juhendid\/wp-json\/wp\/v2\/pages"}],"about":[{"href":"https:\/\/sisu.ut.ee\/juhendid\/wp-json\/wp\/v2\/types\/page"}],"author":[{"embeddable":true,"href":"https:\/\/sisu.ut.ee\/juhendid\/wp-json\/wp\/v2\/users\/6"}],"replies":[{"embeddable":true,"href":"https:\/\/sisu.ut.ee\/juhendid\/wp-json\/wp\/v2\/comments?post=151"}],"version-history":[{"count":1,"href":"https:\/\/sisu.ut.ee\/juhendid\/wp-json\/wp\/v2\/pages\/151\/revisions"}],"predecessor-version":[{"id":1700,"href":"https:\/\/sisu.ut.ee\/juhendid\/wp-json\/wp\/v2\/pages\/151\/revisions\/1700"}],"wp:attachment":[{"href":"https:\/\/sisu.ut.ee\/juhendid\/wp-json\/wp\/v2\/media?parent=151"}],"curies":[{"name":"wp","href":"https:\/\/api.w.org\/{rel}","templated":true}]}}