{"id":148,"date":"2024-04-04T02:50:46","date_gmt":"2024-04-03T23:50:46","guid":{"rendered":"https:\/\/sisu.ut.ee\/juhendid\/ruhmade-loomine\/"},"modified":"2024-04-11T11:29:26","modified_gmt":"2024-04-11T08:29:26","slug":"ruhmade-loomine","status":"publish","type":"page","link":"https:\/\/sisu.ut.ee\/juhendid\/ruhmade-loomine\/","title":{"rendered":"R\u00fchmade loomine"},"content":{"rendered":"<h5 id=\"id-7.R\u00fchmat\u00f6\u00f6Moodle'is-1.R\u00fchmat\u00f6\u00f6planeeriminejaettevalmistamine\">\n\tKui \u00f5ppijad on \u00d5ISi ainekava juures registreerunud r\u00fchmadesse ja toimub \u00f5ppijate \u00fclekandmine Moodle\u2019i e-kursusele, siis moodustatakse Moodle\u2019is e-kursusel \u00f5ppijate \u00fclekandmise hetkel automaatselt samasugused r\u00fchmad ja paigutatakse \u00f5ppijad r\u00fchmadesse. Enamasti on need praktikumide v\u00f5i seminaride r\u00fchmad. R\u00fchmat\u00f6\u00f6ks tuleks e-kursusel luua eraldi r\u00fchmad ja kasutada r\u00fchmitusi.<br>\n<\/h5>\n<p>\n\tMoodle\u2019is saab kasutada r\u00fchmare\u017eiimi nii tervel kursusel (<em>Seadistused \u2013 Muuda s\u00e4tteid<\/em>) kui \u00fcksikute tegevuste puhul. Lisaks sellele v\u00f5ib olemasolevatest r\u00fchmadest moodustada veel r\u00fchmitused.\n<\/p>\n<p>\n\tR\u00fchmare\u017eiimi ja r\u00fchmitamist v\u00f5ib kasutada nii \u00f5pir\u00fchmade eristamiseks kui ka vahendite ja tegevuste valikuliseks avamiseks (millisele r\u00fchmitusele n\u00e4idatakse).\n<\/p>\n<h5>\n\tN\u00e4ide:\u00a0<br>\n<\/h5>\n<p>\n\tKursusel on \u00d5ISist \u00fcle kantud r\u00fchmad stats 1, stats 2\u00a0 ja stats 3. Nendes r\u00fchmades toimuvad seminarid ja te soovite hindetabelit ning \u00fclesandeid filtreerida nende r\u00fchmade j\u00e4rgi.\u00a0Lisaks toimub kursusel veebip\u00f5hine r\u00fchmat\u00f6\u00f6, mille jaoks on loodud e-kursusele k\u00e4sits r\u00fchmad R\u00fchmat\u00f6\u00f6 1, R\u00fchmat\u00f6\u00f6 2.\u00a0\n<\/p>\n<p>\n\t<img loading=\"lazy\" decoding=\"async\" data-file_info=\"%7B%22fid%22:%2216931%22,%22view_mode%22:%22default%22,%22type%22:%22media%22%7D\" height=\"258\" src=\"https:\/\/sisu.ut.ee\/wp-content\/uploads\/sites\/177\/ryhmitus-naide.png\" style=\"float: right;margin-left: 10px;margin-right: 10px;border: 1px solid #eee\" width=\"411\">\n<\/p>\n<p>\n\tEt seminarir\u00fchmad ja r\u00fchmat\u00f6\u00f6 r\u00fchmad omavahel seganimi ei l\u00e4heks, tuleks kasutada r\u00fchmitusi. Tuleb luua 2 r\u00fchmitust: n\u00e4iteks r\u00fchmitus 1 (seminarir\u00fchmade jaoks) ja r\u00fchmitus 2 (r\u00fchmat\u00f6\u00f6de r\u00fchmade jaoks) ning m\u00e4\u00e4rata, et r\u00fchmitus 1 sisaldab r\u00fchmi stats 1, stats 2\u00a0 ja stats 3\u00a0ning r\u00fchmitus 2 sisaldab r\u00fchmi R\u00fchmat\u00f6\u00f6 1, R\u00fchmat\u00f6\u00f6 2.\u00a0<\/p>\n<p>N\u00fc\u00fcd saate n\u00e4iteks m\u00e4\u00e4rata vahendi\/tegevuse seadete lehel mooduli \u00fcldiste seadete all, et \u00f5ppematerjal x ja test y on n\u00e4htavad ainult r\u00fchmitusele 1 ehk r\u00fchmade stats 1, stats 2\u00a0 ja stats 3\u00a0liikmetele jne.\u00a0\n<\/p>\n<hr>\n<p>\n\tTervel kursusel ja eraldi vahendite\/tegevuste juures saab kasutada 2 r\u00fchmare\u017eiimi:\n<\/p>\n<ol>\n<li>\n\t\tEraldatud r\u00fchmad \u2013 erinevate r\u00fchmade liikmed ei n\u00e4e \u00fcksteise tegevusi (n\u00e4iteks vikisid, foorumikirju).\n\t<\/li>\n<li>\n\t\tN\u00e4htavad r\u00fchmad \u2013 erinevate r\u00fchmade liikmed k\u00fcll n\u00e4evad \u00fcksteise tegevusi, kuid ei saa neis osaleda.\n\t<\/li>\n<\/ol>\n<p>\n\tR\u00fchmade loomiseks on mitu v\u00f5imalust:\n<\/p>\n<p>\n\t1. \u00f5ppijad on juba kursusele sisenenud\n<\/p>\n<ul>\n<li>\n\t\tte lasete Moodle\u2019il luua r\u00fchmad automaatselt\n\t<\/li>\n<li>\n\t\tloote r\u00fchmad ja t\u00f5state ise \u00f5ppijad \u00f5igetesse r\u00fchmadesse\n\t<\/li>\n<li>\n\t\tloote r\u00fchmad ja kasutate kursusel Moodle\u2019i tegevust <em>R\u00fchma valimine<\/em>, mille abil saavad \u00f5ppijad ise soovitud r\u00fchmaga liituda\n\t<\/li>\n<\/ul>\n<p>\n\t2. \u00f5ppijad pole veel kursusega liitunud\n<\/p>\n<ul>\n<li>\n\t\tloote r\u00fchmad ja m\u00e4\u00e4rate igale r\u00fchmale oma v\u00f5tme, millega \u00f5ppijad esmakordselt kursusega liitudes satuvad automaatselt \u00f5igesse r\u00fchma\n\t<\/li>\n<li>\n\t\tlasete \u00f5ppijatel r\u00fchmadesse registreeruda \u00d5ISis ja samad r\u00fchmad luuakse e-kursusele \u00f5ppijate \u00fclekandmisel automaatselt\u00a0\n\t<\/li>\n<\/ul>\n<h3>\n\t1. R\u00fchmade loomine k\u00e4sitsi<br>\n<\/h3>\n<ol>\n<li>\n\t\tvalige\u00a0<em>Seadistused\u00a0\u2013 Kasutajad <em>\u2013\u00a0<\/em>R\u00fchmad<\/em>\n\t<\/li>\n<li>\n\t\tuue r\u00fchma loomiseks\u00a0kl\u00f5psake nupul\u00a0<em>Loo r\u00fchm<\/em>\n\t<\/li>\n<li>\n\t\tiga r\u00fchma seadete lehel saate m\u00e4\u00e4rata ka r\u00fchma v\u00f5tme (ainult siis, kui soovite, et iseregistreerumisega kursusele v\u00f5tmega sisenevad \u00f5ppijad automaatselt ka vastavasse r\u00fchma lisataks)\n\t<\/li>\n<\/ol>\n<p>\n\t<img loading=\"lazy\" decoding=\"async\" width=\"562\" height=\"669\" class=\"alignnone wp-image-818\" style=\"margin-left: auto;margin-right: auto;border: 1px solid #eee\" src=\"https:\/\/sisu.ut.ee\/wp-content\/uploads\/sites\/177\/ryhmad1.png\" title=\"ryhmad1.png\" alt=\"ryhmad1.png\" srcset=\"https:\/\/sisu.ut.ee\/wp-content\/uploads\/sites\/177\/ryhmad1.png 562w, https:\/\/sisu.ut.ee\/wp-content\/uploads\/sites\/177\/ryhmad1-252x300.png 252w\" sizes=\"auto, (max-width: 562px) 100vw, 562px\">\n<\/p>\n<h5>\n\tNB! Kui soovite, et \u00f5ppijad satuks kursusega liitudes automaatselt \u00f5igesse r\u00fchma, peaksite andma \u00f5ppijatele ainult vastava r\u00fchma v\u00f5tme ning tervele kursusele v\u00f5tme k\u00fcll m\u00e4\u00e4rama (<em>Seadistused\u00a0\u2013 Kasutajad \u2013 Registreerimise meetodid \u2013 Iseregistreerumine (\u00d5ppija) \u2013 Registreerumise v\u00f5ti<\/em>), kuid seda \u00f5ppijatele mitte jagama. Kursuse v\u00f5tmega saaksid \u00f5ppijad k\u00fcll kursusele, kuid mitte \u00fchtegi r\u00fchma.<br>\n<\/h5>\n<h3>\n\tK\u00e4sitsi r\u00fchmaliikmete lisamine<br>\n<\/h3>\n<ol>\n<li>\n\t\tolete r\u00fchmade lehel:\u00a0<em>Seadistused\u00a0\u2013 Kasutajad <em>\u2013\u00a0<\/em>R\u00fchmad<\/em>\n\t<\/li>\n<li>\n\t\tkl\u00f5psake r\u00fchma nimel\n\t<\/li>\n<li>\n\t\tkl\u00f5psake parempoolse akna all oleval nupul\u00a0<em>Lisa\/eemalda liikmed \u2013 <\/em>teile\u00a0n\u00e4idatakse paremas aknas k\u00f5iki kursusel olevaid \u00f5ppijaid\n\t<\/li>\n<li>\n\t\tkl\u00f5psake \u00f5ppija nimel ja lisage vasakus aknas olevasse r\u00fchma\n\t<\/li>\n<\/ol>\n<h3>\n\t2. Automaatne r\u00fchmade loomine\u00a0(vt pilti)<br>\n<\/h3>\n<ol>\n<li>\n\t\tolete r\u00fchmade lehel:\u00a0<em>Seadistused\u00a0\u2013 Kasutajad <em>\u2013\u00a0<\/em>R\u00fchmad<\/em>\n\t<\/li>\n<li>\n\t\tkl\u00f5psake nupul\u00a0<em>Loo r\u00fchmad automaatselt<\/em>\u00a0ning m\u00e4\u00e4rake sobivad seaded. Kui r\u00fchma nimes on @-m\u00e4rk, eristatakse r\u00fchmanimesid t\u00e4htedega (nt R\u00fchm A, R\u00fchm B jne), kui panna r\u00fchma nimetusse # (nt R\u00fchm #), eristatakse automaatselt loodavad r\u00fchmanimed numbritega (nt R\u00fchm 1, R\u00fchm 2 jne)\n\t<\/li>\n<li>\n\t\tt\u00fchjade r\u00fchmade loomiseks (et \u00f5ppijad saaksid ise endale r\u00fchma valida) tuleb r\u00fchmaliikmete jaotamise seadeks m\u00e4\u00e4rata \u2013\u00a0<em>\u00c4ra lisa \u00f5ppijaid<\/em>\n\t<\/li>\n<\/ol>\n<p>\n\t<img loading=\"lazy\" decoding=\"async\" width=\"559\" height=\"624\" class=\"alignnone wp-image-819\" style=\"margin-left: auto;margin-right: auto;border: 1px solid #eee\" src=\"https:\/\/sisu.ut.ee\/wp-content\/uploads\/sites\/177\/ryhmad2.png\" title=\"ryhmad2.png\" alt=\"ryhmad2.png\" srcset=\"https:\/\/sisu.ut.ee\/wp-content\/uploads\/sites\/177\/ryhmad2.png 559w, https:\/\/sisu.ut.ee\/wp-content\/uploads\/sites\/177\/ryhmad2-269x300.png 269w\" sizes=\"auto, (max-width: 559px) 100vw, 559px\">\n<\/p>\n<p>\n\tOlemasolevate r\u00fchmade nimetuste v\u00f5i seadete muutmiseks\u00a0klikkige\u00a0<em>r\u00fchma nimel<\/em>\u00a0ja nupul\u00a0<em>Muuda r\u00fchma seadeid<\/em>.\n<\/p>\n<p>\n\tEt \u00f5ppijad saaksid ise endale r\u00fchma valida, loote r\u00fchmad ning lisate kursusele tegevuse\u00a0<em>R\u00fchma valimine<\/em>, kus saate muuhulgas m\u00e4\u00e4rata \u00f5ppijate arvu r\u00fchmades (vasakus men\u00fc\u00fcs\u00a0<em>R\u00fchmade suuruste m\u00e4\u00e4ramine<\/em>) ning registreerumisperioodi.\n<\/p>\n<hr>\n<h3>\n\tR\u00fchmitused<br>\n<\/h3>\n<p>\n\tR\u00fchmituste loomiseks\u00a0minge r\u00fchmade loomise lehele (<em>Seadistused \u2013 Kasutajad <em>\u2013\u00a0<\/em>R\u00fchmad<\/em>), valige\u00a0lehe \u00fclaservas rippmen\u00fc\u00fcst\u00a0<em>R\u00fchmitused<\/em>, nupul\u00a0<em>Loo r\u00fchmitus<\/em>. R\u00fchmitusse kuuluvate r\u00fchmade m\u00e4\u00e4ramiseks klikkige r\u00fchmituse rea l\u00f5pus olevat inimestega nupukest.<\/p>\n","protected":false},"excerpt":{"rendered":"<p>Kui \u00f5ppijad on \u00d5ISi ainekava juures registreerunud r\u00fchmadesse ja toimub \u00f5ppijate \u00fclekandmine Moodle\u2019i e-kursusele, siis moodustatakse Moodle\u2019is e-kursusel \u00f5ppijate \u00fclekandmise hetkel automaatselt samasugused r\u00fchmad ja paigutatakse \u00f5ppijad r\u00fchmadesse. Enamasti on need praktikumide v\u00f5i seminaride r\u00fchmad. R\u00fchmat\u00f6\u00f6ks tuleks e-kursusel luua eraldi &#8230;<\/p>\n","protected":false},"author":6,"featured_media":0,"parent":0,"menu_order":0,"comment_status":"closed","ping_status":"closed","template":"","meta":{"_acf_changed":false,"inline_featured_image":false,"footnotes":""},"class_list":["post-148","page","type-page","status-publish","hentry"],"acf":[],"_links":{"self":[{"href":"https:\/\/sisu.ut.ee\/juhendid\/wp-json\/wp\/v2\/pages\/148","targetHints":{"allow":["GET"]}}],"collection":[{"href":"https:\/\/sisu.ut.ee\/juhendid\/wp-json\/wp\/v2\/pages"}],"about":[{"href":"https:\/\/sisu.ut.ee\/juhendid\/wp-json\/wp\/v2\/types\/page"}],"author":[{"embeddable":true,"href":"https:\/\/sisu.ut.ee\/juhendid\/wp-json\/wp\/v2\/users\/6"}],"replies":[{"embeddable":true,"href":"https:\/\/sisu.ut.ee\/juhendid\/wp-json\/wp\/v2\/comments?post=148"}],"version-history":[{"count":1,"href":"https:\/\/sisu.ut.ee\/juhendid\/wp-json\/wp\/v2\/pages\/148\/revisions"}],"predecessor-version":[{"id":1703,"href":"https:\/\/sisu.ut.ee\/juhendid\/wp-json\/wp\/v2\/pages\/148\/revisions\/1703"}],"wp:attachment":[{"href":"https:\/\/sisu.ut.ee\/juhendid\/wp-json\/wp\/v2\/media?parent=148"}],"curies":[{"name":"wp","href":"https:\/\/api.w.org\/{rel}","templated":true}]}}