{"id":147,"date":"2024-04-04T02:50:46","date_gmt":"2024-04-03T23:50:46","guid":{"rendered":"https:\/\/sisu.ut.ee\/juhendid\/ruhmatoo-labiviimine\/"},"modified":"2024-04-11T11:28:17","modified_gmt":"2024-04-11T08:28:17","slug":"ruhmatoo-labiviimine","status":"publish","type":"page","link":"https:\/\/sisu.ut.ee\/juhendid\/ruhmatoo-labiviimine\/","title":{"rendered":"R\u00fchmat\u00f6\u00f6 l\u00e4biviimine"},"content":{"rendered":"<p>R\u00fchmat\u00f6\u00f6 on m\u00f5istlik jaotada 6 etappi, mida tuleks tutvustada ka \u00f5ppijatele:<\/p>\n<ol>\n<li>\u00fclesandega tutvumine<\/li>\n<li>rollide jagamine, ajakava paikapanek<\/li>\n<li>probleemi anal\u00fc\u00fcs ja lahenduste otsimine<\/li>\n<li>probleemist kokkuv\u00f5tte tegemine<\/li>\n<li>esitluse \u00fclespanek\/saatmine<\/li>\n<li>r\u00fchmat\u00f6\u00f6 l\u00f5petamine (kiitus, kokkuv\u00f5tvad s\u00f5nad, hindamine)<\/li>\n<\/ol>\n<p>R\u00fchmat\u00f6\u00f6 hindamine tuleb samuti juba enne r\u00fchmat\u00f6\u00f6 k\u00e4ivitamist l\u00e4bi m\u00f5elda. N\u00e4iteks v\u00f5ib panna sama hinde k\u00f5igile r\u00fchmaliikmetele v\u00f5i hoopis hinnata \u00f5ppijaid individuaalselt vastavalt tema panusele (kui panus on eristatav \u2013 nimed juures).<\/p>\n<p>Hindaja ei pea olema alati \u00f5ppej\u00f5ud:<\/p>\n<ul>\n<li>hindavad r\u00fchmakaaslased (avalikult \u2013 foorum)<\/li>\n<li>hindavad \u00f5ppijad ise (eneseanal\u00fc\u00fcs)<\/li>\n<li>hindavad teiste r\u00fchmade \u00f5ppijad<\/li>\n<\/ul>\n<p>Hinnata v\u00f5ib nii l\u00f5pp-produkti kui aktiivset osalemist (protsessi).<\/p>\n","protected":false},"excerpt":{"rendered":"<p>R\u00fchmat\u00f6\u00f6 on m\u00f5istlik jaotada 6 etappi, mida tuleks tutvustada ka \u00f5ppijatele: \u00fclesandega tutvumine rollide jagamine, ajakava paikapanek probleemi anal\u00fc\u00fcs ja lahenduste otsimine probleemist kokkuv\u00f5tte tegemine esitluse \u00fclespanek\/saatmine r\u00fchmat\u00f6\u00f6 l\u00f5petamine (kiitus, kokkuv\u00f5tvad s\u00f5nad, hindamine) R\u00fchmat\u00f6\u00f6 hindamine tuleb samuti juba enne r\u00fchmat\u00f6\u00f6 &#8230;<\/p>\n","protected":false},"author":6,"featured_media":0,"parent":0,"menu_order":0,"comment_status":"closed","ping_status":"closed","template":"","meta":{"_acf_changed":false,"inline_featured_image":false,"footnotes":""},"class_list":["post-147","page","type-page","status-publish","hentry"],"acf":[],"_links":{"self":[{"href":"https:\/\/sisu.ut.ee\/juhendid\/wp-json\/wp\/v2\/pages\/147","targetHints":{"allow":["GET"]}}],"collection":[{"href":"https:\/\/sisu.ut.ee\/juhendid\/wp-json\/wp\/v2\/pages"}],"about":[{"href":"https:\/\/sisu.ut.ee\/juhendid\/wp-json\/wp\/v2\/types\/page"}],"author":[{"embeddable":true,"href":"https:\/\/sisu.ut.ee\/juhendid\/wp-json\/wp\/v2\/users\/6"}],"replies":[{"embeddable":true,"href":"https:\/\/sisu.ut.ee\/juhendid\/wp-json\/wp\/v2\/comments?post=147"}],"version-history":[{"count":1,"href":"https:\/\/sisu.ut.ee\/juhendid\/wp-json\/wp\/v2\/pages\/147\/revisions"}],"predecessor-version":[{"id":1704,"href":"https:\/\/sisu.ut.ee\/juhendid\/wp-json\/wp\/v2\/pages\/147\/revisions\/1704"}],"wp:attachment":[{"href":"https:\/\/sisu.ut.ee\/juhendid\/wp-json\/wp\/v2\/media?parent=147"}],"curies":[{"name":"wp","href":"https:\/\/api.w.org\/{rel}","templated":true}]}}