{"id":143,"date":"2024-04-04T02:50:46","date_gmt":"2024-04-03T23:50:46","guid":{"rendered":"https:\/\/sisu.ut.ee\/juhendid\/sisuut\/"},"modified":"2025-12-12T12:14:04","modified_gmt":"2025-12-12T10:14:04","slug":"sisuut","status":"publish","type":"page","link":"https:\/\/sisu.ut.ee\/juhendid\/sisuut\/","title":{"rendered":"Sisu@UT"},"content":{"rendered":"<p>Sisu@UT keskkond (<a title=\"\" href=\"https:\/\/sisu.ut.ee\" target=\"_blank\" rel=\"noopener\" data-url=\"https:\/\/sisu.ut.ee\">https:\/\/sisu.ut.ee<\/a>) on m\u00f5eldud \u00fclikooli \u00f5ppe- ja teadust\u00f6\u00f6ga seotud veebilehestike tegemiseks. Sellega on v\u00f5imalik luua \u00f5piotstarbelisi sisupakette, projektide, t\u00f6\u00f6r\u00fchmade ja konverentside veebilehestikke jm. Veebilehestikke saavad luua ja muuta \u00fclikooli \u00f5ppej\u00f5ud jt t\u00f6\u00f6tajad ning doktori\u00f5ppe \u00fcli\u00f5pilased, kes omavad \u00fclikooli arvutiv\u00f5rgu kasutajatunnust.<\/p>\n<p>Sisu@UT kasutab <strong>WordPress Multisite<\/strong> platvormi.<\/p>\n<p>Loodud veebilehestiku v\u00f5imalikud staatused (<em>Theme settings, General, Page status<\/em>):<\/p>\n<ul>\n<li>Avalik ja indekseeritav (<em>Public and indexable<\/em>) \u2013 juurdep\u00e4\u00e4setav konkreetsel URL aadressil, leitav otsinguga otsides.<\/li>\n<li>Avalik ja mitte indekseeritav (<em>Public, but not indexable<\/em>) \u2013 juurdep\u00e4\u00e4setav konkreetsel URL aadressil, kuid pole leitav otsinguga otsides<\/li>\n<li>Privaatne (<em>Private<\/em>) \u2013 juurdep\u00e4\u00e4setav vaid sisselogitud kasutajale, kel on vastava lehestiku haldamise \u00f5igus<\/li>\n<\/ul>\n<p>Avalikke veebilehestikke saavad kasutajad vaadata veebilehitsejate abil ilma Sisu@UT-sse sisenemata.<\/p>\n<h5>Sisu@UT avalehel kuvatakse viimati uuendatud \u00fcheksat lehestikku ning \u00fclamen\u00fc\u00fcst on v\u00f5imalik minna kategooriate lehtedele, kus kuvatakse vastava kategooria lehestike nimekirja (k\u00f5ige viimati uuendatud lehestikud k\u00f5ige ees).<\/h5>\n<h3>1. Veebilehestike loomiseks tuleb Sisu@UT-sse sisse logida.<\/h3>\n<p>Sisenemine Sisu@UT-sse toimub aadressil <a title=\"\" href=\"https:\/\/sisu.ut.ee\" target=\"_blank\" rel=\"noopener\" data-url=\"https:\/\/sisu.ut.ee\">https:\/\/sisu.ut.ee<\/a> \u00fclikooli arvutiv\u00f5rgu kasutajatunnuse ja parooliga lingist <em><strong>Sisene SSO-ga<\/strong><\/em>. SSO-ga saavad siseneda \u00fclikooli t\u00f6\u00f6tajad ja doktori\u00f5ppe \u00fcli\u00f5pilased.<\/p>\n<h3>2. P\u00e4rast sisenemist saab luua uue lehestiku lingist <em>Loo lehestik<\/em>.<\/h3>\n<h3>3. Enda loodud avalikke v\u00f5i privaatseid lehestikke saab minna muutma Minu lehestikud (<em>My sites<\/em>) lingil kl\u00f5psates ning vastavat lehestikku avades.<\/h3>\n<h3>Kontakt ja abi<\/h3>\n<p>Probleemide ja k\u00fcsimuste korral v\u00f5i kui soovite individuaalset juhendamist, v\u00f5tke \u00fchendust oma valdkonna <a href=\"https:\/\/ut.ee\/et\/kontakt\/oppimis-ja-opetamiskeskus\" target=\"_blank\" rel=\"noopener\">\u00f5ppedisaineriga<\/a> v\u00f5i\u00a0kirjutage T\u00dc \u00f5ppimis- ja \u00f5petamiskeskuse aadressil\u00a0<a class=\"external-link\" href=\"mailto:eope@ut.ee\" target=\"_blank\" rel=\"nofollow noopener\" data-ext-link-init=\"true\">eope@ut.ee<\/a>.<\/p>\n<h3>Kasulikud materjalid<\/h3>\n<ul>\n<li><a href=\"https:\/\/sisu.ut.ee\/opiobjekt\" target=\"_blank\" rel=\"noopener\">\u00d5piobjekt ja selle omadused<\/a><\/li>\n<li><a href=\"\/wp-content\/uploads\/sites\/177\/kontrollkysimused_sisupakett.pdf\" target=\"_blank\" rel=\"noopener\">Kontrollk\u00fcsimused sisupaketi valmisoleku kohta<\/a><\/li>\n<li><a href=\"http:\/\/www.uttv.ee\/naita?id=24702\" target=\"_blank\" rel=\"noopener\">Autori\u00f5igustest (video)<\/a><\/li>\n<\/ul>\n","protected":false},"excerpt":{"rendered":"<p>Sisu@UT keskkond (https:\/\/sisu.ut.ee) on m\u00f5eldud \u00fclikooli \u00f5ppe- ja teadust\u00f6\u00f6ga seotud veebilehestike tegemiseks. Sellega on v\u00f5imalik luua \u00f5piotstarbelisi sisupakette, projektide, t\u00f6\u00f6r\u00fchmade ja konverentside veebilehestikke jm. Veebilehestikke saavad luua ja muuta \u00fclikooli \u00f5ppej\u00f5ud jt t\u00f6\u00f6tajad ning doktori\u00f5ppe \u00fcli\u00f5pilased, kes omavad \u00fclikooli arvutiv\u00f5rgu &#8230;<\/p>\n","protected":false},"author":6,"featured_media":0,"parent":0,"menu_order":0,"comment_status":"closed","ping_status":"closed","template":"","meta":{"_acf_changed":false,"inline_featured_image":false,"footnotes":""},"class_list":["post-143","page","type-page","status-publish","hentry"],"acf":[],"_links":{"self":[{"href":"https:\/\/sisu.ut.ee\/juhendid\/wp-json\/wp\/v2\/pages\/143","targetHints":{"allow":["GET"]}}],"collection":[{"href":"https:\/\/sisu.ut.ee\/juhendid\/wp-json\/wp\/v2\/pages"}],"about":[{"href":"https:\/\/sisu.ut.ee\/juhendid\/wp-json\/wp\/v2\/types\/page"}],"author":[{"embeddable":true,"href":"https:\/\/sisu.ut.ee\/juhendid\/wp-json\/wp\/v2\/users\/6"}],"replies":[{"embeddable":true,"href":"https:\/\/sisu.ut.ee\/juhendid\/wp-json\/wp\/v2\/comments?post=143"}],"version-history":[{"count":9,"href":"https:\/\/sisu.ut.ee\/juhendid\/wp-json\/wp\/v2\/pages\/143\/revisions"}],"predecessor-version":[{"id":4947,"href":"https:\/\/sisu.ut.ee\/juhendid\/wp-json\/wp\/v2\/pages\/143\/revisions\/4947"}],"wp:attachment":[{"href":"https:\/\/sisu.ut.ee\/juhendid\/wp-json\/wp\/v2\/media?parent=143"}],"curies":[{"name":"wp","href":"https:\/\/api.w.org\/{rel}","templated":true}]}}