{"id":128,"date":"2024-04-04T02:50:45","date_gmt":"2024-04-03T23:50:45","guid":{"rendered":"https:\/\/sisu.ut.ee\/juhendid\/otseulekanne\/"},"modified":"2024-08-21T16:05:10","modified_gmt":"2024-08-21T13:05:10","slug":"otseulekanne","status":"publish","type":"page","link":"https:\/\/sisu.ut.ee\/juhendid\/otseulekanne\/","title":{"rendered":"9. Veebi\u00fclekande tegemine"},"content":{"rendered":"<p>Panoptoga on v\u00f5imalik teha videosalvestusest veebi\u00fclekanne. Veebi\u00fclekande tegemiseks on kaks viisi:<\/p>\n\n\n\n<ol class=\"wp-block-list\">\n<li>luua eelnevalt veebi\u00fclekande link ning salvestada lingi loomisega tehtud sessiooni;<\/li>\n\n\n\n<li>alustada veebi\u00fclekannet otse programmist ning seej\u00e4rel levitada genereeritud linki soovitud osalejate vahel.\u00a0<\/li>\n<\/ol>\n\n\n\n<p>Veebi\u00fclekannet saavad vaikimisi vaadata kasutajad, kellele on jagatud kausta vaatamise \u00f5igused. <strong>Kommentaare ning k\u00fcsimusi saavad aga esitada vaid autenditud kasutajad \u2013 kes on sisenenud videosalvestusega seotud e-kursusele v\u00f5i UT Moodle kaudu Panoptosse. <\/strong>Otse\u00fclekannet saavad teha vaid kasutajad, kellel on olemas salvestamis\u00f5igused. Juhul kui on soov veebi\u00fclekannet luua ning puuduvad salvestamis\u00f5igused, siis tuleb kirjutada oma soovist aadressile eope@ut.ee.<\/p>\n\n\n\n<h2 class=\"wp-block-heading\">1. Eelnevalt loodud veebi\u00fclekande link<\/h2>\n\n\n\n<p>Veebi\u00fclekande jaoks saab eelnevalt jagatava lingi luua Tartu \u00dclikooli Panopto lehelt minnes aadressile <a href=\"https:\/\/ut.cloud.panopto.eu\/\">https:\/\/ut.cloud.panopto.eu\/<\/a>. Peale autentimist saab kasutaja, kellel on salvestamis\u00f5igused valida sinisest\u00a0<strong><em>Create<\/em><\/strong> nupust\u00a0<em><strong>Webcast<\/strong>.\u00a0<\/em>J\u00e4rgnevalt tuleb lisada avanenud aknasse seansi nimi ning valida kaust, kuhu soovitakse salvestada. Kui veebi\u00fclekannet on soov jagada avalikult, siis tuleb kindlasti lisada linnuke <em><strong>Sharing<\/strong><\/em><strong>\u00a0<\/strong>m\u00e4rkeruutu.\u00a0Seej\u00e4rel genereeritakse link, mida saab vaatajatele jagada.<\/p>\n\n\n\n<figure class=\"wp-block-image\"><img loading=\"lazy\" decoding=\"async\" width=\"605\" height=\"547\" src=\"https:\/\/sisu.ut.ee\/wp-content\/uploads\/sites\/177\/65329.jpg\" alt=\"webcast\" class=\"wp-image-771\" title=\"65329.jpg\" srcset=\"https:\/\/sisu.ut.ee\/wp-content\/uploads\/sites\/177\/65329.jpg 605w, https:\/\/sisu.ut.ee\/wp-content\/uploads\/sites\/177\/65329-300x271.jpg 300w\" sizes=\"auto, (max-width: 605px) 100vw, 605px\"><\/figure>\n\n\n\n<figure class=\"wp-block-image\"><img loading=\"lazy\" decoding=\"async\" width=\"811\" height=\"570\" src=\"https:\/\/sisu.ut.ee\/wp-content\/uploads\/sites\/177\/webcast_portal_2.png\" alt=\"webcast_portal_2.png\" class=\"wp-image-768\" title=\"webcast_portal_2.png\" srcset=\"https:\/\/sisu.ut.ee\/wp-content\/uploads\/sites\/177\/webcast_portal_2.png 811w, https:\/\/sisu.ut.ee\/wp-content\/uploads\/sites\/177\/webcast_portal_2-300x211.png 300w, https:\/\/sisu.ut.ee\/wp-content\/uploads\/sites\/177\/webcast_portal_2-768x540.png 768w\" sizes=\"auto, (max-width: 811px) 100vw, 811px\"><\/figure>\n\n\n\n<p><\/p>\n\n\n\n<figure class=\"wp-block-image\"><img loading=\"lazy\" decoding=\"async\" width=\"779\" height=\"337\" src=\"https:\/\/sisu.ut.ee\/wp-content\/uploads\/sites\/177\/webcast_link.png\" alt=\"webcast_link.png\" class=\"wp-image-770\" title=\"webcast_link.png\" srcset=\"https:\/\/sisu.ut.ee\/wp-content\/uploads\/sites\/177\/webcast_link.png 779w, https:\/\/sisu.ut.ee\/wp-content\/uploads\/sites\/177\/webcast_link-300x130.png 300w, https:\/\/sisu.ut.ee\/wp-content\/uploads\/sites\/177\/webcast_link-768x332.png 768w\" sizes=\"auto, (max-width: 779px) 100vw, 779px\"><\/figure>\n\n\n\n<p><\/p>\n\n\n\n<p>Salvestamiseks tuleb k\u00e4ivitada Panopto salvestamise programm ning valida sealt juba eelnevalt loodud veebi\u00fclekande sessioon nupust <strong>Join session<\/strong> ning alustada salvestamist (kui veebi\u00fclekande link ei avane tuleb kontrollida, kas ollakse \u00f5iges kaustas). Sel hetkel avatakse vaatajatele seanss ning veebi\u00fclekanne l\u00e4heb k\u00e4ima. Hiljem veebi\u00fclekanne salvestatakse ning enne arvuti sulgemist tuleks veenduda, et Panopto video \u00fcleslaadimise protsess on l\u00f5ppenud. Peale video protsessimist serveris on v\u00f5imalik salvestatud veebi\u00fclekannet j\u00e4rgi vaadata.<\/p>\n\n\n\n<h2 class=\"wp-block-heading\">2. Veebi\u00fclekande k\u00e4ivitamine otse programmist<\/h2>\n\n\n\n<p>Panopto salvestusprogrammis\u00a0veebi\u00fclekande k\u00e4ivitamiseks tuleb k\u00e4ituda samalaadselt nagu seda tehakse tavalise salvestuse puhul. Erinevus on selles, et m\u00e4rkeruutu, mille ees on kirjas <em><strong>Webcast<\/strong>,<\/em> tuleb teha linnuke \u2013 salvestamise nupule vajutades genereeritakse link ning kasutaja saab saadud linki soovitud vaatajatega jagada. Kindlasti peab kontrollima \u00fcle kausta vaatamis\u00f5igused juhul,\u00a0kui veebi\u00fclekannet soovitakse jagada avalikult.\u00a0<\/p>\n\n\n\n<figure class=\"wp-block-image\"><img loading=\"lazy\" decoding=\"async\" width=\"1118\" height=\"132\" src=\"https:\/\/sisu.ut.ee\/wp-content\/uploads\/sites\/177\/panopto_webcast.png\" alt=\"panopto_webcast.png\" class=\"wp-image-769\" title=\"panopto_webcast.png\" srcset=\"https:\/\/sisu.ut.ee\/wp-content\/uploads\/sites\/177\/panopto_webcast.png 1118w, https:\/\/sisu.ut.ee\/wp-content\/uploads\/sites\/177\/panopto_webcast-300x35.png 300w, https:\/\/sisu.ut.ee\/wp-content\/uploads\/sites\/177\/panopto_webcast-1024x121.png 1024w, https:\/\/sisu.ut.ee\/wp-content\/uploads\/sites\/177\/panopto_webcast-768x91.png 768w\" sizes=\"auto, (max-width: 1118px) 100vw, 1118px\"><\/figure>\n\n\n\n<p><\/p>\n","protected":false},"excerpt":{"rendered":"<p>Panoptoga on v\u00f5imalik teha videosalvestusest veebi\u00fclekanne. Veebi\u00fclekande tegemiseks on kaks viisi: Veebi\u00fclekannet saavad vaikimisi vaadata kasutajad, kellele on jagatud kausta vaatamise \u00f5igused. Kommentaare ning k\u00fcsimusi saavad aga esitada vaid autenditud kasutajad \u2013 kes on sisenenud videosalvestusega seotud e-kursusele v\u00f5i UT &#8230;<\/p>\n","protected":false},"author":6,"featured_media":0,"parent":0,"menu_order":0,"comment_status":"closed","ping_status":"closed","template":"","meta":{"_acf_changed":false,"inline_featured_image":false,"footnotes":""},"class_list":["post-128","page","type-page","status-publish","hentry"],"acf":[],"_links":{"self":[{"href":"https:\/\/sisu.ut.ee\/juhendid\/wp-json\/wp\/v2\/pages\/128","targetHints":{"allow":["GET"]}}],"collection":[{"href":"https:\/\/sisu.ut.ee\/juhendid\/wp-json\/wp\/v2\/pages"}],"about":[{"href":"https:\/\/sisu.ut.ee\/juhendid\/wp-json\/wp\/v2\/types\/page"}],"author":[{"embeddable":true,"href":"https:\/\/sisu.ut.ee\/juhendid\/wp-json\/wp\/v2\/users\/6"}],"replies":[{"embeddable":true,"href":"https:\/\/sisu.ut.ee\/juhendid\/wp-json\/wp\/v2\/comments?post=128"}],"version-history":[{"count":2,"href":"https:\/\/sisu.ut.ee\/juhendid\/wp-json\/wp\/v2\/pages\/128\/revisions"}],"predecessor-version":[{"id":3790,"href":"https:\/\/sisu.ut.ee\/juhendid\/wp-json\/wp\/v2\/pages\/128\/revisions\/3790"}],"wp:attachment":[{"href":"https:\/\/sisu.ut.ee\/juhendid\/wp-json\/wp\/v2\/media?parent=128"}],"curies":[{"name":"wp","href":"https:\/\/api.w.org\/{rel}","templated":true}]}}