{"id":124,"date":"2024-04-04T02:50:44","date_gmt":"2024-04-03T23:50:44","guid":{"rendered":"https:\/\/sisu.ut.ee\/juhendid\/bbb-juhised-osalejale\/"},"modified":"2025-06-16T09:32:39","modified_gmt":"2025-06-16T06:32:39","slug":"bbb-juhised-osalejale","status":"publish","type":"page","link":"https:\/\/sisu.ut.ee\/juhendid\/bbb-juhised-osalejale\/","title":{"rendered":"BBB &#8211; juhised osalejale"},"content":{"rendered":"<p>1. BBB kasutamiseks vajate te <strong>kiiret interneti\u00fchendust<\/strong> (v\u00f5imalusel kaabliga, mitte wifit).<\/p>\n<p>2. Audio kuulamiseks\u00a0vajate k\u00f5rvaklappe v\u00f5i <strong>k\u00f5lareid<\/strong>, r\u00e4\u00e4kimiseks <strong>mikrofoni<\/strong> ning\u00a0enda videopildi edastamiseks <strong>veebikaamerat<\/strong>. Kui videopildi edastamine pole h\u00e4davajalik, siis ressursi s\u00e4\u00e4stmiseks on parem piirduda audioga.<\/p>\n<p>3. BBB kasutamiseks sobib k\u00f5ige paremini <strong>Google Chrome<\/strong>. Sellele j\u00e4rgneb Firefox ning Opera. Teiste veebilehitsejega v\u00f5ib esineda probleeme helikvaliteedis ning ekraanijagamisel. <strong>Internet Exploreriga BBB ning salvestused ei t\u00f6\u00f6ta<\/strong>.\u00a0Apple\u2019i telefonides kasutage <strong>Safarit<\/strong>.<\/p>\n<p>4.\u00a0BBB sessiooni ruumi sisenedes valige, kas soovite osaleda vaid kuulates (<em>Listen only<\/em>) v\u00f5i soovite kasutada ka mikrofoni (<em>Microphone<\/em>).<\/p>\n<p style=\"text-align: center;\"><img loading=\"lazy\" decoding=\"async\" class=\"alignnone  wp-image-3681\" src=\"https:\/\/sisu.ut.ee\/wp-content\/uploads\/sites\/177\/join1.png\" alt=\"\" width=\"384\" height=\"262\" srcset=\"https:\/\/sisu.ut.ee\/wp-content\/uploads\/sites\/177\/join1.png 630w, https:\/\/sisu.ut.ee\/wp-content\/uploads\/sites\/177\/join1-300x205.png 300w\" sizes=\"auto, (max-width: 384px) 100vw, 384px\"><\/p>\n<p>5.\u00a0Kui valite sisenedes <strong><em>Listen only<\/em><\/strong>, siis ei ole teil hiljem v\u00f5imalik audiona r\u00e4\u00e4kida. Kui tekib vajadus r\u00e4\u00e4kida, siis peate kl\u00f5psama audio nupul ning valima mikrofoni.<\/p>\n<p>6. Kui teete t\u00f6\u00f6d eraldatud r\u00fchmas, siis salvestage r\u00fchmaga tehtu (nt kuvapildina), sest eraldatud r\u00fchmast lahkudes teie loodud sisu kaob sealt. <em>Presenter<\/em> \u00f5igustes eraldatud ruumide loojal on v\u00f5imalik nendes tehtud valgeid tahvleid salvestada, valides vastava valiku ruumide loomise seadetes.<\/p>\n<p>7. Kui te tulete <strong>eraldatud ruumist tagasi <\/strong>\u00fcldisesse ruumi, tehakse audiotest automaatselt.<\/p>\n<p>8. Kui te kuulate sessiooni, siis on soovitatav oma <strong>mikrofon<\/strong> v\u00e4lja l\u00fclitada, et teie ruumi taustahelid seminariruumi ei kostaks (nt klaviatuurih\u00e4\u00e4l). L\u00fclitage mikrofon sisse vaid siis, kui teil on vajadus r\u00e4\u00e4kida.<\/p>\n<p style=\"text-align: center;\"><img loading=\"lazy\" decoding=\"async\" class=\"alignnone  wp-image-3688\" src=\"https:\/\/sisu.ut.ee\/wp-content\/uploads\/sites\/177\/mute.png\" alt=\"\" width=\"244\" height=\"70\" srcset=\"https:\/\/sisu.ut.ee\/wp-content\/uploads\/sites\/177\/mute.png 432w, https:\/\/sisu.ut.ee\/wp-content\/uploads\/sites\/177\/mute-300x86.png 300w\" sizes=\"auto, (max-width: 244px) 100vw, 244px\"><\/p>\n<p>9. Kui soovite n\u00e4idata oma veebikaamera pilti, siis l\u00fclitage <strong>veebikaamera<\/strong> sisse, kuid uuesti kuulaja rolli asudes on soovitatav ressursside s\u00e4\u00e4stmiseks kaamera v\u00e4lja l\u00fclitada.<\/p>\n<p style=\"text-align: center;\"><img loading=\"lazy\" decoding=\"async\" class=\"alignnone  wp-image-3690\" src=\"https:\/\/sisu.ut.ee\/wp-content\/uploads\/sites\/177\/video.png\" alt=\"\" width=\"244\" height=\"70\" srcset=\"https:\/\/sisu.ut.ee\/wp-content\/uploads\/sites\/177\/video.png 432w, https:\/\/sisu.ut.ee\/wp-content\/uploads\/sites\/177\/video-300x86.png 300w\" sizes=\"auto, (max-width: 244px) 100vw, 244px\"><\/p>\n<p>10. Kui te soovite esinejale <strong>k\u00fcsimust esitada<\/strong>, siis on seda v\u00f5imalik teha vestluse aknas.<\/p>\n<p>11. Kui te soovite s\u00f5na, siis kasutage <strong>k\u00e4et\u00f5stmise funktsiooni<\/strong>. Selleks kl\u00f5psake k\u00e4e-nupul akna paremas alanurgas. K\u00e4e kujutis ilmub osalejate nimekirjas teie nime ees olevale ikoonile. Samal nupul kl\u00f5psates saate k\u00e4et\u00f5stmise t\u00fchistada. Kui olete veebikaameraga \u00fchendatud ja soovite s\u00f5na, siis on v\u00f5imalik f\u00fc\u00fcsiliselt k\u00e4ega lehvitada.<\/p>\n<p>12. Kui seminari moderaator annab teile <strong>esitleja<\/strong> (<em>presenter<\/em>) \u00f5igused, siis saate laadida \u00fcles esitluse faili (<strong>sinisest pluss-nupust<\/strong>\u00a0akna alaservas) ja n\u00e4idata oma esitlust ning r\u00e4\u00e4kida. Slaidid v\u00f5iks olla salvestatud <strong>pdf-formaati<\/strong>. Enda ekraani saate n\u00e4idata k\u00f5ige parempoolsemast nupust <em>Share your screen<\/em>. Moderaator saab esitleja \u00f5igused igal hetkel\u00a0j\u00e4lle endale tagasi v\u00f5tta. Esitleja\u00a0\u00f5igus on korraga vaid \u00fchel inimesel.<\/p>\n<p><img loading=\"lazy\" decoding=\"async\" class=\"alignnone  wp-image-3668 aligncenter\" src=\"https:\/\/sisu.ut.ee\/wp-content\/uploads\/sites\/177\/ekraani-jagamine.png\" alt=\"\" width=\"339\" height=\"70\" srcset=\"https:\/\/sisu.ut.ee\/wp-content\/uploads\/sites\/177\/ekraani-jagamine.png 562w, https:\/\/sisu.ut.ee\/wp-content\/uploads\/sites\/177\/ekraani-jagamine-300x62.png 300w\" sizes=\"auto, (max-width: 339px) 100vw, 339px\"><\/p>\n","protected":false},"excerpt":{"rendered":"<p>1. BBB kasutamiseks vajate te kiiret interneti\u00fchendust (v\u00f5imalusel kaabliga, mitte wifit). 2. Audio kuulamiseks\u00a0vajate k\u00f5rvaklappe v\u00f5i k\u00f5lareid, r\u00e4\u00e4kimiseks mikrofoni ning\u00a0enda videopildi edastamiseks veebikaamerat. Kui videopildi edastamine pole h\u00e4davajalik, siis ressursi s\u00e4\u00e4stmiseks on parem piirduda audioga. 3. BBB kasutamiseks sobib k\u00f5ige &#8230;<\/p>\n","protected":false},"author":6,"featured_media":0,"parent":0,"menu_order":0,"comment_status":"closed","ping_status":"closed","template":"","meta":{"_acf_changed":false,"inline_featured_image":false,"footnotes":""},"class_list":["post-124","page","type-page","status-publish","hentry"],"acf":[],"_links":{"self":[{"href":"https:\/\/sisu.ut.ee\/juhendid\/wp-json\/wp\/v2\/pages\/124","targetHints":{"allow":["GET"]}}],"collection":[{"href":"https:\/\/sisu.ut.ee\/juhendid\/wp-json\/wp\/v2\/pages"}],"about":[{"href":"https:\/\/sisu.ut.ee\/juhendid\/wp-json\/wp\/v2\/types\/page"}],"author":[{"embeddable":true,"href":"https:\/\/sisu.ut.ee\/juhendid\/wp-json\/wp\/v2\/users\/6"}],"replies":[{"embeddable":true,"href":"https:\/\/sisu.ut.ee\/juhendid\/wp-json\/wp\/v2\/comments?post=124"}],"version-history":[{"count":10,"href":"https:\/\/sisu.ut.ee\/juhendid\/wp-json\/wp\/v2\/pages\/124\/revisions"}],"predecessor-version":[{"id":4566,"href":"https:\/\/sisu.ut.ee\/juhendid\/wp-json\/wp\/v2\/pages\/124\/revisions\/4566"}],"wp:attachment":[{"href":"https:\/\/sisu.ut.ee\/juhendid\/wp-json\/wp\/v2\/media?parent=124"}],"curies":[{"name":"wp","href":"https:\/\/api.w.org\/{rel}","templated":true}]}}