{"id":108,"date":"2024-04-04T02:50:43","date_gmt":"2024-04-03T23:50:43","guid":{"rendered":"https:\/\/sisu.ut.ee\/juhendid\/jututuba\/"},"modified":"2024-04-11T10:36:54","modified_gmt":"2024-04-11T07:36:54","slug":"jututuba","status":"publish","type":"page","link":"https:\/\/sisu.ut.ee\/juhendid\/jututuba\/","title":{"rendered":"Jututuba"},"content":{"rendered":"<p>Jututuba v\u00f5imaldab kursusel osalejatel suhelda s\u00fcnkroonselt (reaalajas) tekstip\u00f5hiselt. Selleks peavad vestluses osalejad kasutama jututuba \u00fcheaegselt. Jututoa kaudu sobib l\u00e4bi viia seminare ja konsultatsioone (v\u00e4ikestele r\u00fchmadele) v\u00f5i kasutada seda r\u00fchmare\u017eiimis r\u00fchmasiseseks suhtlemiseks r\u00fchmat\u00f6\u00f6s. Vestlusi saab salvestada ning soovi korral hiljem vaadata.<\/p>\n<h3>Jututoa lisamiseks kursuse avalehele:<\/h3>\n<ul>\n<li>valige lingist\u00a0<em>Lisa vahend v\u00f5i tegevus<\/em>\u00a0avanevast aknast\u00a0<em>Jututuba<\/em><\/li>\n<li>sisestage jututoale nimi ning kirjeldus<\/li>\n<li>m\u00e4\u00e4rake sessioonide seaded (automaatsed kordused, kui vestlused toimuvad regulaarselt)<\/li>\n<li>m\u00e4\u00e4rake salvestamise ja j\u00e4relvaatamise seaded<\/li>\n<li>kui jututuba peab olema kasutatav r\u00fchmana, valige sobiv r\u00fchmare\u017eiim<\/li>\n<\/ul>\n","protected":false},"excerpt":{"rendered":"<p>Jututuba v\u00f5imaldab kursusel osalejatel suhelda s\u00fcnkroonselt (reaalajas) tekstip\u00f5hiselt. Selleks peavad vestluses osalejad kasutama jututuba \u00fcheaegselt. Jututoa kaudu sobib l\u00e4bi viia seminare ja konsultatsioone (v\u00e4ikestele r\u00fchmadele) v\u00f5i kasutada seda r\u00fchmare\u017eiimis r\u00fchmasiseseks suhtlemiseks r\u00fchmat\u00f6\u00f6s. Vestlusi saab salvestada ning soovi korral hiljem vaadata. &#8230;<\/p>\n","protected":false},"author":6,"featured_media":0,"parent":0,"menu_order":0,"comment_status":"closed","ping_status":"closed","template":"","meta":{"_acf_changed":false,"inline_featured_image":false,"footnotes":""},"class_list":["post-108","page","type-page","status-publish","hentry"],"acf":[],"_links":{"self":[{"href":"https:\/\/sisu.ut.ee\/juhendid\/wp-json\/wp\/v2\/pages\/108","targetHints":{"allow":["GET"]}}],"collection":[{"href":"https:\/\/sisu.ut.ee\/juhendid\/wp-json\/wp\/v2\/pages"}],"about":[{"href":"https:\/\/sisu.ut.ee\/juhendid\/wp-json\/wp\/v2\/types\/page"}],"author":[{"embeddable":true,"href":"https:\/\/sisu.ut.ee\/juhendid\/wp-json\/wp\/v2\/users\/6"}],"replies":[{"embeddable":true,"href":"https:\/\/sisu.ut.ee\/juhendid\/wp-json\/wp\/v2\/comments?post=108"}],"version-history":[{"count":1,"href":"https:\/\/sisu.ut.ee\/juhendid\/wp-json\/wp\/v2\/pages\/108\/revisions"}],"predecessor-version":[{"id":1743,"href":"https:\/\/sisu.ut.ee\/juhendid\/wp-json\/wp\/v2\/pages\/108\/revisions\/1743"}],"wp:attachment":[{"href":"https:\/\/sisu.ut.ee\/juhendid\/wp-json\/wp\/v2\/media?parent=108"}],"curies":[{"name":"wp","href":"https:\/\/api.w.org\/{rel}","templated":true}]}}