{"id":107,"date":"2024-04-04T02:50:43","date_gmt":"2024-04-03T23:50:43","guid":{"rendered":"https:\/\/sisu.ut.ee\/juhendid\/bbb\/"},"modified":"2026-02-06T12:33:38","modified_gmt":"2026-02-06T10:33:38","slug":"bbb","status":"publish","type":"page","link":"https:\/\/sisu.ut.ee\/juhendid\/bbb\/","title":{"rendered":"BBB kasutamine Moodle&#8217;is"},"content":{"rendered":"<h5>BBB kasutamiseks lisage Moodle\u2019is e-kursuse avalehele tegevus\u00a0BigBlueButton.<\/h5>\n<div>\n<h3>BigBlueButtoni lisamiseks:<\/h3>\n<ul>\n<li>valige lingist\u00a0<em>Lisa vahend v\u00f5i tegevus<\/em>\u00a0avanevast aknast\u00a0<em>BigBlueButton<\/em><\/li>\n<li>sisestage BBB-le nimi ning kirjeldus. Kirjeldusse v\u00f5ib lisada juhised \u00f5ppijale<\/li>\n<\/ul>\n<p><\/p><div class=\"accordion mb-3\">\n        <div class=\"accordion-item accordion-item--white\">\n        <h2 class=\"accordion-header\" id=\"accordion-69d49fcd7a4a2-heading\">\n            <button class=\"accordion-button collapsed\" type=\"button\" data-bs-toggle=\"collapse\" data-bs-target=\"#accordion-69d49fcd7a4a2-collapse\" aria-expanded=\"true\" aria-controls=\"accordion-69d49fcd7a4a2-collapse\">N\u00e4idisjuhis \u00f5ppijale (ava ja kopeeri)<\/button>\n        <\/h2>\n        <div id=\"accordion-69d49fcd7a4a2-collapse\" class=\"accordion-collapse collapse\" aria-labelledby=\"accordion-69d49fcd7a4a2-heading\">\n            <div class=\"accordion-body\">\n<p>Veebiseminarid\/praktikumid toimuvad BigBlueButtoni rakenduse vahendusel. Selleks vajate kiiremat interneti\u00fchendust (v\u00f5imalusel kaabliga, mitte wifit), audio kuulamiseks k\u00f5rvaklappe v\u00f5i k\u00f5lareid, r\u00e4\u00e4kimiseks mikrofoni, enda videopildi edastamiseks veebikaamerat. Kui videopildi edastamine pole h\u00e4davajalik, siis ressursi s\u00e4\u00e4stmiseks on parem piirduda audioga. Kui teil pole vaja teha ettekannet v\u00f5i k\u00fcsida, l\u00fclitage kaja\/m\u00fcra v\u00e4ltimiseks enda mikrofon v\u00e4lja. Esitluse slaidid salvestage eelnevalt pdf-formaati.<\/p>\n<p>Veebilehitsejaks\u00a0<b>sobib\u00a0k\u00f5ige paremini\u00a0<\/b>Google Chrome.\u00a0<b>Apple\u2019i telefonis\u00a0<\/b>kasutage Safarit.<\/p>\n<p>BBB juhend osalejale:\u00a0<a title=\"\" href=\"https:\/\/sisu.ut.ee\/juhendid\/bbb-juhised-osalejale\" target=\"_blank\" rel=\"noopener\" data-url=\"https:\/\/sisu.ut.ee\/juhendid\/bbb-juhised-osalejale\">https:\/\/sisu.ut.ee\/juhendid\/bbb-juhised-osalejale<\/a><\/p>\n<hr>\n<p>Webinars\/workshops take place through the BigBlueButton application. You will need a faster internet connection (wired if possible, not Wi-Fi), headphones or speakers to listen to audio, a microphone to talk to, a webcam to stream your video. If transmitting a video image is not essential, use audio only. If you do not need to make a presentation or ask, turn off\/mute your microphone to avoid echo and noise.<\/p>\n<p>Use <b>Google Chrome<\/b> web browser or <b>Safari on iPhones<\/b>.<\/p>\n<p>Instructions:\u00a0<a title=\"\" href=\"https:\/\/sisu.ut.ee\/juhendid\/bbb-%E2%80%93-instructions-users\" target=\"_blank\" rel=\"noopener\" data-url=\"https:\/\/sisu.ut.ee\/juhendid\/bbb-%E2%80%93-instructions-users\">https:\/\/sisu.ut.ee\/juhendid\/bbb-%E2%80%93-instructions-users<\/a><\/p>\n<p><\/p><\/div>\n        <\/div>\n        <\/div>\n    <\/div>\n<ul>\n<li>seadistage sessiooni salvestamine (vaikimisi seadetega saab salvestada)<\/li>\n<li>seadistage kasutajate \u00f5igused (<em>Lukusta seaded<\/em>) kasutada BBB ruumi v\u00f5imalusi. Neid \u00f5igusi saate muuta ka ruumis olles<\/li>\n<li>seadistage, kas osalejad peavad ootama moderaatori sisenemist (vaikimisi seadetega ei pea ootama)<\/li>\n<li>laadige soovi korral \u00fcles esitluse vm fail (soovitavalt pdf-formaadis)<\/li>\n<li>vaadake \u00fcle osalejate rollid (moderaator v\u00f5i vaataja, vaikimisi seadetega on paigas)<\/li>\n<li>siduge sessioon soovi korral kalendriga<\/li>\n<li>kui BBB peab olema kasutatav r\u00fchmana, valige sobiv r\u00fchmare\u017eiim<\/li>\n<\/ul>\n<\/div>\n<p><strong>Salvestatud sessioonid<\/strong> ilmuvad automaatselt m\u00f5ne aja m\u00f6\u00f6dudes vastava BBB seminariruumi juurde. Kuna salvestised asuvad eraldi serveris, siis saab nende linke levitada ka Moodle\u2019i kursuse v\u00e4liselt. Salvestiste n\u00e4gemiseks ei pea olema Moodle\u2019i kursusele sisse logitud, vaid salvestist n\u00e4eb iga\u00fcks, kes teab vastavat veebiaadressi (<a title=\"\" href=\"https:\/\/bbb.ut.ee\/playback\/presentation\/2.3\/455fee845a48d6cf6cb73c26efdc50e1dc44d438-1613044799613?meetingId=455fee845a48d6cf6cb73c26efdc50e1dc44d438-1613044799613\" target=\"_blank\" rel=\"noopener\" data-url=\"https:\/\/bbb.ut.ee\/playback\/presentation\/2.3\/455fee845a48d6cf6cb73c26efdc50e1dc44d438-1613044799613?meetingId=455fee845a48d6cf6cb73c26efdc50e1dc44d438-1613044799613\">vt n\u00e4idet<\/a>).<\/p>\n<h3>Kes saavad Moodle\u2019is BBBs osaleda?<\/h3>\n<p>Moodle\u2019is loodud BBB\u00a0ruumis saavad osaleda k\u00f5ik kursusele lisatud inimesed \u2013 \u00f5ppej\u00f5ud moderaatori rollis ning \u00f5ppijad vaataja rollis. Lisaks saab lubada osaleda ka k\u00fclalistel, kel pole Moodle\u2019is kasutajakontot ja kes pole lisatud kursusele. Selleks tuleb BBB ruumi seadetes\u00a0<em>K\u00fclalise juurdep\u00e4\u00e4s<\/em>\u00a0l\u00f5igus m\u00e4rkida<em>\u00a0<\/em><em>Luba k\u00fclalise ligip\u00e4\u00e4s<\/em>. K\u00fclalised p\u00e4\u00e4sevad BBB ruumi sessiooni lingi ja parooli abil, mis tuleb neile saata kas eraldi e-kirjana v\u00f5i siis Moodle\u2019ist BBB ruumi juurest\u00a0<em>Lisa k\u00fclalised<\/em>\u00a0lingi kaudu.<\/p>\n<p style=\"text-align: center;\"><img loading=\"lazy\" decoding=\"async\" width=\"1668\" height=\"208\" class=\"alignnone wp-image-690\" style=\"width: 600px; height: 75px;\" title=\"screenshot_2023-08-01_at_10.51.10_01.png\" src=\"https:\/\/sisu.ut.ee\/wp-content\/uploads\/sites\/177\/screenshot_2023-08-01_at_10.51.10_01.png\" alt=\"K\u00fclalised\" srcset=\"https:\/\/sisu.ut.ee\/wp-content\/uploads\/sites\/177\/screenshot_2023-08-01_at_10.51.10_01.png 1668w, https:\/\/sisu.ut.ee\/wp-content\/uploads\/sites\/177\/screenshot_2023-08-01_at_10.51.10_01-300x37.png 300w, https:\/\/sisu.ut.ee\/wp-content\/uploads\/sites\/177\/screenshot_2023-08-01_at_10.51.10_01-1024x128.png 1024w, https:\/\/sisu.ut.ee\/wp-content\/uploads\/sites\/177\/screenshot_2023-08-01_at_10.51.10_01-768x96.png 768w, https:\/\/sisu.ut.ee\/wp-content\/uploads\/sites\/177\/screenshot_2023-08-01_at_10.51.10_01-1536x192.png 1536w\" sizes=\"auto, (max-width: 1668px) 100vw, 1668px\"><\/p>\n<p style=\"text-align: center;\"><img loading=\"lazy\" decoding=\"async\" width=\"1566\" height=\"646\" class=\"alignnone wp-image-688\" style=\"width: 600px; height: 248px;\" title=\"screenshot_2023-08-01_at_10.53.05.png\" src=\"https:\/\/sisu.ut.ee\/wp-content\/uploads\/sites\/177\/screenshot_2023-08-01_at_10.53.05.png\" alt=\"BBB k\u00fclalised\" srcset=\"https:\/\/sisu.ut.ee\/wp-content\/uploads\/sites\/177\/screenshot_2023-08-01_at_10.53.05.png 1566w, https:\/\/sisu.ut.ee\/wp-content\/uploads\/sites\/177\/screenshot_2023-08-01_at_10.53.05-300x124.png 300w, https:\/\/sisu.ut.ee\/wp-content\/uploads\/sites\/177\/screenshot_2023-08-01_at_10.53.05-1024x422.png 1024w, https:\/\/sisu.ut.ee\/wp-content\/uploads\/sites\/177\/screenshot_2023-08-01_at_10.53.05-768x317.png 768w, https:\/\/sisu.ut.ee\/wp-content\/uploads\/sites\/177\/screenshot_2023-08-01_at_10.53.05-1536x634.png 1536w\" sizes=\"auto, (max-width: 1566px) 100vw, 1566px\"><\/p>\n<h3>Kuidas m\u00e4\u00e4rata, mida osalejad BBBs teha saavad ja mida mitte?<\/h3>\n<p>Kui te ei soovi, et vaatajad saaksid jagada oma veebikaamerat ja\/v\u00f5i mikrofoni v\u00f5i et nad ei n\u00e4eks teiste osalejate veebikaamerate pilti v\u00f5i ei saaks kirjutada avalikku vestlusse (<em>Public chat<\/em>), siis on v\u00f5imalik need tegevused keelata, l\u00fclitades vastavad nupud v\u00e4lja. Neid seadeid saab \u00f5ppet\u00f6\u00f6 ajal igal hetkel muuta, mis teeb v\u00f5imalikuks nt vestlusaknas kirjalike k\u00fcsimuste k\u00fcsimise vaid selleks etten\u00e4htud ajal. Vaatajate \u00f5iguste seadeid saab muuta enne \u00f5ppet\u00f6\u00f6 algust ka BBB seadete lehel.<\/p>\n<p style=\"text-align: center;\">\u00a0 <img loading=\"lazy\" decoding=\"async\" class=\"alignnone  wp-image-3622\" src=\"https:\/\/sisu.ut.ee\/wp-content\/uploads\/sites\/177\/lock-viewers1.png\" alt=\"\" width=\"369\" height=\"343\" srcset=\"https:\/\/sisu.ut.ee\/wp-content\/uploads\/sites\/177\/lock-viewers1.png 944w, https:\/\/sisu.ut.ee\/wp-content\/uploads\/sites\/177\/lock-viewers1-300x278.png 300w, https:\/\/sisu.ut.ee\/wp-content\/uploads\/sites\/177\/lock-viewers1-768x713.png 768w\" sizes=\"auto, (max-width: 369px) 100vw, 369px\"> <img loading=\"lazy\" decoding=\"async\" class=\"alignnone  wp-image-3624\" src=\"https:\/\/sisu.ut.ee\/wp-content\/uploads\/sites\/177\/lock-viewers2.png\" alt=\"\" width=\"376\" height=\"342\" srcset=\"https:\/\/sisu.ut.ee\/wp-content\/uploads\/sites\/177\/lock-viewers2.png 1024w, https:\/\/sisu.ut.ee\/wp-content\/uploads\/sites\/177\/lock-viewers2-300x272.png 300w, https:\/\/sisu.ut.ee\/wp-content\/uploads\/sites\/177\/lock-viewers2-768x698.png 768w\" sizes=\"auto, (max-width: 376px) 100vw, 376px\"><\/p>\n<div>\n<h3>Kuidas n\u00e4idata \u00f5ppijatele slaide?<\/h3>\n<ul>\n<li>Salvesta\u00a0slaidid eelnevalt pdf-formaati.<\/li>\n<li>Slaide saab <em>Presenter<\/em> ehk esitleja \u00f5igustes inimene (<em>Users<\/em> nimekirjas on tal nime ees oleval ikoonil vasakus \u00fclanurgas helesinine ekraani kujutis). <em>Presenteri<\/em> rolli saab \u00f5ppej\u00f5ud endale teiselt tagasi v\u00f5tta ekraani alaservas \u00fcmmargusel sinisel pluss-m\u00e4rgiga nupul v\u00f5i osalejate nimekirjas enda nimel kl\u00f5psates.<\/li>\n<li>Slaidide faili \u00fcleslaadimiseks kl\u00f5psa\u00a0\u00fcmmargusel <strong>sinisel pluss-m\u00e4rgiga nupul<\/strong> \u2013 vali\u00a0<em>Manage presentation<\/em>. Lisa\u00a0slaidide pdf-fail alale <em>Drag files here to upload\u00a0or browse for files<\/em>. Kl\u00f5psa\u00a0nupul <em>Upload<\/em>. Oota, kuni fail laetakse serverisse.<\/li>\n<\/ul>\n<p style=\"text-align: center;\"><img loading=\"lazy\" decoding=\"async\" class=\"alignnone  wp-image-3627\" src=\"https:\/\/sisu.ut.ee\/wp-content\/uploads\/sites\/177\/pres1.png\" alt=\"\" width=\"212\" height=\"426\" srcset=\"https:\/\/sisu.ut.ee\/wp-content\/uploads\/sites\/177\/pres1.png 432w, https:\/\/sisu.ut.ee\/wp-content\/uploads\/sites\/177\/pres1-149x300.png 149w\" sizes=\"auto, (max-width: 212px) 100vw, 212px\"> <img loading=\"lazy\" decoding=\"async\" class=\"alignnone  wp-image-3629\" src=\"https:\/\/sisu.ut.ee\/wp-content\/uploads\/sites\/177\/pres2.png\" alt=\"\" width=\"466\" height=\"441\" srcset=\"https:\/\/sisu.ut.ee\/wp-content\/uploads\/sites\/177\/pres2.png 1152w, https:\/\/sisu.ut.ee\/wp-content\/uploads\/sites\/177\/pres2-300x283.png 300w, https:\/\/sisu.ut.ee\/wp-content\/uploads\/sites\/177\/pres2-1024x967.png 1024w, https:\/\/sisu.ut.ee\/wp-content\/uploads\/sites\/177\/pres2-768x725.png 768w\" sizes=\"auto, (max-width: 466px) 100vw, 466px\"><\/p>\n<ul>\n<li>Slaide saad\u00a0vahetada akna all olevatest nooltest.<\/li>\n<li>Kui sessiooni ruumi on \u00fcles laetud mitu faili, siis pluss-m\u00e4rgil kl\u00f5psates saad men\u00fc\u00fc \u00fclaosas valida, millist faili osalejatele n\u00e4idata.<\/li>\n<\/ul>\n<h3>Kuidas jagada ekraani?<\/h3>\n<ul>\n<li>Ekraani jagamiseks kontrolli esmalt, et kas kasutad Google Chrome, Firefox, Opera, Edge veebilehitsejat (ekraani jagamiseks kasutakse\u00a0WebRTC tehnoloogiat). <strong>V\u00f5iksid eelistada Google Chrome\u2019i.<\/strong><\/li>\n<li>Kui kasutad macOS operatsioonis\u00fcsteemi, siis kontrolli \u00fcle, et oled s\u00fcsteemi seadetest (<em>System Preferences<\/em>) privaatsusseadete (<em>Security &amp; Privacy<\/em>)\u00a0alt lubanud ekraani salvestamise (<em>Screen Recording<\/em>) Google Chrome v\u00f5i Firefox veebilehtisejale. <strong>Kahjuks ei t\u00f6\u00f6ta ekraanijagamine Safariga.<\/strong><\/li>\n<li>Kui ekraanijagamise nuppu ei ole, siis kontrolli \u00fcle, kas on olemas <em>Presenter<\/em> ehk esitleja \u00f5igused. Seda saad kontrollida, kui otsid v\u00e4ikest helesinist ekraani kujutist enda nime ees oleval ikoonil.<\/li>\n<\/ul>\n<h3>Kuidas jagada BBB sessiooni ajal v\u00e4list videot?<\/h3>\n<p>V\u00e4lise video jagamiseks kl\u00f5psa\u00a0\u00fcmmargusel <strong>sinisel pluss-m\u00e4rgiga nupul<\/strong> ja vali <strong><em>Share an external video.<\/em><\/strong>\u00a0Kleebi v\u00e4lise video URL lahrisse selle video veebiaadress\u00a0ning jaga videot (<strong><em>Share a new video<\/em><\/strong>). V\u00e4lise videona saab jagada YouTube\u2019i, Vimeo, Panopto ja DropBoxi linke ning internetist avalikult k\u00e4ttesaadavate mp3- ja mp4-failide otselinke.<\/p>\n<p style=\"text-align: center;\"><img loading=\"lazy\" decoding=\"async\" class=\"alignnone  wp-image-3631\" src=\"https:\/\/sisu.ut.ee\/wp-content\/uploads\/sites\/177\/exvideo1.png\" alt=\"\" width=\"204\" height=\"407\" srcset=\"https:\/\/sisu.ut.ee\/wp-content\/uploads\/sites\/177\/exvideo1.png 430w, https:\/\/sisu.ut.ee\/wp-content\/uploads\/sites\/177\/exvideo1-150x300.png 150w\" sizes=\"auto, (max-width: 204px) 100vw, 204px\">\u00a0<img loading=\"lazy\" decoding=\"async\" class=\"alignnone wp-image-5009 \" title=\"screenshot_2021-08-25_at_15.41.14.png\" src=\"https:\/\/sisu.ut.ee\/wp-content\/uploads\/sites\/177\/screenshot_2021-08-25_at_15.41.14-1-300x129.png\" alt=\"\" width=\"623\" height=\"268\" srcset=\"https:\/\/sisu.ut.ee\/wp-content\/uploads\/sites\/177\/screenshot_2021-08-25_at_15.41.14-1-300x129.png 300w, https:\/\/sisu.ut.ee\/wp-content\/uploads\/sites\/177\/screenshot_2021-08-25_at_15.41.14-1.png 576w\" sizes=\"auto, (max-width: 623px) 100vw, 623px\"><\/p>\n<h5>NB! V\u00e4lise videona saab n\u00e4idata ka Panopto videot. Toetatud on Panopto, YouTube\u2019i, Vimeo, Instructure Media, Twitch ja Daily Motion URLid.<\/h5>\n<p>Panopto video puhul veenduge, et video on avalikult (<em>Public<\/em>) v\u00f5i lingiga (<em>Anyone with the link<\/em>) k\u00e4ttesaadav. Rangema k\u00e4ttesaadavuse piiranguga (nt ainult kursusel osalejatele) ei pruugi vaataja videot n\u00e4ha, kuna ta ei ole Panoptosse sisse logitud.<\/p>\n<p>Kui BBB sessioon salvestatakse, siis BBB sessiooni ajal v\u00e4lise\u00a0video n\u00e4itamist\u00a0ei salvestata BBB sessiooni salvestusse, kuid salvestub jututuppa automaatselt lisatav veebilink.<\/p>\n<p>Panopto video n\u00e4itamise v\u00f5imalus BBB sessiooni sees v\u00f5imaldab \u00f5ppej\u00f5ul salvestada enne veebiseminari Panoptoga ette miniloeng ning k\u00e4ivitada see siis v\u00e4lise videona seminari ajal \u00f5ppijatele n\u00e4itamiseks. Miniloengu j\u00e4rel saab teha video teemal arutlusi v\u00f5i lasta \u00f5ppijatel k\u00fcsida, mis j\u00e4i arusaamatuks.<\/p>\n<h3>Tahan, et \u00f5ppijad saaksid ise esitlust l\u00e4bi viia. Mida on vaja selleks teha?<\/h3>\n<ul>\n<li>\u00d5ppijad saavad alati teha suulist ettekannet.\u00a0Slaidide n\u00e4itamiseks tuleb anda \u00f5ppijale <em>Presenter<\/em> ehk esitleja \u00f5igused.<\/li>\n<li>Kl\u00f5psa\u00a0vasaku hiireklahviga \u00f5ppija nimel ning vali\u00a0men\u00fc\u00fcst <em>Make presenter<\/em>. Sellega tekib \u00f5ppijal v\u00f5imalus faile \u00fcles laadida, slaide vahetada, n\u00e4idata v\u00e4list videot, jagada enda ekraanipilti, kasutada valget tahvlit ja viia l\u00e4bi k\u00fcsitlust.<\/li>\n<li><em>Presenteri<\/em> rolli saab \u00f5ppej\u00f5ud endale tagasi v\u00f5tta ekraani alaservas \u00fcmmargusel sinisel pluss-m\u00e4rgiga nupul kl\u00f5psates.<\/li>\n<\/ul>\n<h3>Kuidas saavad \u00f5ppijad k\u00fcsimiseks ja vastamiseks m\u00e4rku anda?<\/h3>\n<ul>\n<li>K\u00e4e t\u00f5stmiseks on k\u00e4e-kujuline nupp ekraani alumises servas. Samast nupust saab k\u00e4et\u00f5stmise ka t\u00fchistada.<\/li>\n<li>K\u00e4e kujutis ilmub osalejate nimekirjas \u00f5ppija ikoonile ja kuvatakse h\u00fcpikaknas \u00f5ppej\u00f5ule.<\/li>\n<li>K\u00f5rvalolevast nupust saab enda nime ees olevale ikoonile lisada emotikone.<\/li>\n<\/ul>\n<h3>Kuidas korraldada k\u00fcsitlust (<em>poll<\/em>) ja testi (quiz)?<\/h3>\n<ul>\n<li>K\u00fcsitluse korraldamiseks kl\u00f5psa\u00a0\u00fcmmargusel <strong>sinisel pluss-m\u00e4rgiga nupul<\/strong> ja vali <strong><em>Start a poll\/quiz.\u00a0<\/em><\/strong><\/li>\n<\/ul>\n<p style=\"text-align: center;\" data-wp-editing=\"1\"><img loading=\"lazy\" decoding=\"async\" class=\"alignnone wp-image-5017 \" src=\"https:\/\/sisu.ut.ee\/wp-content\/uploads\/sites\/177\/start-poll-ja-quiz.jpg\" alt=\"\" width=\"387\" height=\"395\"> <img loading=\"lazy\" decoding=\"async\" class=\"alignnone wp-image-5014 \" src=\"https:\/\/sisu.ut.ee\/wp-content\/uploads\/sites\/177\/poll-ja-quiz-264x300.jpg\" alt=\"\" width=\"364\" height=\"413\" srcset=\"https:\/\/sisu.ut.ee\/wp-content\/uploads\/sites\/177\/poll-ja-quiz-264x300.jpg 264w, https:\/\/sisu.ut.ee\/wp-content\/uploads\/sites\/177\/poll-ja-quiz.jpg 504w\" sizes=\"auto, (max-width: 364px) 100vw, 364px\"><\/p>\n<ul>\n<li>K\u00fcsitluse loomisel kirjuta\/kopeeri k\u00fcsimus (koos vastusevariantidega) tekstilahtrisse <em>Write your question <\/em>ja vali vastuste t\u00fc\u00fcp. V\u00f5id sisse l\u00fclitada ka <em>Custom Inputi<\/em>.<\/li>\n<li>K\u00e4ivita k\u00fcsitlus akna allservas olevast nupust <em>Start Poll<\/em>.<\/li>\n<li>K\u00fcsimus koos vastuste statistikaga kuvatakse p\u00e4rast tulemuste publitseerimist vestlusaknas ning slaidil. Kui sessiooni ajal on kasutatud v\u00e4hemalt \u00fchte k\u00fcsitlust, tekib vasakusse men\u00fc\u00fcsse k\u00fcsitluse (<em>polling<\/em>) link, kust saab minna uut k\u00fcsitlust looma.<br>\n<span style=\"color: #ffffff;\">t\u00fchik<\/span><\/li>\n<li>Testi loomiseks vali <strong><em>Start a poll\/quiz <\/em><\/strong>ning \u00fclemisest sakist Quiz.<\/li>\n<li>Kirjuta tekstilahtrisse k\u00fcsimus, vali vastuste t\u00fc\u00fcp ning m\u00e4\u00e4ra \u00f5ige vastus (saab olla ainult \u00fcks).<\/li>\n<li>K\u00e4ivita test akna allservas olevast nupust <em>Start Quiz<\/em>.<\/li>\n<\/ul>\n<h3>Kuidas teha r\u00fchmat\u00f6\u00f6d ja jagada \u00f5ppijad v\u00e4ikestesse r\u00fchmadesse?<\/h3>\n<p>BBBs on selleks <em>Breakout Rooms<\/em>, mille saab aktiveerida osalejate nimekirja juures asuvast hammasrattast.<\/p>\n<ul>\n<li>Kl\u00f5psa osalejate nimekirja <em>Users<\/em> juures <strong>hammasrattal<\/strong> ja vali <strong><em>Create<\/em>\u00a0<\/strong><em><strong>Breakout Rooms<\/strong>.<\/em><\/li>\n<li>Vali, mitu ruumi luuakse (1-16), kuidas osalejad ruumidesse jaotatakse (liituvad ise, jagatakse juhuslikult v\u00f5i jagab \u00f5ppej\u00f5ud) ning mitu minutit \u00f5ppijad v\u00e4ikestes r\u00fchmades t\u00f6\u00f6tavad.<\/li>\n<li>Kui m\u00e4\u00e4ratud aeg l\u00f5ppeb v\u00f5i kui soovite ise t\u00f6\u00f6 v\u00e4ikestes r\u00fchmades l\u00f5petada, tulevad \u00f5ppijad tagasi p\u00f5hiruumi.<\/li>\n<li><em>Breakout Rooms<\/em>\u2019is on osalejatel k\u00f5ik \u00f5igused ning nad saavad iseseisvalt jagada ekraani, valget tahvlit ning kasutada muid BBB v\u00f5imalusi.<\/li>\n<\/ul>\n<p style=\"text-align: center;\"><img loading=\"lazy\" decoding=\"async\" class=\"alignnone  wp-image-3637\" src=\"https:\/\/sisu.ut.ee\/wp-content\/uploads\/sites\/177\/ruum1.png\" alt=\"\" width=\"369\" height=\"371\" srcset=\"https:\/\/sisu.ut.ee\/wp-content\/uploads\/sites\/177\/ruum1.png 870w, https:\/\/sisu.ut.ee\/wp-content\/uploads\/sites\/177\/ruum1-150x150.png 150w, https:\/\/sisu.ut.ee\/wp-content\/uploads\/sites\/177\/ruum1-768x772.png 768w\" sizes=\"auto, (max-width: 369px) 100vw, 369px\"> <img loading=\"lazy\" decoding=\"async\" class=\"alignnone wp-image-5023 \" src=\"https:\/\/sisu.ut.ee\/wp-content\/uploads\/sites\/177\/ruum2-1-300x279.png\" alt=\"\" width=\"401\" height=\"373\" srcset=\"https:\/\/sisu.ut.ee\/wp-content\/uploads\/sites\/177\/ruum2-1-300x279.png 300w, https:\/\/sisu.ut.ee\/wp-content\/uploads\/sites\/177\/ruum2-1-1024x951.png 1024w, https:\/\/sisu.ut.ee\/wp-content\/uploads\/sites\/177\/ruum2-1-768x713.png 768w, https:\/\/sisu.ut.ee\/wp-content\/uploads\/sites\/177\/ruum2-1.png 1182w\" sizes=\"auto, (max-width: 401px) 100vw, 401px\"><\/p>\n<ul>\n<li>\u00d5ppej\u00f5ud saab liituda v\u00e4ikeste r\u00fchmadega kl\u00f5psates vasakus servas <em>Breakout rooms\u00a0<\/em> ja kuulata\/vaadata, kuidas r\u00fchmas t\u00f6\u00f6 toimub.<\/li>\n<\/ul>\n<h3>Kuidas veebiseminari l\u00f5petada?<\/h3>\n<ul>\n<li>Veebiseminari l\u00f5petamiseks (et ruum t\u00fchjendataks eelmise seminari k\u00e4igus loodud sisust ja osalejatest ning hakataks protsessima salvestust), kl\u00f5psa akna paremal \u00fclanurgas punasel <em>Leave<\/em> nupul ja vali\u00a0<em>End session for all<\/em>.<\/li>\n<\/ul>\n<h3>Salvestuste vaatamine ja kustutamine<\/h3>\n<p>Salvestused ilmuvad BBB ruumi kirjelduse juurde. Salvestuste vaatamiseks tuleb kl\u00f5psata <em>Formats<\/em> tulbas <em>presentation<\/em> lingil. Salvestusi saab kustutada k\u00f5rvalolevas tulbas pr\u00fcgikasti nupust.<\/p>\n<p style=\"text-align: center;\"><img loading=\"lazy\" decoding=\"async\" class=\"alignnone wp-image-4552 \" src=\"https:\/\/sisu.ut.ee\/wp-content\/uploads\/sites\/177\/897-300x65.jpg\" alt=\"\" width=\"1348\" height=\"292\" srcset=\"https:\/\/sisu.ut.ee\/wp-content\/uploads\/sites\/177\/897-300x65.jpg 300w, https:\/\/sisu.ut.ee\/wp-content\/uploads\/sites\/177\/897-1024x223.jpg 1024w, https:\/\/sisu.ut.ee\/wp-content\/uploads\/sites\/177\/897-768x167.jpg 768w, https:\/\/sisu.ut.ee\/wp-content\/uploads\/sites\/177\/897.jpg 1297w\" sizes=\"auto, (max-width: 1348px) 100vw, 1348px\"><\/p>\n<p>Kui te soovite salvestusi privaatseks muuta, siis kl\u00f5psake <em>Visibility<\/em> tulbas oleval rippmen\u00fc\u00fcl ning m\u00e4\u00e4rake salvestus <em>Unpublished<\/em>.<\/p>\n<\/div>\n","protected":false},"excerpt":{"rendered":"<p>BBB kasutamiseks lisage Moodle\u2019is e-kursuse avalehele tegevus\u00a0BigBlueButton. BigBlueButtoni lisamiseks: valige lingist\u00a0Lisa vahend v\u00f5i tegevus\u00a0avanevast aknast\u00a0BigBlueButton sisestage BBB-le nimi ning kirjeldus. Kirjeldusse v\u00f5ib lisada juhised \u00f5ppijale N\u00e4idisjuhis \u00f5ppijale (ava ja kopeeri) Veebiseminarid\/praktikumid toimuvad BigBlueButtoni rakenduse vahendusel. Selleks vajate kiiremat interneti\u00fchendust (v\u00f5imalusel &#8230;<\/p>\n","protected":false},"author":6,"featured_media":0,"parent":0,"menu_order":0,"comment_status":"closed","ping_status":"closed","template":"","meta":{"_acf_changed":false,"inline_featured_image":false,"footnotes":""},"class_list":["post-107","page","type-page","status-publish","hentry"],"acf":[],"_links":{"self":[{"href":"https:\/\/sisu.ut.ee\/juhendid\/wp-json\/wp\/v2\/pages\/107","targetHints":{"allow":["GET"]}}],"collection":[{"href":"https:\/\/sisu.ut.ee\/juhendid\/wp-json\/wp\/v2\/pages"}],"about":[{"href":"https:\/\/sisu.ut.ee\/juhendid\/wp-json\/wp\/v2\/types\/page"}],"author":[{"embeddable":true,"href":"https:\/\/sisu.ut.ee\/juhendid\/wp-json\/wp\/v2\/users\/6"}],"replies":[{"embeddable":true,"href":"https:\/\/sisu.ut.ee\/juhendid\/wp-json\/wp\/v2\/comments?post=107"}],"version-history":[{"count":18,"href":"https:\/\/sisu.ut.ee\/juhendid\/wp-json\/wp\/v2\/pages\/107\/revisions"}],"predecessor-version":[{"id":5027,"href":"https:\/\/sisu.ut.ee\/juhendid\/wp-json\/wp\/v2\/pages\/107\/revisions\/5027"}],"wp:attachment":[{"href":"https:\/\/sisu.ut.ee\/juhendid\/wp-json\/wp\/v2\/media?parent=107"}],"curies":[{"name":"wp","href":"https:\/\/api.w.org\/{rel}","templated":true}]}}