{"id":104,"date":"2024-04-04T02:50:43","date_gmt":"2024-04-03T23:50:43","guid":{"rendered":"https:\/\/sisu.ut.ee\/juhendid\/sonumid-vastavalt-opitulemustele\/"},"modified":"2024-04-04T02:55:42","modified_gmt":"2024-04-03T23:55:42","slug":"sonumid-vastavalt-opitulemustele","status":"publish","type":"page","link":"https:\/\/sisu.ut.ee\/juhendid\/sonumid-vastavalt-opitulemustele\/","title":{"rendered":"S\u00f5numid vastavalt \u00f5pitulemustele"},"content":{"rendered":"<p id=\"id-5.SuhtlemineMoodle'is-6.S\u00f5numidvastavalt\u00f5pitulemustele\">\n\t\u00dclevaate erinevate tegevuste ja vahendite kasutamisest saate plokis <em>Seadistused \u2013 \u00dclevaated \u2013 Kursusel osalemine<\/em>.\n<\/p>\n<p>\n\tValige rippmen\u00fc\u00fcdest soovitud vahend v\u00f5i tegevus, kasutaja roll, ajaperiood. \u00dclevaate loomine v\u00f5ib v\u00f5tta aega s\u00f5ltuvalt \u00f5ppijate arvust. Loodud \u00fclevaates saate m\u00e4rkida linnukesega soovitud isikud (kes on\/ei ole vaadanud v\u00f5i esitanud) ning lehe alaservas valida s\u00f5numi saatmise.\n<\/p>\n<p>\n\t<img loading=\"lazy\" decoding=\"async\" width=\"811\" height=\"381\" class=\"alignnone wp-image-662\" style=\"margin-left: auto;margin-right: auto;border: 1px solid #eee\" src=\"https:\/\/sisu.ut.ee\/wp-content\/uploads\/sites\/177\/tegevuste_ylevaade.png\" title=\"tegevuste_ylevaade.png\" alt=\"tegevuste_ylevaade.png\" srcset=\"https:\/\/sisu.ut.ee\/wp-content\/uploads\/sites\/177\/tegevuste_ylevaade.png 811w, https:\/\/sisu.ut.ee\/wp-content\/uploads\/sites\/177\/tegevuste_ylevaade-300x141.png 300w, https:\/\/sisu.ut.ee\/wp-content\/uploads\/sites\/177\/tegevuste_ylevaade-768x361.png 768w\" sizes=\"auto, (max-width: 811px) 100vw, 811px\"><\/p>\n","protected":false},"excerpt":{"rendered":"<p>\u00dclevaate erinevate tegevuste ja vahendite kasutamisest saate plokis Seadistused \u2013 \u00dclevaated \u2013 Kursusel osalemine. Valige rippmen\u00fc\u00fcdest soovitud vahend v\u00f5i tegevus, kasutaja roll, ajaperiood. \u00dclevaate loomine v\u00f5ib v\u00f5tta aega s\u00f5ltuvalt \u00f5ppijate arvust. Loodud \u00fclevaates saate m\u00e4rkida linnukesega soovitud isikud (kes on\/ei &#8230;<\/p>\n","protected":false},"author":6,"featured_media":0,"parent":0,"menu_order":0,"comment_status":"closed","ping_status":"closed","template":"","meta":{"_acf_changed":false,"inline_featured_image":false,"footnotes":""},"class_list":["post-104","page","type-page","status-publish","hentry"],"acf":[],"_links":{"self":[{"href":"https:\/\/sisu.ut.ee\/juhendid\/wp-json\/wp\/v2\/pages\/104","targetHints":{"allow":["GET"]}}],"collection":[{"href":"https:\/\/sisu.ut.ee\/juhendid\/wp-json\/wp\/v2\/pages"}],"about":[{"href":"https:\/\/sisu.ut.ee\/juhendid\/wp-json\/wp\/v2\/types\/page"}],"author":[{"embeddable":true,"href":"https:\/\/sisu.ut.ee\/juhendid\/wp-json\/wp\/v2\/users\/6"}],"replies":[{"embeddable":true,"href":"https:\/\/sisu.ut.ee\/juhendid\/wp-json\/wp\/v2\/comments?post=104"}],"version-history":[{"count":1,"href":"https:\/\/sisu.ut.ee\/juhendid\/wp-json\/wp\/v2\/pages\/104\/revisions"}],"predecessor-version":[{"id":1747,"href":"https:\/\/sisu.ut.ee\/juhendid\/wp-json\/wp\/v2\/pages\/104\/revisions\/1747"}],"wp:attachment":[{"href":"https:\/\/sisu.ut.ee\/juhendid\/wp-json\/wp\/v2\/media?parent=104"}],"curies":[{"name":"wp","href":"https:\/\/api.w.org\/{rel}","templated":true}]}}