{"id":9,"date":"2024-04-04T09:11:55","date_gmt":"2024-04-04T06:11:55","guid":{"rendered":"https:\/\/sisu.ut.ee\/jaljeloendusetalgud2024\/jalgede-maaramise-juhend\/"},"modified":"2024-04-04T09:12:31","modified_gmt":"2024-04-04T06:12:31","slug":"jalgede-maaramise-juhend","status":"publish","type":"page","link":"https:\/\/sisu.ut.ee\/jaljeloendusetalgud2024\/jalgede-maaramise-juhend\/","title":{"rendered":"J\u00c4LGEDE M\u00c4\u00c4RAMISE JUHEND"},"content":{"rendered":"<p style=\"text-align:justify\">\n\tOleme m\u00e4\u00e4ramiseks valinud liigid, kelle j\u00e4lge on looduses raske teiste liikidega segi ajada ning seet\u00f5ttu peaks m\u00e4\u00e4ramine olema suhteliselt lihtne! Lisaks sellele juhendile v\u00f5id kasutada ka<a href=\"https:\/\/www.ejs.ee\/wp-content\/uploads\/2015\/02\/Jaljeaabits.pdf\"> <\/a><a data-url=\"https:\/\/www.ejs.ee\/wp-content\/uploads\/2015\/02\/Jaljeaabits.pdf\" href=\"https:\/\/www.ejs.ee\/wp-content\/uploads\/2015\/02\/Jaljeaabits.pdf\" target=\"_blank\" title=\"\" rel=\"noopener\">Eesti Jahimeeste Seltsi j\u00e4ljeaabitsat<\/a>.\n<\/p>\n<p style=\"text-align:justify\">\n\t<img loading=\"lazy\" decoding=\"async\" width=\"2560\" height=\"1674\" class=\"alignnone wp-image-29\" style=\"width: 3132px;height: 2048px\" src=\"https:\/\/sisu.ut.ee\/wp-content\/uploads\/sites\/673\/nugis_eleri_1_1-scaled.jpg\" title=\"Metsnugis. Foto: Eleri Lopp\" alt=\"Metsnugis\" srcset=\"https:\/\/sisu.ut.ee\/wp-content\/uploads\/sites\/673\/nugis_eleri_1_1-scaled.jpg 2560w, https:\/\/sisu.ut.ee\/wp-content\/uploads\/sites\/673\/nugis_eleri_1_1-300x196.jpg 300w, https:\/\/sisu.ut.ee\/wp-content\/uploads\/sites\/673\/nugis_eleri_1_1-1024x670.jpg 1024w, https:\/\/sisu.ut.ee\/wp-content\/uploads\/sites\/673\/nugis_eleri_1_1-768x502.jpg 768w, https:\/\/sisu.ut.ee\/wp-content\/uploads\/sites\/673\/nugis_eleri_1_1-1536x1004.jpg 1536w, https:\/\/sisu.ut.ee\/wp-content\/uploads\/sites\/673\/nugis_eleri_1_1-2048x1339.jpg 2048w, https:\/\/sisu.ut.ee\/wp-content\/uploads\/sites\/673\/nugis_eleri_1_1-1920x1255.jpg 1920w\" sizes=\"auto, (max-width: 2560px) 100vw, 2560px\"><\/p>\n","protected":false},"excerpt":{"rendered":"<p>Oleme m\u00e4\u00e4ramiseks valinud liigid, kelle j\u00e4lge on looduses raske teiste liikidega segi ajada ning seet\u00f5ttu peaks m\u00e4\u00e4ramine olema suhteliselt lihtne! Lisaks sellele juhendile v\u00f5id kasutada ka Eesti Jahimeeste Seltsi j\u00e4ljeaabitsat.<\/p>\n","protected":false},"author":332,"featured_media":0,"parent":0,"menu_order":0,"comment_status":"closed","ping_status":"closed","template":"","meta":{"_acf_changed":false,"inline_featured_image":false,"footnotes":""},"class_list":["post-9","page","type-page","status-publish","hentry"],"acf":[],"_links":{"self":[{"href":"https:\/\/sisu.ut.ee\/jaljeloendusetalgud2024\/wp-json\/wp\/v2\/pages\/9","targetHints":{"allow":["GET"]}}],"collection":[{"href":"https:\/\/sisu.ut.ee\/jaljeloendusetalgud2024\/wp-json\/wp\/v2\/pages"}],"about":[{"href":"https:\/\/sisu.ut.ee\/jaljeloendusetalgud2024\/wp-json\/wp\/v2\/types\/page"}],"author":[{"embeddable":true,"href":"https:\/\/sisu.ut.ee\/jaljeloendusetalgud2024\/wp-json\/wp\/v2\/users\/332"}],"replies":[{"embeddable":true,"href":"https:\/\/sisu.ut.ee\/jaljeloendusetalgud2024\/wp-json\/wp\/v2\/comments?post=9"}],"version-history":[{"count":1,"href":"https:\/\/sisu.ut.ee\/jaljeloendusetalgud2024\/wp-json\/wp\/v2\/pages\/9\/revisions"}],"predecessor-version":[{"id":65,"href":"https:\/\/sisu.ut.ee\/jaljeloendusetalgud2024\/wp-json\/wp\/v2\/pages\/9\/revisions\/65"}],"wp:attachment":[{"href":"https:\/\/sisu.ut.ee\/jaljeloendusetalgud2024\/wp-json\/wp\/v2\/media?parent=9"}],"curies":[{"name":"wp","href":"https:\/\/api.w.org\/{rel}","templated":true}]}}