{"id":4,"date":"2024-04-04T09:11:55","date_gmt":"2024-04-04T06:11:55","guid":{"rendered":"https:\/\/sisu.ut.ee\/jaljeloendusetalgud2024\/avaleht\/"},"modified":"2024-04-19T15:24:39","modified_gmt":"2024-04-19T12:24:39","slug":"avaleht","status":"publish","type":"page","link":"https:\/\/sisu.ut.ee\/jaljeloendusetalgud2024\/","title":{"rendered":"Avaleht"},"content":{"rendered":"<p style=\"border:none;margin-bottom:6.0pt;text-align:justify\">\r\n\t<strong>Ulukite loendus kodanikuteaduseks?<\/strong>\r\n<\/p>\r\n\r\n<p style=\"border:none;margin-bottom:6.0pt;text-align:justify\">\r\n\tKas ulukeid on v\u00e4he v\u00f5i palju v\u00f5i parasjagu on kindlasti \u00fcheks teemaks, mis paljudele v\u00e4hem v\u00f5i rohkem korda l\u00e4heb. Oluliselt konkreetsem on see teadmine muidugi jahimeestele, aga ka metsa-ja p\u00f5llumeestele on see \u00fchel v\u00f5i teisel viisil t\u00e4htis. Samas vajavad usaldatavaid arvukuse hinnanguid ka mitme eriala teadlased, zooloogid, kuna need on mitmete uuringute tarbeks alusteadmisteks. Seega vajame neid hinnanguid eluliselt, aga need peavad olema v\u00f5imalikult usaldusv\u00e4\u00e4rsed. Paraku on arvukuse hinnangutega nii, et mida usaldusv\u00e4\u00e4rsem meetod, seda kallim, sest usaldusv\u00e4\u00e4rsuse tagamiseks tuleb kasutada keerukamaid meetodeid ja haarata v\u00f5imalikult suurt maa-ala.\r\n<\/p>\r\n\r\n<p style=\"border:none;margin-bottom:6.0pt;text-align:justify\">\r\n\t\r\n<\/p>\r\n\r\n<p dir=\"ltr\" style=\"text-align: justify\">\r\n\tSamas v\u00f5iks k\u00fcsida, kas riiklikult kogutavad numbrid ei ole siis usaldusv\u00e4\u00e4rsed? Jah, v\u00f5ib \u00f6elda, et mitmelgi puhul ei pruugi nende usaldusv\u00e4\u00e4rsus teadust\u00f6\u00f6ks piisav olla, sest eks nendegi andmete kogumist kummitavad \u00fchest k\u00fcljest kohustuslikkusega kaasnevad probleemid, muud usaldatavad meetodid on aga kallid ja lihtsamad ei taga kvaliteeti. See ongi see koht, kus k\u00f5ik inimesed saaks teadlastele appi tulla ja samas \u00f5ppida paremini tundma meie metsade elustikku ja nautida ka kevadepoolses looduses viibimist. Kodanikuteadust on taolistel suurem\u00f5\u00f5tmelisel ettev\u00f5tmistel maailmas juba mitmelgi puhul rakendatud, heaks n\u00e4iteks on kasv\u00f5i meie enda Eesti teadlaste nurmenuku projekt, aga vabatahtlike abi kasutatakse Euroopas palju n\u00e4iteks isegi suurkiskjate seires.\r\n<\/p>\r\n\r\n<p>\r\n\tViimaste aastate lumeolud annavad julgust lumel j\u00e4ljeloenduse l\u00e4biviimiseks.\u00a0Veebruaris-m\u00e4rtsis kui ilmad on\u00a0juba ilusad ja kisub kevadeh\u00f5ngulisse loodusesse, on sobiv aeg j\u00e4ljeloendusaktsiooni l\u00e4biviimiseks. Oleme v\u00e4lja valinud metoodika, mis sobiks erineva (digi)valmidusega inimestele ja oleme ette valmistanud abistava juhendi ulukite j\u00e4lgede kokkulugemiseks lumel\u00a0<span style=\"color:black\">(vt l\u00f5ime <\/span><a data-url=\"https:\/\/sisu.ut.ee\/jaljeloendusetalgud2024\/kuidas-ja-kus-loendada\" href=\"https:\/\/sisu.ut.ee\/jaljeloendusetalgud2024\/kuidas-ja-kus-loendada\" target=\"_blank\" title=\"\" rel=\"noopener\">Kuidas loendada?<\/a><span style=\"color:black\">)<\/span>\r\n<\/p>\r\n\r\n<p dir=\"ltr\">\r\n\t<strong>Mis kasu sellest k\u00f5igest on?<\/strong>\r\n<\/p>\r\n\r\n<p dir=\"ltr\">\r\n\tPilootprojekti abil saame aimu, kas vabatahtlike kaasamine imetajate j\u00e4ljeloendusel oleks \u00fcks v\u00f5imalikke viise, kuidas imetajate arvukuse kohta loodetavasti \u00fcle kogu Eesti lisaandmeid koguda. Lisaks saavad inimesed hea p\u00f5hjuse minna kevadeh\u00f5ngulisse loodusse ning kaasa l\u00fc\u00fca esimeses Eesti imetajaid puudutavas kodanikuteaduse pilootprojektis ehk olla osaks p\u00e4ris teadusest!\r\n<\/p>\r\n\r\n<p dir=\"ltr\">\r\n\tJa lapsevanemad, see on suurep\u00e4rane viis \u00f5petajate streigi ajal minna perega loodusesse liikuma ja Eesti imetajate j\u00e4lgi loendama!\r\n<\/p>\r\n\r\n<p>\r\n\t\u00a0\r\n<\/p>\r\n\r\n<p>\r\n\tKontakt: Maris Hindrikson, maris.hindrikson@ut.ee, 5542532\r\n<\/p>\r\n\r\n<p style=\"border:none;margin-bottom:6.0pt;text-align:justify\">\r\n\t<img loading=\"lazy\" decoding=\"async\" width=\"457\" height=\"565\" class=\"alignnone wp-image-19\" style=\"float: left;width: 457px;height: 565px\" src=\"https:\/\/sisu.ut.ee\/wp-content\/uploads\/sites\/673\/orava_jalg_ref.jpg\" title=\"Orava j\u00e4ljed lumel. Foto autor: Ants Tull\" alt=\"KUIDAS ON LOOD ORAVA POPULATSIOONIGA?\" srcset=\"https:\/\/sisu.ut.ee\/wp-content\/uploads\/sites\/673\/orava_jalg_ref.jpg 457w, https:\/\/sisu.ut.ee\/wp-content\/uploads\/sites\/673\/orava_jalg_ref-243x300.jpg 243w\" sizes=\"auto, (max-width: 457px) 100vw, 457px\">\r\n<\/p>\r\n<br><figure class=\"wp-block-gallery has-nested-images columns-3 is-cropped wp-block-gallery-1 is-layout-flex wp-block-gallery-is-layout-flex\"><figure class=\"wp-block-image size-large\"><a href=\"https:\/\/sisu.ut.ee\/wp-content\/uploads\/sites\/673\/orava_jalg_ref.jpg\"><img loading=\"lazy\" decoding=\"async\" width=\"457\" height=\"565\" data-id=\"19\" src=\"https:\/\/sisu.ut.ee\/wp-content\/uploads\/sites\/673\/orava_jalg_ref.jpg\" alt=\"Foto autor: Ants Tull\" class=\"wp-image-19\" srcset=\"https:\/\/sisu.ut.ee\/wp-content\/uploads\/sites\/673\/orava_jalg_ref.jpg 457w, https:\/\/sisu.ut.ee\/wp-content\/uploads\/sites\/673\/orava_jalg_ref-243x300.jpg 243w\" sizes=\"auto, (max-width: 457px) 100vw, 457px\"><\/a><figcaption class=\"wp-element-caption\">Foto autor: Ants Tull<\/figcaption><\/figure><\/figure>","protected":false},"excerpt":{"rendered":"<p>Ulukite loendus kodanikuteaduseks? Kas ulukeid on v\u00e4he v\u00f5i palju v\u00f5i parasjagu on kindlasti \u00fcheks teemaks, mis paljudele v\u00e4hem v\u00f5i rohkem korda l\u00e4heb. Oluliselt konkreetsem on see teadmine muidugi jahimeestele, aga ka metsa-ja p\u00f5llumeestele on see \u00fchel v\u00f5i teisel viisil t\u00e4htis. &#8230;<\/p>\n","protected":false},"author":332,"featured_media":0,"parent":0,"menu_order":0,"comment_status":"closed","ping_status":"closed","template":"","meta":{"_acf_changed":false,"inline_featured_image":false,"footnotes":""},"class_list":["post-4","page","type-page","status-publish","hentry"],"acf":[],"_links":{"self":[{"href":"https:\/\/sisu.ut.ee\/jaljeloendusetalgud2024\/wp-json\/wp\/v2\/pages\/4","targetHints":{"allow":["GET"]}}],"collection":[{"href":"https:\/\/sisu.ut.ee\/jaljeloendusetalgud2024\/wp-json\/wp\/v2\/pages"}],"about":[{"href":"https:\/\/sisu.ut.ee\/jaljeloendusetalgud2024\/wp-json\/wp\/v2\/types\/page"}],"author":[{"embeddable":true,"href":"https:\/\/sisu.ut.ee\/jaljeloendusetalgud2024\/wp-json\/wp\/v2\/users\/332"}],"replies":[{"embeddable":true,"href":"https:\/\/sisu.ut.ee\/jaljeloendusetalgud2024\/wp-json\/wp\/v2\/comments?post=4"}],"version-history":[{"count":3,"href":"https:\/\/sisu.ut.ee\/jaljeloendusetalgud2024\/wp-json\/wp\/v2\/pages\/4\/revisions"}],"predecessor-version":[{"id":76,"href":"https:\/\/sisu.ut.ee\/jaljeloendusetalgud2024\/wp-json\/wp\/v2\/pages\/4\/revisions\/76"}],"wp:attachment":[{"href":"https:\/\/sisu.ut.ee\/jaljeloendusetalgud2024\/wp-json\/wp\/v2\/media?parent=4"}],"curies":[{"name":"wp","href":"https:\/\/api.w.org\/{rel}","templated":true}]}}