{"id":10,"date":"2024-04-04T09:11:56","date_gmt":"2024-04-04T06:11:56","guid":{"rendered":"https:\/\/sisu.ut.ee\/jaljeloendusetalgud2024\/soraliste-jaljed\/"},"modified":"2024-04-04T09:12:31","modified_gmt":"2024-04-04T06:12:31","slug":"soraliste-jaljed","status":"publish","type":"page","link":"https:\/\/sisu.ut.ee\/jaljeloendusetalgud2024\/soraliste-jaljed\/","title":{"rendered":"S\u00f5raliste j\u00e4ljed"},"content":{"rendered":"<p>\n\t<b>1. P\u00f5der<\/b> on meie k\u00f5ige suurem imetaja ja ka ta j\u00e4ljed on s\u00f5ralistest suurimad, \u00fcksiku j\u00e4lje pikkus on vasikatel 9 cm,\u00a0 t\u00e4iskasvanutel kuni 13-18 cm.\n<\/p>\n<div>\n\tErinevalt veise j\u00e4ljest on p\u00f5dra s\u00f5rad teravatipulised:\n<\/div>\n<div>\n\t<img loading=\"lazy\" decoding=\"async\" width=\"615\" height=\"720\" class=\"alignnone wp-image-30\" src=\"https:\/\/sisu.ut.ee\/wp-content\/uploads\/sites\/673\/poder.jpg\" title=\"poder.jpg\" alt=\"P\u00f5der\" srcset=\"https:\/\/sisu.ut.ee\/wp-content\/uploads\/sites\/673\/poder.jpg 615w, https:\/\/sisu.ut.ee\/wp-content\/uploads\/sites\/673\/poder-256x300.jpg 256w\" sizes=\"auto, (max-width: 615px) 100vw, 615px\">\n<\/div>\n<div>\n\t\u00a0\n<\/div>\n<div style=\"text-align: justify\">\n\t<!--break-->\n<\/div>\n<div>\n\t2.\u00a0<b>Hirve <\/b>j\u00e4ljed on m\u00e4rksa v\u00e4iksemad, \u00fcksiku j\u00e4lje pikkusega kuni 9cm ja \u00fcmaramate s\u00f5ratippudega:\n<\/div>\n<div>\n\t<img loading=\"lazy\" decoding=\"async\" width=\"1070\" height=\"769\" class=\"alignnone wp-image-33\" src=\"https:\/\/sisu.ut.ee\/wp-content\/uploads\/sites\/673\/hirvi.jpg\" title=\"hirvi.jpg\" alt=\"Hirv\" srcset=\"https:\/\/sisu.ut.ee\/wp-content\/uploads\/sites\/673\/hirvi.jpg 1070w, https:\/\/sisu.ut.ee\/wp-content\/uploads\/sites\/673\/hirvi-300x216.jpg 300w, https:\/\/sisu.ut.ee\/wp-content\/uploads\/sites\/673\/hirvi-1024x736.jpg 1024w, https:\/\/sisu.ut.ee\/wp-content\/uploads\/sites\/673\/hirvi-768x552.jpg 768w\" sizes=\"auto, (max-width: 1070px) 100vw, 1070px\">\n<\/div>\n<div>\n\t\u00a0\n<\/div>\n<div style=\"text-align: justify\">\n\t<!--break-->\n<\/div>\n<div>\n\t3.\u00a0<b>Metssiga esineb<\/b> tavaliselt erineva suurusega karjadena, \u00fcksiku j\u00e4lje pikkus s\u00f5ltuvalt looma vanusest 5-6 cm. Lisaks s\u00f5raj\u00e4lgedele ulatuvad reeglina maha ka 2 tagapool asuvat s\u00f5rgatsit.\n<\/div>\n<div>\n\t<img loading=\"lazy\" decoding=\"async\" width=\"834\" height=\"809\" class=\"alignnone wp-image-32\" src=\"https:\/\/sisu.ut.ee\/wp-content\/uploads\/sites\/673\/metssiga.jpg\" title=\"metssiga.jpg\" alt=\"Metssiga\" srcset=\"https:\/\/sisu.ut.ee\/wp-content\/uploads\/sites\/673\/metssiga.jpg 834w, https:\/\/sisu.ut.ee\/wp-content\/uploads\/sites\/673\/metssiga-300x291.jpg 300w, https:\/\/sisu.ut.ee\/wp-content\/uploads\/sites\/673\/metssiga-768x745.jpg 768w\" sizes=\"auto, (max-width: 834px) 100vw, 834px\">\n<\/div>\n<div>\n\t\u00a0\n<\/div>\n<div>\n\t\u00a0\n<\/div>\n<div>\n\t4.\u00a0<b>Metskits <\/b>on\u00a0 s\u00f5ralistest v\u00e4ikseim ja ka \u00fcksikj\u00e4lje pikkus on kuni 4-4,5 cm. Erinevalt metsseast tavaliselt tagumised s\u00f5rgatsid reeglina maad ei puuduta.\n<\/div>\n<div>\n\t<img loading=\"lazy\" decoding=\"async\" width=\"612\" height=\"408\" class=\"alignnone wp-image-34\" src=\"https:\/\/sisu.ut.ee\/wp-content\/uploads\/sites\/673\/metskits.jpg\" title=\"metskits.jpg\" alt=\"Metskits\" srcset=\"https:\/\/sisu.ut.ee\/wp-content\/uploads\/sites\/673\/metskits.jpg 612w, https:\/\/sisu.ut.ee\/wp-content\/uploads\/sites\/673\/metskits-300x200.jpg 300w\" sizes=\"auto, (max-width: 612px) 100vw, 612px\">\n<\/div>\n<div>\n\t\u00a0\n<\/div>\n<div>\n\t\u00a0\n<\/div>\n<p>\n\t\u00a0\n<\/p>\n<p>\n\t\u00a0<\/p>\n","protected":false},"excerpt":{"rendered":"<p>1. P\u00f5der on meie k\u00f5ige suurem imetaja ja ka ta j\u00e4ljed on s\u00f5ralistest suurimad, \u00fcksiku j\u00e4lje pikkus on vasikatel 9 cm,\u00a0 t\u00e4iskasvanutel kuni 13-18 cm. Erinevalt veise j\u00e4ljest on p\u00f5dra s\u00f5rad teravatipulised: \u00a0 2.\u00a0Hirve j\u00e4ljed on m\u00e4rksa v\u00e4iksemad, \u00fcksiku j\u00e4lje &#8230;<\/p>\n","protected":false},"author":332,"featured_media":0,"parent":0,"menu_order":0,"comment_status":"closed","ping_status":"closed","template":"","meta":{"_acf_changed":false,"inline_featured_image":false,"footnotes":""},"class_list":["post-10","page","type-page","status-publish","hentry"],"acf":[],"_links":{"self":[{"href":"https:\/\/sisu.ut.ee\/jaljeloendusetalgud2024\/wp-json\/wp\/v2\/pages\/10","targetHints":{"allow":["GET"]}}],"collection":[{"href":"https:\/\/sisu.ut.ee\/jaljeloendusetalgud2024\/wp-json\/wp\/v2\/pages"}],"about":[{"href":"https:\/\/sisu.ut.ee\/jaljeloendusetalgud2024\/wp-json\/wp\/v2\/types\/page"}],"author":[{"embeddable":true,"href":"https:\/\/sisu.ut.ee\/jaljeloendusetalgud2024\/wp-json\/wp\/v2\/users\/332"}],"replies":[{"embeddable":true,"href":"https:\/\/sisu.ut.ee\/jaljeloendusetalgud2024\/wp-json\/wp\/v2\/comments?post=10"}],"version-history":[{"count":1,"href":"https:\/\/sisu.ut.ee\/jaljeloendusetalgud2024\/wp-json\/wp\/v2\/pages\/10\/revisions"}],"predecessor-version":[{"id":64,"href":"https:\/\/sisu.ut.ee\/jaljeloendusetalgud2024\/wp-json\/wp\/v2\/pages\/10\/revisions\/64"}],"wp:attachment":[{"href":"https:\/\/sisu.ut.ee\/jaljeloendusetalgud2024\/wp-json\/wp\/v2\/media?parent=10"}],"curies":[{"name":"wp","href":"https:\/\/api.w.org\/{rel}","templated":true}]}}