{"id":85,"date":"2024-04-04T07:04:54","date_gmt":"2024-04-04T04:04:54","guid":{"rendered":"https:\/\/sisu.ut.ee\/islam\/what-does-life-muslim-look-what-rites-do-they-follow-and-why\/"},"modified":"2024-04-04T07:05:18","modified_gmt":"2024-04-04T04:05:18","slug":"what-does-life-muslim-look-what-rites-do-they-follow-and-why","status":"publish","type":"page","link":"https:\/\/sisu.ut.ee\/islam\/what-does-life-muslim-look-what-rites-do-they-follow-and-why\/?lang=et","title":{"rendered":"Igap\u00e4evane usuelu"},"content":{"rendered":"<p>\n\tR\u00e4\u00e4gime islami rituaalidest \u2013\u00a0milliseid p\u00fchi moslemid peavad ja miks? Samuti tulevad\u00a0arutluse alla moslemite poolt\u00a0j\u00e4rgitavad tavad.\n<\/p>\n<p>\n\t<\/p><div class=\"ratio ratio-16x9 mb-3\"><div class=\"video-placeholder-wrapper video-placeholder-wrapper--16x9\">\n\t\t\t    <div class=\"video-placeholder d-flex justify-content-center align-items-center\">\n\t\t\t        <div class=\"overlay text-white p-2 w-100 text-center d-block justify-content-center align-items-center\">\n\t\t\t            <div>To view third-party content, please accept cookies.<\/div>\n\t\t\t            <button class=\"btn btn-secondary btn-sm mt-1 consent-change\">Change consent<\/button>\n\t\t\t        <\/div>\n\t\t\t    <\/div>\n\t\t\t<\/div>\n<\/div>\n\n<p>\n\t<strong>\u00dclesanne<\/strong>: Moodusta p\u00fchade kalender, 5 p\u00fcha, mis on sinu jaoks olulised Eestis elades ja kirjelda, mida sa teed nendel p\u00fchadel ning 5 p\u00fcha, mis on islami kalendrist ja mida neil p\u00fchadel tehakse.<\/p>\n","protected":false},"excerpt":{"rendered":"<p>R\u00e4\u00e4gime islami rituaalidest \u2013\u00a0milliseid p\u00fchi moslemid peavad ja miks? Samuti tulevad\u00a0arutluse alla moslemite poolt\u00a0j\u00e4rgitavad tavad. To view third-party content, please accept cookies. Change consent \u00dclesanne: Moodusta p\u00fchade kalender, 5 p\u00fcha, mis on sinu jaoks olulised Eestis elades ja kirjelda, mida &#8230;<\/p>\n","protected":false},"author":240,"featured_media":0,"parent":0,"menu_order":0,"comment_status":"closed","ping_status":"closed","template":"","meta":{"_acf_changed":false,"inline_featured_image":false,"footnotes":""},"class_list":["post-85","page","type-page","status-publish","hentry"],"acf":[],"_links":{"self":[{"href":"https:\/\/sisu.ut.ee\/islam\/wp-json\/wp\/v2\/pages\/85","targetHints":{"allow":["GET"]}}],"collection":[{"href":"https:\/\/sisu.ut.ee\/islam\/wp-json\/wp\/v2\/pages"}],"about":[{"href":"https:\/\/sisu.ut.ee\/islam\/wp-json\/wp\/v2\/types\/page"}],"author":[{"embeddable":true,"href":"https:\/\/sisu.ut.ee\/islam\/wp-json\/wp\/v2\/users\/240"}],"replies":[{"embeddable":true,"href":"https:\/\/sisu.ut.ee\/islam\/wp-json\/wp\/v2\/comments?post=85"}],"version-history":[{"count":1,"href":"https:\/\/sisu.ut.ee\/islam\/wp-json\/wp\/v2\/pages\/85\/revisions"}],"predecessor-version":[{"id":202,"href":"https:\/\/sisu.ut.ee\/islam\/wp-json\/wp\/v2\/pages\/85\/revisions\/202"}],"wp:attachment":[{"href":"https:\/\/sisu.ut.ee\/islam\/wp-json\/wp\/v2\/media?parent=85"}],"curies":[{"name":"wp","href":"https:\/\/api.w.org\/{rel}","templated":true}]}}