{"id":82,"date":"2024-04-04T07:04:54","date_gmt":"2024-04-04T04:04:54","guid":{"rendered":"https:\/\/sisu.ut.ee\/islam\/islam-sissejuhatus\/"},"modified":"2024-04-04T07:05:18","modified_gmt":"2024-04-04T04:05:18","slug":"islam-sissejuhatus","status":"publish","type":"page","link":"https:\/\/sisu.ut.ee\/islam\/islam-sissejuhatus\/?lang=et","title":{"rendered":"Islam: religioon, kultuur ja muutuv \u00fchiskond"},"content":{"rendered":"<p>\n\tKursuse eesm\u00e4rk on r\u00e4\u00e4kida islamist kui religioonist, sh islamiga seonduvatest tundlikest\u00a0teemadest ja kirjeldada L\u00e4his-Ida ja P\u00f5hja\u2013Aafrika \u00fchiskondades toimuvaid\u00a0muutusi. L\u00e4his-Ida ja P\u00f5hja-Aafrika riigid seisavad\u00a0poliitiliste\u00a0dilemmade ees. Erinevates riikides on vaja l\u00e4bi viia\u00a0\u00fchiskondlikke reforme, et riike\u00a0v\u00e4lja tuua majanduskriisist ning edendada haridust. Neid riike\u00a0seostatakse peale islami usu tavaliselt ka terrorismiga. Islami usust k\u00f5neldakse kui v\u00e4givaldsest usust. MOOC k\u00f5neleb islami usust ja n\u00e4itab, kuidas islam\u00a0on looduse ja inimese harmooniat taotlev religioon. Samuti on islam\u00a0sisemiselt v\u00e4ga mitmekesine religioon ning selles on esindatud v\u00e4ga erinevad suunad.\n<\/p>\n<p>\n\t<strong>MOOC-i\u00a0sissejuhatuses k\u00fcsime:<\/strong>\n<\/p>\n<ul>\n<li>\n\t\tMiks islamist r\u00e4\u00e4kimine on tundlik teema?\n\t<\/li>\n<li>\n\t\tMilliste eelarvamustega tuleb arvestada kui r\u00e4\u00e4gitakse islamist?\n\t<\/li>\n<li>\n\t\tTaustateadmised, millega tuleb arvestada kui r\u00e4\u00e4gitakse islamist\n\t<\/li>\n<li>\n\t\tMis on kursuse eesm\u00e4rk? Kuidas l\u00e4heneda islamile kui tundlikule teemale?\n\t<\/li>\n<li>\n\t\tSissejuhatus islamisse \u2013 mida ja kuidas r\u00e4\u00e4kida islamist?\n\t<\/li>\n<li>\n\t\tPoliitika, seadus ja religioon: sekulaarsus islami \u00fchiskondades t\u00e4na \u2013 mis on suuremad v\u00e4ljakutsed?\n\t<\/li>\n<li>\n\t\tHaridus ja noored islami \u00fchiskondades \u2013 mida t\u00e4hendab olla noor ja k\u00e4ia koolis islami\u00fchiskonnas?\n\t<\/li>\n<li>\n\t\tKeskkonnakaitse islami\u00fchiskondades \u2013 kuidas islami usk kaitseb loodust?\n\t<\/li>\n<li>\n\t\tMoslemiv\u00e4hemused islami\u00fchiskonnas \u2013 mida see t\u00e4hendab olla teistsugune moslem kui enamus?\n\t<\/li>\n<\/ul>\n","protected":false},"excerpt":{"rendered":"<p>Kursuse eesm\u00e4rk on r\u00e4\u00e4kida islamist kui religioonist, sh islamiga seonduvatest tundlikest\u00a0teemadest ja kirjeldada L\u00e4his-Ida ja P\u00f5hja\u2013Aafrika \u00fchiskondades toimuvaid\u00a0muutusi. L\u00e4his-Ida ja P\u00f5hja-Aafrika riigid seisavad\u00a0poliitiliste\u00a0dilemmade ees. Erinevates riikides on vaja l\u00e4bi viia\u00a0\u00fchiskondlikke reforme, et riike\u00a0v\u00e4lja tuua majanduskriisist ning edendada haridust. Neid riike\u00a0seostatakse &#8230;<\/p>\n","protected":false},"author":240,"featured_media":0,"parent":0,"menu_order":0,"comment_status":"closed","ping_status":"closed","template":"","meta":{"_acf_changed":false,"inline_featured_image":false,"footnotes":""},"class_list":["post-82","page","type-page","status-publish","hentry"],"acf":[],"_links":{"self":[{"href":"https:\/\/sisu.ut.ee\/islam\/wp-json\/wp\/v2\/pages\/82","targetHints":{"allow":["GET"]}}],"collection":[{"href":"https:\/\/sisu.ut.ee\/islam\/wp-json\/wp\/v2\/pages"}],"about":[{"href":"https:\/\/sisu.ut.ee\/islam\/wp-json\/wp\/v2\/types\/page"}],"author":[{"embeddable":true,"href":"https:\/\/sisu.ut.ee\/islam\/wp-json\/wp\/v2\/users\/240"}],"replies":[{"embeddable":true,"href":"https:\/\/sisu.ut.ee\/islam\/wp-json\/wp\/v2\/comments?post=82"}],"version-history":[{"count":1,"href":"https:\/\/sisu.ut.ee\/islam\/wp-json\/wp\/v2\/pages\/82\/revisions"}],"predecessor-version":[{"id":199,"href":"https:\/\/sisu.ut.ee\/islam\/wp-json\/wp\/v2\/pages\/82\/revisions\/199"}],"wp:attachment":[{"href":"https:\/\/sisu.ut.ee\/islam\/wp-json\/wp\/v2\/media?parent=82"}],"curies":[{"name":"wp","href":"https:\/\/api.w.org\/{rel}","templated":true}]}}

Islam: religioon, kultuur ja muutuv ühiskond

<p>
	Kursuse eesmärk on rääkida islamist kui religioonist, sh islamiga seonduvatest tundlikest teemadest ja kirjeldada Lähis-Ida ja Põhja–Aafrika ühiskondades toimuvaid muutusi. Lähis-Ida ja Põhja-Aafrika riigid seisavad poliitiliste dilemmade ees. Erinevates riikides on vaja läbi viia ühiskondlikke reforme, et riike välja tuua majanduskriisist ning edendada haridust. Neid riike seostatakse peale islami usu tavaliselt ka terrorismiga. Islami usust kõneldakse kui vägivaldsest usust. MOOC kõneleb islami usust ja näitab, kuidas islam on looduse ja inimese harmooniat taotlev religioon. Samuti on islam sisemiselt väga mitmekesine religioon ning selles on esindatud väga erinevad suunad.
</p>
<p>
	<strong>MOOC-i sissejuhatuses küsime:</strong>
</p>
<ul>
<li>
		Miks islamist rääkimine on tundlik teema?
	</li>
<li>
		Milliste eelarvamustega tuleb arvestada kui räägitakse islamist?
	</li>
<li>
		Taustateadmised, millega tuleb arvestada kui räägitakse islamist
	</li>
<li>
		Mis on kursuse eesmärk? Kuidas läheneda islamile kui tundlikule teemale?
	</li>
<li>
		Sissejuhatus islamisse – mida ja kuidas rääkida islamist?
	</li>
<li>
		Poliitika, seadus ja religioon: sekulaarsus islami ühiskondades täna – mis on suuremad väljakutsed?
	</li>
<li>
		Haridus ja noored islami ühiskondades – mida tähendab olla noor ja käia koolis islamiühiskonnas?
	</li>
<li>
		Keskkonnakaitse islamiühiskondades – kuidas islami usk kaitseb loodust?
	</li>
<li>
		Moslemivähemused islamiühiskonnas – mida see tähendab olla teistsugune moslem kui enamus?
	</li>
</ul>

<p>Kursuse eesmärk on rääkida islamist kui religioonist, sh islamiga seonduvatest tundlikest teemadest ja kirjeldada Lähis-Ida ja Põhja–Aafrika ühiskondades toimuvaid muutusi. Lähis-Ida ja Põhja-Aafrika riigid seisavad poliitiliste dilemmade ees. Erinevates riikides on vaja läbi viia ühiskondlikke reforme, et riike välja tuua majanduskriisist ning edendada haridust. Neid riike seostatakse &#8230;</p>
