{"id":7,"date":"2024-04-04T07:04:47","date_gmt":"2024-04-04T04:04:47","guid":{"rendered":"https:\/\/sisu.ut.ee\/islam\/iv-nadal\/"},"modified":"2024-04-04T07:05:21","modified_gmt":"2024-04-04T04:05:21","slug":"iv-nadal","status":"publish","type":"page","link":"https:\/\/sisu.ut.ee\/islam\/iv-nadal\/?lang=et","title":{"rendered":"IV n\u00e4dal"},"content":{"rendered":"<p>\n\t<strong>N\u00e4dala teemad:<\/strong>\n<\/p>\n<ul>\n<li>\n\t\tKeskkonnaga seotud tegevused\u00a0\u2013\u00a0huvitegevus, kogukonnategevus ja spirituaalne tegevus.\n\t<\/li>\n<li>\n\t\tSuuremad keskkonnaprobleemid.\n\t<\/li>\n<li>\n\t\t\u00dclerahvastatud Jordaania.\n\t<\/li>\n<li>\n\t\tMida t\u00e4hendab keskkonnas\u00f5bralikkus islami vaimsuses ja \u00f6koislamis?\n\t<\/li>\n<li>\n\t\tIslami s\u00f5num ja keskkonna kaitsmine.\n\t<\/li>\n<\/ul>\n<p>\n\t<strong>N\u00e4dala eesm\u00e4rgid:<\/strong>\n<\/p>\n<ul>\n<li>\n\t\taru saada, et L\u00e4his-Ida, P\u00f5hja-Aafrika ja Araabia riikides on v\u00e4ga suured keskkonnaprobleemid, mis j\u00e4rjest s\u00fcvenevad.\n\t<\/li>\n<li>\n\t\tm\u00f5ista, et kui meie naabruses (L\u00e4his-Ida, P\u00f5hja-Aafrika ja Araabia)\u00a0on probleem ja kui naabrid ei suuda probleemi lahendada, on see varsti meie \u00f5ues ja meie probleem (nt pagulaskriisid, sh kliimapagulased).\n\t<\/li>\n<li>\n\t\tm\u00f5ista, et religioossetel p\u00f5him\u00f5tetel ja traditsioonidel p\u00f5hinev \u00fchiskond saab neid traditsioonilisi m\u00f5tteid edukalt\u00a0kasutada ka keskkonnakaitse edendamiseks.\n\t<\/li>\n<li>\n\t\t\u00f5ppida\u00a0tundma erinevaid kampaaniaid, mis on seotud religiooni (kombed ja traditsioonid) ning keskkonnas\u00e4\u00e4stliku m\u00f5tlemisega.\n\t<\/li>\n<\/ul>\n<p>\n\t<img loading=\"lazy\" decoding=\"async\" width=\"1411\" height=\"1082\" class=\"alignnone wp-image-91\" style=\"margin-top:-60px\" src=\"https:\/\/sisu.ut.ee\/wp-content\/uploads\/sites\/478\/keskkond_2.png\" title=\"keskkond_2.png\" alt=\"keskkond\" srcset=\"https:\/\/sisu.ut.ee\/wp-content\/uploads\/sites\/478\/keskkond_2.png 1411w, https:\/\/sisu.ut.ee\/wp-content\/uploads\/sites\/478\/keskkond_2-300x230.png 300w, https:\/\/sisu.ut.ee\/wp-content\/uploads\/sites\/478\/keskkond_2-1024x785.png 1024w, https:\/\/sisu.ut.ee\/wp-content\/uploads\/sites\/478\/keskkond_2-768x589.png 768w\" sizes=\"auto, (max-width: 1411px) 100vw, 1411px\"><\/p>\n","protected":false},"excerpt":{"rendered":"<p>N\u00e4dala teemad: Keskkonnaga seotud tegevused\u00a0\u2013\u00a0huvitegevus, kogukonnategevus ja spirituaalne tegevus. Suuremad keskkonnaprobleemid. \u00dclerahvastatud Jordaania. Mida t\u00e4hendab keskkonnas\u00f5bralikkus islami vaimsuses ja \u00f6koislamis? Islami s\u00f5num ja keskkonna kaitsmine. N\u00e4dala eesm\u00e4rgid: aru saada, et L\u00e4his-Ida, P\u00f5hja-Aafrika ja Araabia riikides on v\u00e4ga suured keskkonnaprobleemid, mis &#8230;<\/p>\n","protected":false},"author":240,"featured_media":0,"parent":0,"menu_order":0,"comment_status":"closed","ping_status":"closed","template":"","meta":{"_acf_changed":false,"inline_featured_image":false,"footnotes":""},"class_list":["post-7","page","type-page","status-publish","hentry"],"acf":[],"_links":{"self":[{"href":"https:\/\/sisu.ut.ee\/islam\/wp-json\/wp\/v2\/pages\/7","targetHints":{"allow":["GET"]}}],"collection":[{"href":"https:\/\/sisu.ut.ee\/islam\/wp-json\/wp\/v2\/pages"}],"about":[{"href":"https:\/\/sisu.ut.ee\/islam\/wp-json\/wp\/v2\/types\/page"}],"author":[{"embeddable":true,"href":"https:\/\/sisu.ut.ee\/islam\/wp-json\/wp\/v2\/users\/240"}],"replies":[{"embeddable":true,"href":"https:\/\/sisu.ut.ee\/islam\/wp-json\/wp\/v2\/comments?post=7"}],"version-history":[{"count":1,"href":"https:\/\/sisu.ut.ee\/islam\/wp-json\/wp\/v2\/pages\/7\/revisions"}],"predecessor-version":[{"id":266,"href":"https:\/\/sisu.ut.ee\/islam\/wp-json\/wp\/v2\/pages\/7\/revisions\/266"}],"wp:attachment":[{"href":"https:\/\/sisu.ut.ee\/islam\/wp-json\/wp\/v2\/media?parent=7"}],"curies":[{"name":"wp","href":"https:\/\/api.w.org\/{rel}","templated":true}]}}

IV nädal

<p>
	<strong>Nädala teemad:</strong>
</p>
<ul>
<li>
		Keskkonnaga seotud tegevused – huvitegevus, kogukonnategevus ja spirituaalne tegevus.
	</li>
<li>
		Suuremad keskkonnaprobleemid.
	</li>
<li>
		Ülerahvastatud Jordaania.
	</li>
<li>
		Mida tähendab keskkonnasõbralikkus islami vaimsuses ja ökoislamis?
	</li>
<li>
		Islami sõnum ja keskkonna kaitsmine.
	</li>
</ul>
<p>
	<strong>Nädala eesmärgid:</strong>
</p>
<ul>
<li>
		aru saada, et Lähis-Ida, Põhja-Aafrika ja Araabia riikides on väga suured keskkonnaprobleemid, mis järjest süvenevad.
	</li>
<li>
		mõista, et kui meie naabruses (Lähis-Ida, Põhja-Aafrika ja Araabia) on probleem ja kui naabrid ei suuda probleemi lahendada, on see varsti meie õues ja meie probleem (nt pagulaskriisid, sh kliimapagulased).
	</li>
<li>
		mõista, et religioossetel põhimõtetel ja traditsioonidel põhinev ühiskond saab neid traditsioonilisi mõtteid edukalt kasutada ka keskkonnakaitse edendamiseks.
	</li>
<li>
		õppida tundma erinevaid kampaaniaid, mis on seotud religiooni (kombed ja traditsioonid) ning keskkonnasäästliku mõtlemisega.
	</li>
</ul>
<p>
	<img loading="lazy" decoding="async" width="1411" height="1082" class="alignnone wp-image-91" style="margin-top:-60px" src="https://sisu.ut.ee/wp-content/uploads/sites/478/keskkond_2.png" title="keskkond_2.png" alt="keskkond" srcset="https://sisu.ut.ee/wp-content/uploads/sites/478/keskkond_2.png 1411w, https://sisu.ut.ee/wp-content/uploads/sites/478/keskkond_2-300x230.png 300w, https://sisu.ut.ee/wp-content/uploads/sites/478/keskkond_2-1024x785.png 1024w, https://sisu.ut.ee/wp-content/uploads/sites/478/keskkond_2-768x589.png 768w" sizes="auto, (max-width: 1411px) 100vw, 1411px"></p>

<p>Nädala teemad: Keskkonnaga seotud tegevused – huvitegevus, kogukonnategevus ja spirituaalne tegevus. Suuremad keskkonnaprobleemid. Ülerahvastatud Jordaania. Mida tähendab keskkonnasõbralikkus islami vaimsuses ja ökoislamis? Islami sõnum ja keskkonna kaitsmine. Nädala eesmärgid: aru saada, et Lähis-Ida, Põhja-Aafrika ja Araabia riikides on väga suured keskkonnaprobleemid, mis &#8230;</p>
