{"id":58,"date":"2024-04-04T07:04:52","date_gmt":"2024-04-04T04:04:52","guid":{"rendered":"https:\/\/sisu.ut.ee\/islam\/joonista-kaart\/"},"modified":"2024-04-04T07:05:19","modified_gmt":"2024-04-04T04:05:19","slug":"joonista-kaart","status":"publish","type":"page","link":"https:\/\/sisu.ut.ee\/islam\/joonista-kaart\/?lang=et","title":{"rendered":"Joonista kaart"},"content":{"rendered":"<p>\n\tJoonista L\u00e4his-Ida, P\u00f5hja-Aafrika ja Araabia kaart. M\u00f5tle, mis riigid sinna kuuluvad ja miks need riigid sinna kuuluvad. Peale kaardi joonistamist otsi iga riigi kohta kolm\u00a0fakti \u2013 nt Egiptuses elab 94 miljonit inimest, Egiptuse vabariik kuulutati v\u00e4lja 18. juunil 1953. aastal ning Egiptus moodustas 1958. aastal koos S\u00fc\u00fcriaga \u00dchinenud Araabia Vabariigi.\n<\/p>\n<p>\n\t<\/p><div class=\"ratio ratio-16x9 mb-3\"><div class=\"video-placeholder-wrapper video-placeholder-wrapper--16x9\">\n\t\t\t    <div class=\"video-placeholder d-flex justify-content-center align-items-center\">\n\t\t\t        <div class=\"overlay text-white p-2 w-100 text-center d-block justify-content-center align-items-center\">\n\t\t\t            <div>To view third-party content, please accept cookies.<\/div>\n\t\t\t            <button class=\"btn btn-secondary btn-sm mt-1 consent-change\">Change consent<\/button>\n\t\t\t        <\/div>\n\t\t\t    <\/div>\n\t\t\t<\/div>\n<\/div>\n\n<p>\n\t\u00a0<\/p>\n","protected":false},"excerpt":{"rendered":"<p>Joonista L\u00e4his-Ida, P\u00f5hja-Aafrika ja Araabia kaart. M\u00f5tle, mis riigid sinna kuuluvad ja miks need riigid sinna kuuluvad. Peale kaardi joonistamist otsi iga riigi kohta kolm\u00a0fakti \u2013 nt Egiptuses elab 94 miljonit inimest, Egiptuse vabariik kuulutati v\u00e4lja 18. juunil 1953. aastal &#8230;<\/p>\n","protected":false},"author":240,"featured_media":0,"parent":0,"menu_order":0,"comment_status":"closed","ping_status":"closed","template":"","meta":{"_acf_changed":false,"inline_featured_image":false,"footnotes":""},"class_list":["post-58","page","type-page","status-publish","hentry"],"acf":[],"_links":{"self":[{"href":"https:\/\/sisu.ut.ee\/islam\/wp-json\/wp\/v2\/pages\/58","targetHints":{"allow":["GET"]}}],"collection":[{"href":"https:\/\/sisu.ut.ee\/islam\/wp-json\/wp\/v2\/pages"}],"about":[{"href":"https:\/\/sisu.ut.ee\/islam\/wp-json\/wp\/v2\/types\/page"}],"author":[{"embeddable":true,"href":"https:\/\/sisu.ut.ee\/islam\/wp-json\/wp\/v2\/users\/240"}],"replies":[{"embeddable":true,"href":"https:\/\/sisu.ut.ee\/islam\/wp-json\/wp\/v2\/comments?post=58"}],"version-history":[{"count":1,"href":"https:\/\/sisu.ut.ee\/islam\/wp-json\/wp\/v2\/pages\/58\/revisions"}],"predecessor-version":[{"id":215,"href":"https:\/\/sisu.ut.ee\/islam\/wp-json\/wp\/v2\/pages\/58\/revisions\/215"}],"wp:attachment":[{"href":"https:\/\/sisu.ut.ee\/islam\/wp-json\/wp\/v2\/media?parent=58"}],"curies":[{"name":"wp","href":"https:\/\/api.w.org\/{rel}","templated":true}]}}

<p>
	Joonista Lähis-Ida, Põhja-Aafrika ja Araabia kaart. Mõtle, mis riigid sinna kuuluvad ja miks need riigid sinna kuuluvad. Peale kaardi joonistamist otsi iga riigi kohta kolm fakti – nt Egiptuses elab 94 miljonit inimest, Egiptuse vabariik kuulutati välja 18. juunil 1953. aastal ning Egiptus moodustas 1958. aastal koos Süüriaga Ühinenud Araabia Vabariigi.
</p>
<p>
	</p><div class="ratio ratio-16x9 mb-3"><div class="video-placeholder-wrapper video-placeholder-wrapper--16x9">
			    <div class="video-placeholder d-flex justify-content-center align-items-center">
			        <div class="overlay text-white p-2 w-100 text-center d-block justify-content-center align-items-center">
			            <div>To view third-party content, please accept cookies.</div>
			            <button class="btn btn-secondary btn-sm mt-1 consent-change">Change consent</button>
			        </div>
			    </div>
			</div>
</div>

<p>
	 </p>

<p>Joonista Lähis-Ida, Põhja-Aafrika ja Araabia kaart. Mõtle, mis riigid sinna kuuluvad ja miks need riigid sinna kuuluvad. Peale kaardi joonistamist otsi iga riigi kohta kolm fakti – nt Egiptuses elab 94 miljonit inimest, Egiptuse vabariik kuulutati välja 18. juunil 1953. aastal &#8230;</p>
