{"id":4,"date":"2024-04-04T07:04:46","date_gmt":"2024-04-04T04:04:46","guid":{"rendered":"https:\/\/sisu.ut.ee\/islam\/ii-nadal\/"},"modified":"2024-04-04T07:05:22","modified_gmt":"2024-04-04T04:05:22","slug":"ii-nadal","status":"publish","type":"page","link":"https:\/\/sisu.ut.ee\/islam\/ii-nadal\/?lang=et","title":{"rendered":"II n\u00e4dal"},"content":{"rendered":"<p>\n\t<strong>N\u00e4dala teemad:<\/strong>\n<\/p>\n<ul>\n<li>\n\t\tMillised \u00fchiskonnad on valmis praktiseerima demokraatlikku s\u00fcsteemi?\n\t<\/li>\n<li>\n\t\tMilline on L\u00e4his-Ida,\u00a0P\u00f5hja-Aafrika ja Araabia\u00a0piirkonna poliitiline ajalugu?\n\t<\/li>\n<li>\n\t\tMilline on demokraatia ja sekulaarsus L\u00e4his-Idas, P\u00f5hja-Aafrikas ja Araabias?\n\t<\/li>\n<li>\n\t\tMiks seisavad L\u00e4his-Ida,\u00a0P\u00f5hja-Aafrika ja Araabia\u00a0riigid suurte v\u00e4ljakutsete ees ja mis seos on neil v\u00e4ljakutsetel usuga?\n\t<\/li>\n<\/ul>\n<p>\n\t<strong>N\u00e4dala eesm\u00e4rgid:<\/strong>\n<\/p>\n<ul>\n<li>\n\t\tM\u00f5ista, et L\u00e4his-Ida,\u00a0P\u00f5hja-Aafrika ja Araabia\u00a0piirkonna poliitikast r\u00e4\u00e4kimine ja \u00fcldistamine on seotud paljude dilemmadega.\n\t<\/li>\n<li>\n\t\tAnal\u00fc\u00fcsida L\u00e4his-Ida,\u00a0P\u00f5hja-Aafrika ja Araabia\u00a0piirkonna poliitika situatsiooni ajaloolisest perspektiivist.\n\t<\/li>\n<li>\n\t\tM\u00f5ista, miks on\u00a0islamiriikides\u00a0erinevad re\u017eiimid ja v\u00e4he demokraatiat.\n\t<\/li>\n<li>\n\t\tTeadvustada religiooni t\u00e4htsust L\u00e4his-Ida,\u00a0P\u00f5hja-Aafrika ja Araabia\u00a0riikide poliitikas.\n\t<\/li>\n<\/ul>\n<p>\n\t\u00a0\n<\/p>\n<p>\n\t<\/p><div class=\"ratio ratio-16x9 mb-3\"><div class=\"video-placeholder-wrapper video-placeholder-wrapper--16x9\">\n\t\t\t    <div class=\"video-placeholder d-flex justify-content-center align-items-center\">\n\t\t\t        <div class=\"overlay text-white p-2 w-100 text-center d-block justify-content-center align-items-center\">\n\t\t\t            <div>To view third-party content, please accept cookies.<\/div>\n\t\t\t            <button class=\"btn btn-secondary btn-sm mt-1 consent-change\">Change consent<\/button>\n\t\t\t        <\/div>\n\t\t\t    <\/div>\n\t\t\t<\/div>\n<\/div>\n\n<p>\n\t\u00a0<\/p>\n","protected":false},"excerpt":{"rendered":"<p>N\u00e4dala teemad: Millised \u00fchiskonnad on valmis praktiseerima demokraatlikku s\u00fcsteemi? Milline on L\u00e4his-Ida,\u00a0P\u00f5hja-Aafrika ja Araabia\u00a0piirkonna poliitiline ajalugu? Milline on demokraatia ja sekulaarsus L\u00e4his-Idas, P\u00f5hja-Aafrikas ja Araabias? Miks seisavad L\u00e4his-Ida,\u00a0P\u00f5hja-Aafrika ja Araabia\u00a0riigid suurte v\u00e4ljakutsete ees ja mis seos on neil v\u00e4ljakutsetel usuga? &#8230;<\/p>\n","protected":false},"author":240,"featured_media":0,"parent":0,"menu_order":0,"comment_status":"closed","ping_status":"closed","template":"","meta":{"_acf_changed":false,"inline_featured_image":false,"footnotes":""},"class_list":["post-4","page","type-page","status-publish","hentry"],"acf":[],"_links":{"self":[{"href":"https:\/\/sisu.ut.ee\/islam\/wp-json\/wp\/v2\/pages\/4","targetHints":{"allow":["GET"]}}],"collection":[{"href":"https:\/\/sisu.ut.ee\/islam\/wp-json\/wp\/v2\/pages"}],"about":[{"href":"https:\/\/sisu.ut.ee\/islam\/wp-json\/wp\/v2\/types\/page"}],"author":[{"embeddable":true,"href":"https:\/\/sisu.ut.ee\/islam\/wp-json\/wp\/v2\/users\/240"}],"replies":[{"embeddable":true,"href":"https:\/\/sisu.ut.ee\/islam\/wp-json\/wp\/v2\/comments?post=4"}],"version-history":[{"count":1,"href":"https:\/\/sisu.ut.ee\/islam\/wp-json\/wp\/v2\/pages\/4\/revisions"}],"predecessor-version":[{"id":275,"href":"https:\/\/sisu.ut.ee\/islam\/wp-json\/wp\/v2\/pages\/4\/revisions\/275"}],"wp:attachment":[{"href":"https:\/\/sisu.ut.ee\/islam\/wp-json\/wp\/v2\/media?parent=4"}],"curies":[{"name":"wp","href":"https:\/\/api.w.org\/{rel}","templated":true}]}}

II nädal

<p>
	<strong>Nädala teemad:</strong>
</p>
<ul>
<li>
		Millised ühiskonnad on valmis praktiseerima demokraatlikku süsteemi?
	</li>
<li>
		Milline on Lähis-Ida, Põhja-Aafrika ja Araabia piirkonna poliitiline ajalugu?
	</li>
<li>
		Milline on demokraatia ja sekulaarsus Lähis-Idas, Põhja-Aafrikas ja Araabias?
	</li>
<li>
		Miks seisavad Lähis-Ida, Põhja-Aafrika ja Araabia riigid suurte väljakutsete ees ja mis seos on neil väljakutsetel usuga?
	</li>
</ul>
<p>
	<strong>Nädala eesmärgid:</strong>
</p>
<ul>
<li>
		Mõista, et Lähis-Ida, Põhja-Aafrika ja Araabia piirkonna poliitikast rääkimine ja üldistamine on seotud paljude dilemmadega.
	</li>
<li>
		Analüüsida Lähis-Ida, Põhja-Aafrika ja Araabia piirkonna poliitika situatsiooni ajaloolisest perspektiivist.
	</li>
<li>
		Mõista, miks on islamiriikides erinevad režiimid ja vähe demokraatiat.
	</li>
<li>
		Teadvustada religiooni tähtsust Lähis-Ida, Põhja-Aafrika ja Araabia riikide poliitikas.
	</li>
</ul>
<p>
	 
</p>
<p>
	</p><div class="ratio ratio-16x9 mb-3"><div class="video-placeholder-wrapper video-placeholder-wrapper--16x9">
			    <div class="video-placeholder d-flex justify-content-center align-items-center">
			        <div class="overlay text-white p-2 w-100 text-center d-block justify-content-center align-items-center">
			            <div>To view third-party content, please accept cookies.</div>
			            <button class="btn btn-secondary btn-sm mt-1 consent-change">Change consent</button>
			        </div>
			    </div>
			</div>
</div>

<p>
	 </p>

<p>Nädala teemad: Millised ühiskonnad on valmis praktiseerima demokraatlikku süsteemi? Milline on Lähis-Ida, Põhja-Aafrika ja Araabia piirkonna poliitiline ajalugu? Milline on demokraatia ja sekulaarsus Lähis-Idas, Põhja-Aafrikas ja Araabias? Miks seisavad Lähis-Ida, Põhja-Aafrika ja Araabia riigid suurte väljakutsete ees ja mis seos on neil väljakutsetel usuga? &#8230;</p>
