{"id":30,"date":"2024-04-04T07:04:49","date_gmt":"2024-04-04T04:04:49","guid":{"rendered":"https:\/\/sisu.ut.ee\/islam\/ibadiidid\/"},"modified":"2024-04-04T07:05:21","modified_gmt":"2024-04-04T04:05:21","slug":"ibadiidid","status":"publish","type":"page","link":"https:\/\/sisu.ut.ee\/islam\/ibadiidid\/?lang=et","title":{"rendered":"Ibadiidid"},"content":{"rendered":"<p>\n\tVideos \u00f5pime tundma ibadiite\u00a0\u2013\u00a0mille poolest nad erinevad sunniitidest ja \u0161iiitidest, kuidas nad ennast defineerivad ja milline on nende kultuuriline ja etniline taust? K\u00fcsime, miks peetakse ibadiite \u00fcheks sallivamaks islami suunaks?\n<\/p>\n<p>\n\t<\/p><div class=\"ratio ratio-16x9 mb-3\"><div class=\"video-placeholder-wrapper video-placeholder-wrapper--16x9\">\n\t\t\t    <div class=\"video-placeholder d-flex justify-content-center align-items-center\">\n\t\t\t        <div class=\"overlay text-white p-2 w-100 text-center d-block justify-content-center align-items-center\">\n\t\t\t            <div>To view third-party content, please accept cookies.<\/div>\n\t\t\t            <button class=\"btn btn-secondary btn-sm mt-1 consent-change\">Change consent<\/button>\n\t\t\t        <\/div>\n\t\t\t    <\/div>\n\t\t\t<\/div>\n<\/div>\n","protected":false},"excerpt":{"rendered":"<p>Videos \u00f5pime tundma ibadiite\u00a0\u2013\u00a0mille poolest nad erinevad sunniitidest ja \u0161iiitidest, kuidas nad ennast defineerivad ja milline on nende kultuuriline ja etniline taust? K\u00fcsime, miks peetakse ibadiite \u00fcheks sallivamaks islami suunaks? To view third-party content, please accept cookies. Change consent<\/p>\n","protected":false},"author":240,"featured_media":0,"parent":0,"menu_order":0,"comment_status":"closed","ping_status":"closed","template":"","meta":{"_acf_changed":false,"inline_featured_image":false,"footnotes":""},"class_list":["post-30","page","type-page","status-publish","hentry"],"acf":[],"_links":{"self":[{"href":"https:\/\/sisu.ut.ee\/islam\/wp-json\/wp\/v2\/pages\/30","targetHints":{"allow":["GET"]}}],"collection":[{"href":"https:\/\/sisu.ut.ee\/islam\/wp-json\/wp\/v2\/pages"}],"about":[{"href":"https:\/\/sisu.ut.ee\/islam\/wp-json\/wp\/v2\/types\/page"}],"author":[{"embeddable":true,"href":"https:\/\/sisu.ut.ee\/islam\/wp-json\/wp\/v2\/users\/240"}],"replies":[{"embeddable":true,"href":"https:\/\/sisu.ut.ee\/islam\/wp-json\/wp\/v2\/comments?post=30"}],"version-history":[{"count":1,"href":"https:\/\/sisu.ut.ee\/islam\/wp-json\/wp\/v2\/pages\/30\/revisions"}],"predecessor-version":[{"id":249,"href":"https:\/\/sisu.ut.ee\/islam\/wp-json\/wp\/v2\/pages\/30\/revisions\/249"}],"wp:attachment":[{"href":"https:\/\/sisu.ut.ee\/islam\/wp-json\/wp\/v2\/media?parent=30"}],"curies":[{"name":"wp","href":"https:\/\/api.w.org\/{rel}","templated":true}]}}