{"id":29,"date":"2024-04-04T07:04:49","date_gmt":"2024-04-04T04:04:49","guid":{"rendered":"https:\/\/sisu.ut.ee\/islam\/etniline-kultuuriline-ja-koolkondlik-mitmekesisus-islami-uhiskonnas-labi-ajaloo\/"},"modified":"2024-04-04T07:05:21","modified_gmt":"2024-04-04T04:05:21","slug":"etniline-kultuuriline-ja-koolkondlik-mitmekesisus-islami-uhiskonnas-labi-ajaloo","status":"publish","type":"page","link":"https:\/\/sisu.ut.ee\/islam\/etniline-kultuuriline-ja-koolkondlik-mitmekesisus-islami-uhiskonnas-labi-ajaloo\/?lang=et","title":{"rendered":"Mitmekesisus islami ajaloos"},"content":{"rendered":"<p>\n\tSelles videos n\u00e4eme,\u00a0kuidas l\u00e4bi ajaloo on eksisteerinud islami \u00fchiskonnas erinevad suunad, nii 7. sajandil kui ka kaasajal. K\u00fcsime, kuiv\u00f5rd on\u00a0islami mitmekesisus tunnustatud?\n<\/p>\n<p>\n\t<\/p><div class=\"ratio ratio-16x9 mb-3\"><div class=\"video-placeholder-wrapper video-placeholder-wrapper--16x9\">\n\t\t\t    <div class=\"video-placeholder d-flex justify-content-center align-items-center\">\n\t\t\t        <div class=\"overlay text-white p-2 w-100 text-center d-block justify-content-center align-items-center\">\n\t\t\t            <div>To view third-party content, please accept cookies.<\/div>\n\t\t\t            <button class=\"btn btn-secondary btn-sm mt-1 consent-change\">Change consent<\/button>\n\t\t\t        <\/div>\n\t\t\t    <\/div>\n\t\t\t<\/div>\n<\/div>\n","protected":false},"excerpt":{"rendered":"<p>Selles videos n\u00e4eme,\u00a0kuidas l\u00e4bi ajaloo on eksisteerinud islami \u00fchiskonnas erinevad suunad, nii 7. sajandil kui ka kaasajal. K\u00fcsime, kuiv\u00f5rd on\u00a0islami mitmekesisus tunnustatud? To view third-party content, please accept cookies. Change consent<\/p>\n","protected":false},"author":240,"featured_media":0,"parent":0,"menu_order":0,"comment_status":"closed","ping_status":"closed","template":"","meta":{"_acf_changed":false,"inline_featured_image":false,"footnotes":""},"class_list":["post-29","page","type-page","status-publish","hentry"],"acf":[],"_links":{"self":[{"href":"https:\/\/sisu.ut.ee\/islam\/wp-json\/wp\/v2\/pages\/29","targetHints":{"allow":["GET"]}}],"collection":[{"href":"https:\/\/sisu.ut.ee\/islam\/wp-json\/wp\/v2\/pages"}],"about":[{"href":"https:\/\/sisu.ut.ee\/islam\/wp-json\/wp\/v2\/types\/page"}],"author":[{"embeddable":true,"href":"https:\/\/sisu.ut.ee\/islam\/wp-json\/wp\/v2\/users\/240"}],"replies":[{"embeddable":true,"href":"https:\/\/sisu.ut.ee\/islam\/wp-json\/wp\/v2\/comments?post=29"}],"version-history":[{"count":1,"href":"https:\/\/sisu.ut.ee\/islam\/wp-json\/wp\/v2\/pages\/29\/revisions"}],"predecessor-version":[{"id":248,"href":"https:\/\/sisu.ut.ee\/islam\/wp-json\/wp\/v2\/pages\/29\/revisions\/248"}],"wp:attachment":[{"href":"https:\/\/sisu.ut.ee\/islam\/wp-json\/wp\/v2\/media?parent=29"}],"curies":[{"name":"wp","href":"https:\/\/api.w.org\/{rel}","templated":true}]}}

<p>
	Selles videos näeme, kuidas läbi ajaloo on eksisteerinud islami ühiskonnas erinevad suunad, nii 7. sajandil kui ka kaasajal. Küsime, kuivõrd on islami mitmekesisus tunnustatud?
</p>
<p>
	</p><div class="ratio ratio-16x9 mb-3"><div class="video-placeholder-wrapper video-placeholder-wrapper--16x9">
			    <div class="video-placeholder d-flex justify-content-center align-items-center">
			        <div class="overlay text-white p-2 w-100 text-center d-block justify-content-center align-items-center">
			            <div>To view third-party content, please accept cookies.</div>
			            <button class="btn btn-secondary btn-sm mt-1 consent-change">Change consent</button>
			        </div>
			    </div>
			</div>
</div>

<p>Selles videos näeme, kuidas läbi ajaloo on eksisteerinud islami ühiskonnas erinevad suunad, nii 7. sajandil kui ka kaasajal. Küsime, kuivõrd on islami mitmekesisus tunnustatud? To view third-party content, please accept cookies. Change consent</p>
