{"id":8,"date":"2024-04-03T23:12:16","date_gmt":"2024-04-03T20:12:16","guid":{"rendered":"https:\/\/sisu.ut.ee\/ise\/statistika-otsing\/"},"modified":"2025-09-15T14:48:35","modified_gmt":"2025-09-15T11:48:35","slug":"statistika-otsing","status":"publish","type":"page","link":"https:\/\/sisu.ut.ee\/ise\/statistika-otsing\/","title":{"rendered":"Statistika otsing"},"content":{"rendered":"<p>Statistika andmebaasi avalehel on kaks v\u00f5imlust otsingu alustamiseks: otsingus\u00f5na sisestamine ning otsinguvaldkonna valimine.<\/p>\n<p><img loading=\"lazy\" decoding=\"async\" width=\"496\" height=\"517\" class=\"alignnone wp-image-27\" style=\"width: 496px; height: 517px; border-width: 1px; border-style: solid;\" title=\"2021-09-01_14_58_48-window.png\" src=\"https:\/\/sisu.ut.ee\/wp-content\/uploads\/sites\/33\/2021-09-01_14_58_48-window.png\" alt=\"a\" srcset=\"https:\/\/sisu.ut.ee\/wp-content\/uploads\/sites\/33\/2021-09-01_14_58_48-window.png 496w, https:\/\/sisu.ut.ee\/wp-content\/uploads\/sites\/33\/2021-09-01_14_58_48-window-288x300.png 288w\" sizes=\"auto, (max-width: 496px) 100vw, 496px\"><\/p>\n<p><em style=\"line-height: 1.6em;\">Andmebaasi otsinguv\u00f5imalused.<\/em><\/p>\n<p>Esimene varint: sisestades otsingukasti s\u00f5na \u00fcli\u00f5pila* (s\u00f5nal\u00f5pu asendamine t\u00e4rniga v\u00f5imaldab leida s\u00f5na erinevate l\u00f5ppudega) saame nimekirja k\u00f5ikdest andmekogudest, mis sisaldavad statistikat \u00fcli\u00f5pilaste kohta. Kl\u00f5psates andmekogu pealkirjal saab teha t\u00e4pse p\u00e4ringu etteantud v\u00f5imalustega.<\/p>\n<p><img loading=\"lazy\" decoding=\"async\" width=\"697\" height=\"64\" class=\"alignnone wp-image-26\" style=\"width: 697px; height: 64px; border-width: 1px; border-style: solid;\" title=\"2021-09-01_14_56_07-window.png\" src=\"https:\/\/sisu.ut.ee\/wp-content\/uploads\/sites\/33\/2021-09-01_14_56_07-window.png\" alt=\"a\" srcset=\"https:\/\/sisu.ut.ee\/wp-content\/uploads\/sites\/33\/2021-09-01_14_56_07-window.png 697w, https:\/\/sisu.ut.ee\/wp-content\/uploads\/sites\/33\/2021-09-01_14_56_07-window-300x28.png 300w\" sizes=\"auto, (max-width: 697px) 100vw, 697px\"><\/p>\n<p><em>V\u00e4ljav\u00f5te andmestike loetelust otsinguga \u00fcli\u00f5pila* .<\/em><\/p>\n<p>Teine variant on valida valdkond.\u00a0Kl\u00f5psame n\u00e4iteks <em>Sotsiaalelu<\/em>. Avaneb teemade puu. Siit tuleb ise valida kitsam teema. Teemal kl\u00f5psates avaneb andmestike loetelu. Kui eesm\u00e4rk on leida \u00fcli\u00f5pilasi puudutavat statistikat, siis kindlasti leiab seda hariduse rubriigis k\u00f5rgharidus all, kuid noorte kohta k\u00e4ivaid andmeid on ka teistes rubriikides. Seal pole aga fikseeritud, kas nad on \u00fcli\u00f5pilased v\u00f5i mitte. Seega annavad s\u00f5naotsing ja teemade kaupa otsing erinevaid v\u00f5imalusi j\u00e4tkamiseks.<\/p>\n<p><img loading=\"lazy\" decoding=\"async\" class=\"alignnone size-full wp-image-137\" src=\"https:\/\/sisu.ut.ee\/wp-content\/uploads\/sites\/33\/Screenshot-2024-10-07-214045.png\" alt=\"\" width=\"829\" height=\"628\" srcset=\"https:\/\/sisu.ut.ee\/wp-content\/uploads\/sites\/33\/Screenshot-2024-10-07-214045.png 829w, https:\/\/sisu.ut.ee\/wp-content\/uploads\/sites\/33\/Screenshot-2024-10-07-214045-300x227.png 300w, https:\/\/sisu.ut.ee\/wp-content\/uploads\/sites\/33\/Screenshot-2024-10-07-214045-768x582.png 768w\" sizes=\"auto, (max-width: 829px) 100vw, 829px\"><\/p>\n<p><em>Otsing valdkondade j\u00e4rgi.<\/em><\/p>\n<p>Iga andmetabeli pealkirja ees on unikaalne kood, mida saab kasutada otsingus. Pealkirja j\u00e4rel on tabeli uuendamise kuup\u00e4ev.<\/p>\n","protected":false},"excerpt":{"rendered":"<p>Statistika andmebaasi avalehel on kaks v\u00f5imlust otsingu alustamiseks: otsingus\u00f5na sisestamine ning otsinguvaldkonna valimine. Andmebaasi otsinguv\u00f5imalused. Esimene varint: sisestades otsingukasti s\u00f5na \u00fcli\u00f5pila* (s\u00f5nal\u00f5pu asendamine t\u00e4rniga v\u00f5imaldab leida s\u00f5na erinevate l\u00f5ppudega) saame nimekirja k\u00f5ikdest andmekogudest, mis sisaldavad statistikat \u00fcli\u00f5pilaste kohta. Kl\u00f5psates andmekogu &#8230;<\/p>\n","protected":false},"author":5,"featured_media":0,"parent":0,"menu_order":0,"comment_status":"closed","ping_status":"closed","template":"","meta":{"_acf_changed":false,"inline_featured_image":false,"footnotes":""},"class_list":["post-8","page","type-page","status-publish","hentry"],"acf":[],"_links":{"self":[{"href":"https:\/\/sisu.ut.ee\/ise\/wp-json\/wp\/v2\/pages\/8","targetHints":{"allow":["GET"]}}],"collection":[{"href":"https:\/\/sisu.ut.ee\/ise\/wp-json\/wp\/v2\/pages"}],"about":[{"href":"https:\/\/sisu.ut.ee\/ise\/wp-json\/wp\/v2\/types\/page"}],"author":[{"embeddable":true,"href":"https:\/\/sisu.ut.ee\/ise\/wp-json\/wp\/v2\/users\/5"}],"replies":[{"embeddable":true,"href":"https:\/\/sisu.ut.ee\/ise\/wp-json\/wp\/v2\/comments?post=8"}],"version-history":[{"count":3,"href":"https:\/\/sisu.ut.ee\/ise\/wp-json\/wp\/v2\/pages\/8\/revisions"}],"predecessor-version":[{"id":167,"href":"https:\/\/sisu.ut.ee\/ise\/wp-json\/wp\/v2\/pages\/8\/revisions\/167"}],"wp:attachment":[{"href":"https:\/\/sisu.ut.ee\/ise\/wp-json\/wp\/v2\/media?parent=8"}],"curies":[{"name":"wp","href":"https:\/\/api.w.org\/{rel}","templated":true}]}}