{"id":116,"date":"2024-04-11T15:32:21","date_gmt":"2024-04-11T12:32:21","guid":{"rendered":"https:\/\/sisu.ut.ee\/ise\/enesetest-eesti-andmebaasid\/"},"modified":"2024-04-11T15:32:21","modified_gmt":"2024-04-11T12:32:21","slug":"enesetest-eesti-andmebaasid","status":"publish","type":"page","link":"https:\/\/sisu.ut.ee\/ise\/enesetest-eesti-andmebaasid\/","title":{"rendered":"Enesetest: Eesti andmebaasid"},"content":{"rendered":"<div id=\"watupro_quiz\" class=\"quiz-area single-page-quiz\">\n<p id=\"submittingExam4\" style=\"display:none;text-align:center;\"><img loading=\"lazy\" decoding=\"async\" src=\"https:\/\/sisu.ut.ee\/wp-content\/plugins\/watupro\/img\/loading.gif\" width=\"16\" height=\"16\"><\/p>\n\n\n\n<form action=\"\" method=\"post\" class=\"quiz-form\" id=\"quiz-4\" enctype=\"multipart\/form-data\">\n<div class=\"watu-question \" id=\"question-1\" style=\";\"><div id=\"questionWrap-1\" class=\"  watupro-required-13 watupro-question-id-13\">\n\t\t\t<div class=\"question-content\"><div>Andmebaasis DIGAR Eesti artiklid on k\u00f5ik Eesti ajalehed vabalt k\u00e4ttesaadavad.<\/div><input type=\"hidden\" name=\"question_id[]\" id=\"qID_1\" value=\"13\" class=\"watupro-question-id\"><input type=\"hidden\" id=\"answerType13\" class=\"answerTypeCnt1\" value=\"radio\"><input type=\"hidden\" id=\"watupro-required-question-13\"><!-- end question-content--><\/div><div class=\"question-choices watupro-choices-columns \" id=\"questionChoices13\"><div class=\"watupro-question-choice  \" dir=\"auto\"><input type=\"radio\" name=\"answer-13[]\" id=\"answer-id-32\" class=\"answer   answerof-13 \" value=\"32\"><label for=\"answer-id-32\" id=\"answer-label-32\" class=\" answer\"><span>True<\/span><\/label><\/div><div class=\"watupro-question-choice  \" dir=\"auto\"><input type=\"radio\" name=\"answer-13[]\" id=\"answer-id-33\" class=\"answer   answerof-13 \" value=\"33\"><label for=\"answer-id-33\" id=\"answer-label-33\" class=\" answer\"><span>False<\/span><\/label><\/div><!-- end question-choices--><\/div><!-- end questionWrap--><\/div><\/div><div class=\"watu-question \" id=\"question-2\" style=\";\"><div id=\"questionWrap-2\" class=\"  watupro-required-14 watupro-question-id-14\">\n\t\t\t<div class=\"question-content\"><div>Leidke digitaalarhiivist DIGAR<a href=\"https:\/\/www.digar.ee\/arhiiv\/et\" target=\"_blank\" rel=\"noopener\"> https:\/\/www.digar.ee\/arhiiv\/et<\/a>\u00a0 e-raamat \u201c70 aastat v\u00f5idusuusatamist Eestis\u201d. Kl\u00f5psake raamatu pealkirjal ja vaadake, millise on selle kasutusv\u00f5imalused. Kas raamat on<\/div><input type=\"hidden\" name=\"question_id[]\" id=\"qID_2\" value=\"14\" class=\"watupro-question-id\"><input type=\"hidden\" id=\"answerType14\" class=\"answerTypeCnt2\" value=\"checkbox\"><input type=\"hidden\" id=\"watupro-required-question-14\"><!-- end question-content--><\/div><div class=\"question-choices watupro-choices-columns \" id=\"questionChoices14\"><div class=\"watupro-question-choice  \" dir=\"auto\"><input type=\"checkbox\" name=\"answer-14[]\" id=\"answer-id-35\" class=\"answer   answerof-14 \" value=\"35\"><label for=\"answer-id-35\" id=\"answer-label-35\" class=\" answer\"><span><p>k\u00e4ttesaadav Eesti Rahvusraamatukogu sisev\u00f5rgus<\/p><\/span><\/label><\/div><div class=\"watupro-question-choice  \" dir=\"auto\"><input type=\"checkbox\" name=\"answer-14[]\" id=\"answer-id-34\" class=\"answer   answerof-14 \" value=\"34\"><label for=\"answer-id-34\" id=\"answer-label-34\" class=\" answer\"><span><p><span>k\u00e4ttesaadav autoriseeritud t\u00f6\u00f6kohal Eesti Rahvusraamatukogus, Eesti Kirjandusmuuseumi Arhiivraamatukogus, Tallinna Tehnika\u00fclikooli Raamatukogus ja Tartu \u00dclikooli Raamatukogus<\/span><\/p><\/span><\/label><\/div><div class=\"watupro-question-choice  \" dir=\"auto\"><input type=\"checkbox\" name=\"answer-14[]\" id=\"answer-id-36\" class=\"answer   answerof-14 \" value=\"36\"><label for=\"answer-id-36\" id=\"answer-label-36\" class=\" answer\"><span><p>k\u00e4ttesaadav v\u00e4lisv\u00f5rgus<\/p><\/span><\/label><\/div><!-- end question-choices--><\/div><!-- end questionWrap--><\/div><\/div><div class=\"watu-question \" id=\"question-3\" style=\";\"><div id=\"questionWrap-3\" class=\"  watupro-required-11 watupro-question-id-11\">\n\t\t\t<div class=\"question-content\"><div>Tehke andmebaasis DIGAR Eesti artiklid <a href=\"http:\/\/dea.digar.ee\/\" target=\"_blank\" rel=\"noopener\">http:\/\/dea.digar.ee<\/a>\/ otsing koolikiusami* OR kooliv\u00e4gival* (t\u00e4rn s\u00f5na t\u00fcve j\u00e4rel v\u00f5imaldab leida erinevate l\u00f5ppudega s\u00f5nu). Millisest ajalehest leitakse k\u00f5ige rohkem tulemusi?<\/div><input type=\"hidden\" name=\"question_id[]\" id=\"qID_3\" value=\"11\" class=\"watupro-question-id\"><input type=\"hidden\" id=\"answerType11\" class=\"answerTypeCnt3\" value=\"radio\"><input type=\"hidden\" id=\"watupro-required-question-11\"><!-- end question-content--><\/div><div class=\"question-choices watupro-choices-columns \" id=\"questionChoices11\"><div class=\"watupro-question-choice  \" dir=\"auto\"><input type=\"radio\" name=\"answer-11[]\" id=\"answer-id-26\" class=\"answer   answerof-11 \" value=\"26\"><label for=\"answer-id-26\" id=\"answer-label-26\" class=\" answer\"><span><p>\u00d5petajate leht<\/p><\/span><\/label><\/div><div class=\"watupro-question-choice  \" dir=\"auto\"><input type=\"radio\" name=\"answer-11[]\" id=\"answer-id-28\" class=\"answer   answerof-11 \" value=\"28\"><label for=\"answer-id-28\" id=\"answer-label-28\" class=\" answer\"><span><p>\u00d5htuleht<\/p><\/span><\/label><\/div><div class=\"watupro-question-choice  \" dir=\"auto\"><input type=\"radio\" name=\"answer-11[]\" id=\"answer-id-27\" class=\"answer   answerof-11 \" value=\"27\"><label for=\"answer-id-27\" id=\"answer-label-27\" class=\" answer\"><span><p>Postimees<\/p><\/span><\/label><\/div><!-- end question-choices--><\/div><!-- end questionWrap--><\/div><\/div><div class=\"watu-question \" id=\"question-4\" style=\";\"><div id=\"questionWrap-4\" class=\"  watupro-required-12 watupro-question-id-12\">\n\t\t\t<div class=\"question-content\"><div>Leidke andmebaasist DIGARi Eesti artiklid\u00a0<a href=\"http:\/\/dea.digar.ee\/\" target=\"_blank\" rel=\"noopener\">http:\/\/dea.digar.ee<\/a>\/, kas Terviseleht on t\u00e4ismahus lugemiseks k\u00e4ttesaaadav.<br>\r\nValige \u00fclevalt ribalt\u00a0<em>V\u00e4ljaanded<\/em>\u00a0ja leidke t\u00e4hestikulisest loetelust see v\u00e4ljaanne.<\/div><input type=\"hidden\" name=\"question_id[]\" id=\"qID_4\" value=\"12\" class=\"watupro-question-id\"><input type=\"hidden\" id=\"answerType12\" class=\"answerTypeCnt4\" value=\"radio\"><input type=\"hidden\" id=\"watupro-required-question-12\"><!-- end question-content--><\/div><div class=\"question-choices watupro-choices-columns \" id=\"questionChoices12\"><div class=\"watupro-question-choice  \" dir=\"auto\"><input type=\"radio\" name=\"answer-12[]\" id=\"answer-id-31\" class=\"answer   answerof-12 \" value=\"31\"><label for=\"answer-id-31\" id=\"answer-label-31\" class=\" answer\"><span><p>kohe p\u00e4rast ilmumist<\/p><\/span><\/label><\/div><div class=\"watupro-question-choice  \" dir=\"auto\"><input type=\"radio\" name=\"answer-12[]\" id=\"answer-id-30\" class=\"answer   answerof-12 \" value=\"30\"><label for=\"answer-id-30\" id=\"answer-label-30\" class=\" answer\"><span><p>kuu aega p\u00e4rast ilmumist<\/p><\/span><\/label><\/div><div class=\"watupro-question-choice  \" dir=\"auto\"><input type=\"radio\" name=\"answer-12[]\" id=\"answer-id-29\" class=\"answer   answerof-12 \" value=\"29\"><label for=\"answer-id-29\" id=\"answer-label-29\" class=\" answer\"><span><p>aasta p\u00e4rast ilmunist<\/p><\/span><\/label><\/div><!-- end question-choices--><\/div><!-- end questionWrap--><\/div><\/div><div class=\"watu-question \" id=\"question-5\" style=\";\"><div id=\"questionWrap-5\" class=\"  watupro-required-15 watupro-question-id-15\">\n\t\t\t<div class=\"question-content\"><div>Leidke digitaalarhiivist DIGAR\u00a0<a href=\"https:\/\/www.digar.ee\/arhiiv\/et\" target=\"_blank\" rel=\"noopener\">https:\/\/www.digar.ee\/arhiiv\/et<\/a>\u00a0 ajakirja Keel ja Kirjandus 2016 aasta 12. number. Kas selle artiklite t\u00e4istekstid on k\u00f5igile veebis vabalt k\u00e4ttesaadavad?<\/div><input type=\"hidden\" name=\"question_id[]\" id=\"qID_5\" value=\"15\" class=\"watupro-question-id\"><input type=\"hidden\" id=\"answerType15\" class=\"answerTypeCnt5\" value=\"radio\"><input type=\"hidden\" id=\"watupro-required-question-15\"><!-- end question-content--><\/div><div class=\"question-choices watupro-choices-columns \" id=\"questionChoices15\"><div class=\"watupro-question-choice  \" dir=\"auto\"><input type=\"radio\" name=\"answer-15[]\" id=\"answer-id-37\" class=\"answer   answerof-15 \" value=\"37\"><label for=\"answer-id-37\" id=\"answer-label-37\" class=\" answer\"><span><p>JAH<\/p><\/span><\/label><\/div><div class=\"watupro-question-choice  \" dir=\"auto\"><input type=\"radio\" name=\"answer-15[]\" id=\"answer-id-38\" class=\"answer   answerof-15 \" value=\"38\"><label for=\"answer-id-38\" id=\"answer-label-38\" class=\" answer\"><span><p>EI<\/p><\/span><\/label><\/div><!-- end question-choices--><\/div><!-- end questionWrap--><\/div><\/div><div style=\"display:none\" id=\"question-6\">\n\t<div class=\"question-content\">\n\t\t<img loading=\"lazy\" decoding=\"async\" src=\"https:\/\/sisu.ut.ee\/wp-content\/plugins\/watupro\/img\/loading.gif\" width=\"16\" height=\"16\" alt=\"Loading...\" title=\"Loading...\">\u00a0Loading...\t<\/div>\n<\/div>\n\n<br>\n\t\n\t\t\t<div class=\"watupro_buttons flex \" id=\"watuPROButtons4\">\n\t\t  <div id=\"prev-question\" style=\"display:none;\"><input type=\"button\" value=\"&lt; Previous\" onclick=\"WatuPRO.nextQuestion(event, 'previous');\"><\/div>\t\t  \t\t  \t\t   \n\t\t   \t  \t\t<div><input type=\"button\" name=\"action\" class=\"watupro-submit-button\" onclick=\"WatuPRO.submitResult(event)\" id=\"action-button\" value=\"Vaata tulemust\">\n\t\t<\/div>\n\t\t<\/div>\n\t\t\n\t<input type=\"hidden\" name=\"quiz_id\" value=\"4\" id=\"watuPROExamID\">\n\t<input type=\"hidden\" name=\"start_time\" id=\"startTime\" value=\"2026-04-08 06:22:42\">\n\t<input type=\"hidden\" name=\"start_timestamp\" id=\"startTimeStamp\" value=\"1775629362\">\n\t<input type=\"hidden\" name=\"question_ids\" value=\"\">\n\t<input type=\"hidden\" name=\"watupro_questions\" value=\"13:32,33 | 14:35,34,36 | 11:26,28,27 | 12:31,30,29 | 15:37,38\">\n\t<input type=\"hidden\" name=\"no_ajax\" value=\"0\">\t\t\t<\/form>\n\t<p>\u00a0<\/p>\n<\/div>\n\n<script type=\"text\/javascript\">\n\/\/jQuery(document).ready(function(){\ndocument.addEventListener(\"DOMContentLoaded\", function(event) { \t\nvar question_ids = \"13,14,11,12,15\";\nWatuPROSettings[4] = {};\nWatuPRO.qArr = question_ids.split(',');\nWatuPRO.exam_id = 4;\t    \nWatuPRO.post_id = 116;\nWatuPRO.store_progress = 0;\nWatuPRO.curCatPage = 1;\nWatuPRO.requiredIDs=\"0,13,14,11,12,15\".split(\",\");\nWatuPRO.hAppID = \"0.23026000 1775618562\";\nvar url = \"https:\/\/sisu.ut.ee\/wp-content\/plugins\/watupro\/show_exam.php\";\nWatuPRO.examMode = 1;\nWatuPRO.siteURL=\"https:\/\/sisu.ut.ee\/ise\/wp-admin\/admin-ajax.php\";\nWatuPRO.emailIsNotRequired = 0;\nWatuPRO.perDecade = 10;\nWatuPROIntel.init(4);\nWatuPRO.inCategoryPages=1;});    \t \n<\/script>\n\n","protected":false},"excerpt":{"rendered":"","protected":false},"author":76,"featured_media":0,"parent":0,"menu_order":0,"comment_status":"closed","ping_status":"closed","template":"","meta":{"_acf_changed":false,"inline_featured_image":false,"footnotes":""},"class_list":["post-116","page","type-page","status-publish","hentry"],"acf":[],"_links":{"self":[{"href":"https:\/\/sisu.ut.ee\/ise\/wp-json\/wp\/v2\/pages\/116","targetHints":{"allow":["GET"]}}],"collection":[{"href":"https:\/\/sisu.ut.ee\/ise\/wp-json\/wp\/v2\/pages"}],"about":[{"href":"https:\/\/sisu.ut.ee\/ise\/wp-json\/wp\/v2\/types\/page"}],"author":[{"embeddable":true,"href":"https:\/\/sisu.ut.ee\/ise\/wp-json\/wp\/v2\/users\/76"}],"replies":[{"embeddable":true,"href":"https:\/\/sisu.ut.ee\/ise\/wp-json\/wp\/v2\/comments?post=116"}],"version-history":[{"count":0,"href":"https:\/\/sisu.ut.ee\/ise\/wp-json\/wp\/v2\/pages\/116\/revisions"}],"wp:attachment":[{"href":"https:\/\/sisu.ut.ee\/ise\/wp-json\/wp\/v2\/media?parent=116"}],"curies":[{"name":"wp","href":"https:\/\/api.w.org\/{rel}","templated":true}]}}