{"id":10,"date":"2024-04-03T23:12:16","date_gmt":"2024-04-03T20:12:16","guid":{"rendered":"https:\/\/sisu.ut.ee\/ise\/1920-1940ndate-aastate-ajalehed\/"},"modified":"2025-09-30T11:47:54","modified_gmt":"2025-09-30T08:47:54","slug":"1920-1940ndate-aastate-ajalehed","status":"publish","type":"page","link":"https:\/\/sisu.ut.ee\/ise\/1920-1940ndate-aastate-ajalehed\/","title":{"rendered":"DIGAR Eesti artiklid"},"content":{"rendered":"<p>DIGAR Eesti artiklid (<a href=\"http:\/\/dea.digar.ee\/\" target=\"_blank\" rel=\"noopener\">http:\/\/dea.digar.ee<\/a>)\u00a0on uus Eesti artiklite portaal, mille eesm\u00e4rgiks on koondada k\u00f5ik Eesti ajalehed, ajakirjad jt perioodilised v\u00e4ljaanded \u00fchte kohta ja pakkuda juurdep\u00e4\u00e4su nende sisule. Siit leiab<\/p>\n<ul>\n<li>1821. aastast ilmunud Eesti ajalehed (n\u00f5ukogude perioodi ajalehti ei ole veel lisatud)<\/li>\n<li>2017. aastast ilmunud ajakirjad ja j\u00e4tkv\u00e4ljaanded.<\/li>\n<\/ul>\n<p>Vanemaid ajakirju (enne 2017. a \u00a0ilmunud) vaadake\u00a0digitaalarhiivis DIGAR, vt ka \u00f5ppematerjalide j\u00e4rgmine peat\u00fckk.<\/p>\n<h2>Otsing<\/h2>\n<p>Otsing andmebaasis DIGARi Eesti artiklid erineb ESTERi ja ISE otsingust, kuna siin saab otsida kogu tekstist. Otsingus\u00f5nu v\u00f5ib vabamalt valida, kuid heade tulemuste saamiseks peavad need olema sisult t\u00e4psed.\u00a0Artiklite leidmiseks tuleb sisestada otsitav(ad) s\u00f5na(d) otsingukasti. Vaikimisi otsitakse kogu tekstist. Alates 2014. aastast lisatud v\u00e4ljaannete puhul toimib ka otsing rippmen\u00fc\u00fcst valitud artikli pealkirja v\u00f5i autori j\u00e4rgi, kuid vanemate ajalehtede puhul tuleb praegu teha k\u00f5ik otsingud t\u00e4istekstist.<\/p>\n<p>Otsingul saab kasutada jutum\u00e4rke t\u00e4pse fraasi otsimiseks, loogikaoperaatoreid otsingu t\u00e4psustamiseks ning t\u00e4rni otsingus\u00f5na katkestamiseks. Vt ka \u00f5ppematerjali\u00a0 <em><a href=\"https:\/\/sisu.ut.ee\/otsing\/paringu-koostamine\/\" target=\"_blank\" rel=\"noopener\">P\u00e4ringu koostamine<\/a>.<\/em><\/p>\n<p>Otsingukasti paremas servas saab valida\u00a0<strong>detailse otsingu,\u00a0<\/strong>kus saab valida, et otsitakse ainult k\u00f5ikidest ajalehtedest, ajakirjadest v\u00f5i j\u00e4tkv\u00e4ljaannetest. Samuti saab otsingut t\u00e4psustada v\u00e4ljaande nimetus(t)ega ja ilmumisajaga.<\/p>\n<p><strong>Otsingutulemuste<\/strong>\u00a0lehel vasakul saab tulemusi piirata v\u00e4ljaannete, autorite, keele, t\u00e4psemate aastate, teema jm tunnuste j\u00e4rgi. \u00a0Vaikimisi on tulemused j\u00e4rjestatud\u00a0<a id=\"jpopup-861\" class=\"jpopup_dialog\" title=\"relevantsuse\"><\/a>relevantsuse\u00a0\u00a0j\u00e4rgi, seda saab muuta, kl\u00f5psates tulemuste lehel \u00fcleval vasakul mustas kastis oleval noolekesel.<\/p>\n<p><strong>Juurdep\u00e4\u00e4s t\u00e4istekstidele<\/strong>\u00a0v\u00f5ib olla\u00a0igal v\u00e4ljaandel erinev.\u00a0Kui kl\u00f5psate andmebaasi \u00fcleval ribal\u00a0V\u00c4LJAANDED\u00a0ja edasi v\u00e4ljaannete loetelus pealkirjal, avaneb t\u00e4psem info t\u00e4istekstide k\u00e4ttesaadavuse ning kasutus\u00f5iguste kohta.<\/p>\n<p><img loading=\"lazy\" decoding=\"async\" width=\"788\" height=\"482\" class=\"alignnone wp-image-37\" style=\"margin-left: auto; margin-right: auto; width: 740px; height: 470px;\" title=\"2020-06-19_10_59_40-window.png\" src=\"https:\/\/sisu.ut.ee\/wp-content\/uploads\/sites\/33\/2020-06-19_10_59_40-window.png\" alt=\"ff\" srcset=\"https:\/\/sisu.ut.ee\/wp-content\/uploads\/sites\/33\/2020-06-19_10_59_40-window.png 788w, https:\/\/sisu.ut.ee\/wp-content\/uploads\/sites\/33\/2020-06-19_10_59_40-window-300x184.png 300w, https:\/\/sisu.ut.ee\/wp-content\/uploads\/sites\/33\/2020-06-19_10_59_40-window-768x470.png 768w\" sizes=\"auto, (max-width: 788px) 100vw, 788px\"><\/p>\n<p>Vanad ajalehed on sisse skaneeritud tekstituvastusega. Kuna gooti kirja ning tuhmunud teksti pole masinad alati v\u00e4lja lugenud, esineb tulemustes palju \u00a0valesti v\u00e4lja loetud s\u00f5nu. See teeb otsingutulemused ebat\u00e4pseks, kuid artikli skript \u00a0aitab sisu tuvastada.<\/p>\n<p><img loading=\"lazy\" decoding=\"async\" width=\"711\" height=\"174\" class=\"alignnone wp-image-36\" style=\"margin-left: auto; margin-right: auto; width: 740px; height: 203px;\" title=\"nomme.png\" src=\"https:\/\/sisu.ut.ee\/wp-content\/uploads\/sites\/33\/nomme.png\" alt=\"nomme.png\" srcset=\"https:\/\/sisu.ut.ee\/wp-content\/uploads\/sites\/33\/nomme.png 711w, https:\/\/sisu.ut.ee\/wp-content\/uploads\/sites\/33\/nomme-300x73.png 300w\" sizes=\"auto, (max-width: 711px) 100vw, 711px\"><\/p>\n<p style=\"text-align: center;\"><em>Andmebaas n\u00e4itab k\u00f5rvuti artikli originaali ja skripti.<\/em><\/p>\n<p>Andmebaasi\u00a0p\u00f5hjaliku<strong> kasutusjuhendi<\/strong> leiate andmebaasi avalehel<strong> ABI<\/strong> nupule kl\u00f5psates<\/p>\n<p>Vt ka\u00a0<span data-mce-mark=\"1\">RR koolitust\u00a0<\/span><em><a href=\"https:\/\/www.youtube.com\/watch?v=D05ZIAIWVjU&amp;t=20s\" target=\"_blank\" rel=\"noopener\">DIGARi Eesti ajalehed: Kuidas otsida artikleid ja mida nendega teha?<\/a><\/em><span data-mce-mark=\"1\">\u00a0v\u00f5i pikemat veebiseminari\u00a0<\/span><em><a href=\"https:\/\/www.youtube.com\/watch?v=nupMRepYxq8&amp;t=68s\" target=\"_blank\" rel=\"noopener\">Portaal DIGARi Eesti ajalehed<\/a><\/em><\/p>\n<p><strong>Vanade ajalehtede<\/strong>\u00a0(ilmunud 1944. aastani) artikleid on mugav otsida\u00a0<span data-mce-mark=\"1\">Eesti ajakirjanduse anal\u00fc\u00fctilise bibliograafia\u00a0<\/span>andmebaasis\u00a0<a href=\"http:\/\/galerii.kirmus.ee\/biblioserver\/\" target=\"_blank\" rel=\"noopener\">http:\/\/galerii.kirmus.ee\/biblioserver\/<\/a>, sest seal saab teha t\u00e4psemaid otsinguid.\u00a0Peale m\u00e4rks\u00f5nade saab seal otsida nimede, kohanimede, asutuste ja isikunimede \u00a0j\u00e4rgi. Tulemused on koos l\u00fchikese sisukokkuv\u00f5ttega. Andmebaas ei sisalda kuulutusi. Kirje juurest viib link andmebaasi DIGAR Eesti artiklid\u00a0<a href=\"http:\/\/dea.digar.ee\/\" target=\"_blank\" rel=\"noopener\">http:\/\/dea.digar.ee<\/a>, kus on n\u00e4ha artikli originaal ja automaatselt tuvastatud tekst.<\/p>\n","protected":false},"excerpt":{"rendered":"<p>DIGAR Eesti artiklid (http:\/\/dea.digar.ee)\u00a0on uus Eesti artiklite portaal, mille eesm\u00e4rgiks on koondada k\u00f5ik Eesti ajalehed, ajakirjad jt perioodilised v\u00e4ljaanded \u00fchte kohta ja pakkuda juurdep\u00e4\u00e4su nende sisule. Siit leiab 1821. aastast ilmunud Eesti ajalehed (n\u00f5ukogude perioodi ajalehti ei ole veel lisatud) &#8230;<\/p>\n","protected":false},"author":5,"featured_media":0,"parent":0,"menu_order":0,"comment_status":"closed","ping_status":"closed","template":"","meta":{"_acf_changed":false,"inline_featured_image":false,"footnotes":""},"class_list":["post-10","page","type-page","status-publish","hentry"],"acf":[],"_links":{"self":[{"href":"https:\/\/sisu.ut.ee\/ise\/wp-json\/wp\/v2\/pages\/10","targetHints":{"allow":["GET"]}}],"collection":[{"href":"https:\/\/sisu.ut.ee\/ise\/wp-json\/wp\/v2\/pages"}],"about":[{"href":"https:\/\/sisu.ut.ee\/ise\/wp-json\/wp\/v2\/types\/page"}],"author":[{"embeddable":true,"href":"https:\/\/sisu.ut.ee\/ise\/wp-json\/wp\/v2\/users\/5"}],"replies":[{"embeddable":true,"href":"https:\/\/sisu.ut.ee\/ise\/wp-json\/wp\/v2\/comments?post=10"}],"version-history":[{"count":2,"href":"https:\/\/sisu.ut.ee\/ise\/wp-json\/wp\/v2\/pages\/10\/revisions"}],"predecessor-version":[{"id":168,"href":"https:\/\/sisu.ut.ee\/ise\/wp-json\/wp\/v2\/pages\/10\/revisions\/168"}],"wp:attachment":[{"href":"https:\/\/sisu.ut.ee\/ise\/wp-json\/wp\/v2\/media?parent=10"}],"curies":[{"name":"wp","href":"https:\/\/api.w.org\/{rel}","templated":true}]}}