{"id":6,"date":"2024-04-03T23:12:06","date_gmt":"2024-04-03T20:12:06","guid":{"rendered":"https:\/\/sisu.ut.ee\/internetgymn\/teemaportaalid\/"},"modified":"2024-04-03T23:12:15","modified_gmt":"2024-04-03T20:12:15","slug":"teemaportaalid","status":"publish","type":"page","link":"https:\/\/sisu.ut.ee\/internetgymn\/teemaportaalid\/","title":{"rendered":"Teemaportaalid"},"content":{"rendered":"<p>Teemaportaalid (erialaportaalid) on temaatiliselt liigendatud lingikogud. Portaalid ja erialased lingikogud v\u00f5ivad anda hea \u00fclevaate teemakohastest materjalidest, kuid tuleb t\u00e4hele panna, et need oleksid kaasajastatud. Erialaportaalidesse on materjalid valinud eriala asjatundjad ja sageli koostavad neid eriala\u00fchingud ja rahvusvahelised organisatsioonid. \u00a0<\/p>\n<p>N\u00e4iteks<\/p>\n<p>GlobalLex\u00a0<a href=\"http:\/\/www.nyulawglobal.org\/globalex\/\" target=\"_blank\" rel=\"noopener\">http:\/\/www.nyulawglobal.org\/globalex\/<\/a> maailma \u00f5iguss\u00fcsteemide \u00fclevaated koos linkidega<\/p>\n<p>ICAW <a href=\"http:\/\/www.icaew.com\/en\/library\/subject-gateways\" target=\"_blank\" rel=\"noopener\">http:\/\/www.icaew.com\/en\/library\/subject-gateways<\/a>\u00a0\u2013\u00a0raamatupidamine ja majandustemaatika.<\/p>\n","protected":false},"excerpt":{"rendered":"<p>Teemaportaalid (erialaportaalid) on temaatiliselt liigendatud lingikogud. Portaalid ja erialased lingikogud v\u00f5ivad anda hea \u00fclevaate teemakohastest materjalidest, kuid tuleb t\u00e4hele panna, et need oleksid kaasajastatud. Erialaportaalidesse on materjalid valinud eriala asjatundjad ja sageli koostavad neid eriala\u00fchingud ja rahvusvahelised organisatsioonid. \u00a0 N\u00e4iteks &#8230;<\/p>\n","protected":false},"author":5,"featured_media":0,"parent":0,"menu_order":0,"comment_status":"closed","ping_status":"closed","template":"","meta":{"_acf_changed":false,"inline_featured_image":false,"footnotes":""},"class_list":["post-6","page","type-page","status-publish","hentry"],"acf":[],"_links":{"self":[{"href":"https:\/\/sisu.ut.ee\/internetgymn\/wp-json\/wp\/v2\/pages\/6","targetHints":{"allow":["GET"]}}],"collection":[{"href":"https:\/\/sisu.ut.ee\/internetgymn\/wp-json\/wp\/v2\/pages"}],"about":[{"href":"https:\/\/sisu.ut.ee\/internetgymn\/wp-json\/wp\/v2\/types\/page"}],"author":[{"embeddable":true,"href":"https:\/\/sisu.ut.ee\/internetgymn\/wp-json\/wp\/v2\/users\/5"}],"replies":[{"embeddable":true,"href":"https:\/\/sisu.ut.ee\/internetgymn\/wp-json\/wp\/v2\/comments?post=6"}],"version-history":[{"count":1,"href":"https:\/\/sisu.ut.ee\/internetgymn\/wp-json\/wp\/v2\/pages\/6\/revisions"}],"predecessor-version":[{"id":100,"href":"https:\/\/sisu.ut.ee\/internetgymn\/wp-json\/wp\/v2\/pages\/6\/revisions\/100"}],"wp:attachment":[{"href":"https:\/\/sisu.ut.ee\/internetgymn\/wp-json\/wp\/v2\/media?parent=6"}],"curies":[{"name":"wp","href":"https:\/\/api.w.org\/{rel}","templated":true}]}}