{"id":5,"date":"2024-04-04T07:11:02","date_gmt":"2024-04-04T04:11:02","guid":{"rendered":"https:\/\/sisu.ut.ee\/interdisphil\/konverentsiettekanded\/"},"modified":"2024-04-04T07:11:29","modified_gmt":"2024-04-04T04:11:29","slug":"konverentsiettekanded","status":"publish","type":"page","link":"https:\/\/sisu.ut.ee\/interdisphil\/konverentsiettekanded\/","title":{"rendered":"Konverentsiettekanded"},"content":{"rendered":"<div>\n<div>\n<div>\n<p>\n\t\t\t\tSee on v\u00e4ike valik meie uurimisr\u00fchma liikmete ettekandeid. Sel lehel loetletud ettekanded keskenduvad kolmele teemale: interdistsiplinaarsuse filosoofia, t\u00f6\u00f6kultuuri ja identiteetide filosoofiline anal\u00fc\u00fcs teaduses ja empiiriliste uurimismeetodite rakendamine teadusfilosoofias.\n\t\t\t<\/p>\n<p>\n\t\t\t\tUurimisr\u00fchma liikmete muude ettekannetega saab tutvuda nende lehtedel ETISes (Eesti Teadusinfos\u00fcsteemis) \u2013 lingid on olemas selle saidi sektsioonis \u201cInimesed\u201d.\n\t\t\t<\/p>\n<p>\n\t\t\t\t2019\n\t\t\t<\/p>\n<ul>\n<li>\n\t\t\t\t\tL\u00f5hkivi, E. (2019). \u201cInfotehnoloogia interdistsiplinaarses teadust\u00f6\u00f6s: arusaamise loomisest eri distsipliinide vahel\u201d. XV Eesti Filosoofia Aastakonverents \u201cDigi\u00fchiskond: filosoofilised perspektiivid\u201d; Tallinna Tehnika\u00fclikool; 30-31. august 2019.\n\t\t\t\t<\/li>\n<li>\n\t\t\t\t\tL\u00f5hkivi, E. (2019). \u201cInterdisciplinary Research at Contemporary Universities\u201d. The XXIX Baltic Conference in History and Philosophy of Science; University of Vilnius, Vilnius;\u00a019-21 September 2019.\n\t\t\t\t<\/li>\n<li>\n\t\t\t\t\tL\u00f5hkivi, E. (2019). \u201cBefore and after the change: reflections on research cultures in Estonian physics institutes\u201d. Conference \u201cDiversity of science cultures during and after the Cold War\u201d; Tallinn, Estonia; 14 June 2019.\n\t\t\t\t<\/li>\n<\/ul><\/div>\n<p class=\"input justify publication-html\">\n\t\t\t2018\n\t\t<\/p>\n<ul>\n<li>\n\t\t\t\tEigi, J.; Velbaum, K.; L\u00f5hkivi, E.; Talpsepp-Randla, E. (2018). \u201cPlurality of self-perceptions among interdisciplinary researchers and its implications for taxonomies of interdisciplinarity\u201d. International workshop \u201cHow to evaluate interdisciplinary research? Conceptual, methodological and empirical challenges\u201d; Tartu; Sept 29, 2018.\n\t\t\t<\/li>\n<li>\n<div class=\"controls large\">\n<div class=\"input justify publication-html\">\n\t\t\t\t\t\tL\u00f5hkivi, E. (2018). \u201cMetaphors, analogies and figurative speech in the studies of interdisciplinary research\u201d. International workshop \u201cHow to evaluate interdisciplinary research? Conceptual, methodological and empirical challenges\u201d. University of Tartu, Tartu; 29. September 2018.\n\t\t\t\t\t<\/div>\n<\/div>\n<\/li>\n<li>\n\t\t\t\tTalpsepp-Randla, E. (2018). \u201cLooking for essentialist thinking in interdisciplinary research\u201d. International workshop \u201cHow to evaluate interdisciplinary research? Conceptual, methodological and empirical challenges\u201d. University of Tartu, Tartu; 29. September 2018.\n\t\t\t<\/li>\n<li>\n\t\t\t\tEigi, J.; Velbaum, K.; L\u00f5hkivi, E.; Talpsepp-Randla, E.; Kokkov, K. (2018). \u201cMisunderstandings and Epistemic Misjudgements in an Interdisciplinary Field and How Researchers Live with Them\u201d. SPSP 2018. The 7th biennial conference of the Society for Philosophy of Science in Practice; Ghent University, Ghent; June 30 \u2013 July 2, 2018.\n\t\t\t<\/li>\n<li>\n\t\t\t\tEigi, J.; Velbaum, K.; L\u00f5hkivi, E. (2018). \u201cUsing interviews when studying epistemic impacts of the work conditions in academia\u201d. \u201cLearning from Empirical Approaches to HPS (LEAHPS)\u201d; Center for Philosophy of Science, University of Pittsburgh, Pittsburgh; April 6th \u2013 7th, 2018.\n\t\t\t<\/li>\n<\/ul>\n<p>\n\t\t\t2017\n\t\t<\/p>\n<ul>\n<li>\n\t\t\t\tL\u00f5hkivi, E. (2017). \u201cGendered Workplace Cultures at Chemistry Departments in Estonia\u201d. The 11th International Conference on the History of Chemistry; Trondheim; August 29 \u2013 September 2, 2017.\n\t\t\t<\/li>\n<li>\n\t\t\t\tL\u00f5hkivi, E. (2017). \u201cInterdisciplinarity and Normative Epistemology\u201d. The XXVIII International Baltic Conference on the History of Science; Tartu; 18-20.05.2017.\n\t\t\t<\/li>\n<li>\n\t\t\t\tEigi, J.; Velbaum, K.; L\u00f5hkivi, E.; Talpsepp, E. (2017). \u201cOn harms caused by different understandings of interdisciplinarity in a field\u201d. Across Borders VII: Cultures in dialogue. Estonian Literary Museum, Tartu: April 27-29, 2017.\n\t\t\t<\/li>\n<li>\n\t\t\t\tEigi, J. (2017). \u201cWhat does it mean for a research community to have shared norms?\u201d. Nordic Network for Philosophy of Science Conference 2017; Copenhagen; 20.-21. April 2017.\n\t\t\t<\/li>\n<li>\n\t\t\t\tKokkov, K. (2017). \u201cHow Natural Scientific Theories Relate to Cultural Interpretation: The Case of Interdisciplinary Research in Archaeology\u201d. Nordic Network for Philosophy of Science Conference; Copenhagen; April 20\u201321, 2017.\n\t\t\t<\/li>\n<\/ul>\n<p>\n\t\t\t2016\n\t\t<\/p>\n<ul>\n<li>\n\t\t\t\tVelbaum, K. (2016). \u201cCultural Studies in the service of philosophical analysis of academic culture and science\u201d. SPSP 2016 Conference;\u00a0Glassboro, New Jersey; 17-19 June 2016.\n\t\t\t<\/li>\n<\/ul>\n<p>\n\t\t\t2015\n\t\t<\/p>\n<div>\n<ul>\n<li>\n\t\t\t\t\tL\u00f5hkivi, Endla (2015). \u201cOn the Cultural Study of Interdisciplinary Research\u201d. The XXVII International Baltic Conference on the History of Science; Riga and Jelgava; 30.09-02.10.2015.\n\t\t\t\t<\/li>\n<li>\n\t\t\t\t\tL\u00f5hkivi, E. (2015). \u201cCreating common language: about cultural analysis of interdisciplinary research on the example of language technology\u201d. \u201cInvestigating Interdisciplinary Practice: Methodological Challenges\u201d workshop; Helsinki; 15-17 June 2015.\n\t\t\t\t<\/li>\n<li>\n\t\t\t\t\tL\u00f5hkivi, E. (2015). \u201cKuidas toimivad teaduses soostereot\u00fc\u00fcbid?\u201d.\u00a0 \u201cSaatused ja staatused: soolisuse m\u00f5testamine postsotsialistlikus Eestis\u201d; Energia Avastuskeskus, Tallinn, 1.-2. juuni 2015.\n\t\t\t\t<\/li>\n<\/ul><\/div>\n<div>\n<div class=\"input justify publication-html\">\n\t\t\t\t2014\n\t\t\t<\/div>\n<\/div>\n<ul>\n<li>\n\t\t\t\tL\u00f5hkivi, E. (2014). \u201cAcademic Identity and Professional Research Career\u201d. The XXVI International Baltic Conference on the History of Science; Helsinki; August 21-22, 2014.\n\t\t\t<\/li>\n<li>\n<div class=\"controls large\">\n<div class=\"input justify publication-html\">\n\t\t\t\t\t\tL\u00f5hkivi, E. (2014). \u201cKas teadmisel on sugu? Stereot\u00fc\u00fcpidest teaduses ja koolihariduses\u201d. \u201cSuhkrust ja jahust ja maasikavahust Eesti haridus\u201d. Eesti Nais\u00fcli\u00f5pilaste Seltsi konverents; Tartu \u00dclikooli raamatukogu, Tartu; 7.02.2014.\n\t\t\t\t\t<\/div>\n<\/div>\n<\/li>\n<\/ul>\n<p class=\"input justify publication-html\">\n\t\t\t2013\n\t\t<\/p>\n<ul>\n<li class=\"input justify publication-html\">\n\t\t\t\tTalpsepp, E. (2013). \u201cThe interdisciplinary approach to ethnobiological and psychological studies\u201d. IX Annual Estonian Philosophy Conference \u201cPhilosophy in Interdisciplinary contexts\u201d.<i> <\/i>Tallinn University of Technology; December 13-14, 2013.\n\t\t\t<\/li>\n<li class=\"input justify publication-html\">\n\t\t\t\t<span id=\"cke_bm_145C\">\u00a0<\/span><span id=\"cke_bm_144C\"> <\/span>L\u00f5hkivi, E. (2013). \u201cNaisteadlaste karj\u00e4\u00e4riv\u00f5imalustest humanitaarteadustes\u201d. \u201cSoouuringud Eestis: hetkeseis ja arengud\u201d; Eesti Kirjandusmuuseum, Tartu;\u00a03.-4. oktoober 2013.\n\t\t\t<\/li>\n<li class=\"input justify publication-html\">\n\t\t\t\tL\u00f5hkivi, E. (2013). \u201cChilly Workplace Climate, Gender Segregation and Epistemic Injustice\u201d. 2013 Atgender spring conference; Gothenburg; April 26-28, 2013.\n\t\t\t<\/li>\n<\/ul>\n<div class=\"controls large\">\n<div class=\"input justify publication-html\">\n\t\t\t\t2012\n\t\t\t<\/div>\n<\/div>\n<ul>\n<li>\n\t\t\t\tL\u00f5hkivi, E. (2012). \u201cGender Stereotypes and the Workplace Culture in Physics Institutes in Estonia\u201d. \u201cgenderDynamics. Professional Cultures and Research Organizations in Physics\u201d kick-off Conference; Berlin; 22-23 November 2012.\n\t\t\t<\/li>\n<li>\n\t\t\t\tL\u00f5hkivi, E.; Velbaum, K.; Eigi, J. (2012). \u201cAims and values in the humanities research\u201d. Annual Meeting of the Society for Social Studies of Science (4S) held jointly with European Association for the Study of Science and Technology (EASST); Copenhagen, Denmark; October 17.-20., 2012.\n\t\t\t<\/li>\n<li>\n\t\t\t\tL\u00f5hkivi, E. (2012). \u201cWho knows \u2013 an individual researcher, a group, or the entire research setting of people, ideas and material environment?\u201d. The 25th International Baltic Conference on the History of Science, organized by the Baltic Association of the History and Philosophy of Science (BAHPS); Vilnius; 4.-6.10.2012.\n\t\t\t<\/li>\n<li>\n\t\t\t\tL\u00f5hkivi, E. (2012). \u201cStudying the physics culture \u2013 what have we as philosophers of science learned?\u201d. \u201cEmpirical Philosophy of Science \u2013 Qualitative Methods\u201d; Aarhus University, Denmark; 21-23 March 2012.\n\t\t\t<\/li>\n<\/ul>\n<p>\n\t\t\t2011\n\t\t<\/p>\n<ul>\n<li>\n\t\t\t\tL\u00f5hkivi, E. (2011). \u201cIs Workplace Culture Relevant for Philosophy of Science? A Case Study on Physics and Humanities\u201d. EPSA11 Third Conference of the European Philosophy of Science Association; Department of Philosophy and History of Science, University of Athens, Greece; 5-8 October 2011.\n\t\t\t<\/li>\n<li>\n\t\t\t\tL\u00f5hkivi, E.; Velbaum, K.; Eigi, J. (2011). \u201cScientific styles, identities and workplace cultures: A case study on the cultures of physics and humanities\u201d.The third biennial conference of the Society for the Philosophy of Science in Practice; University of Exeter, UK; 22-24 June 2011.\n\t\t\t<\/li>\n<li>\n\t\t\t\tL\u00f5hkivi, E.; Velbaum, K.; Eigi, J. (2011). \u201cScientific styles, identities and workplace cultures: a case study on the cultures of physics and humanities\u201d. International workshop \u201cPractical Realism \u2013 Towards a Realistic Account of Science\u201d; Department of Philosophy, University of Tartu, Tartu; 15.-17.06.2011.\n\t\t\t<\/li>\n<\/ul>\n<p>\n\t\t\t2010\n\t\t<\/p>\n<ul>\n<li>\n\t\t\t\tL\u00f5hkivi, E. (2010). \u201cDoes identity matter? Reflections on rationality and culture of science\u201d. The XXIV International Baltic Conference on the History of Science; Tallinn Technical University, Tallinn; 8-9 October 2010.\n\t\t\t<\/li>\n<li>\n\t\t\t\tL\u00f5hkivi, E. (2010). \u201cTransforming the organisation of science practices: reflections on physics culture in Estonia\u201d.\u00a0 EASST_010 Conference \u201cPracticing Science and Technology, Performing the Social\u201d; University of Trento, Italy; Sept 2-4 2010.\n\t\t\t<\/li>\n<\/ul><\/div>\n<div class=\"controls large\">\n<p class=\"input justify publication-html\">\n\t\t\t2009\n\t\t<\/p>\n<ul>\n<li class=\"input justify publication-html\">\n\t\t\t\tL\u00f5hkivi, E.; Velbaum, K. (2009). \u201cPhysics \u2013 a science for mad men of muscle? Are traditional masculine stereotypes still dominating in contemporary physics in Estonia?\u201d.The 6th European Conference on Gender Equality in Higher Education; Stockholm, Sweden; 5-8 August 2009.\n\t\t\t<\/li>\n<\/ul>\n<p class=\"input justify publication-html\">\n\t\t\t2006\n\t\t<\/p>\n<ul>\n<li class=\"input justify publication-html\">\n\t\t\t\tL\u00f5hkivi, E. (2006). \u201cExcellence and diversity of epistemic cultures\u201d. The International Conference \u201cGender and Citizenship in a Multicultural Context\u201d; University of \u0141\u00f3d\u017a, Poland; 31 August \u2013 3 September 2006.\n\t\t\t<\/li>\n<li class=\"input justify publication-html\">\n<div class=\"controls large\">\n<div class=\"input justify publication-html\">\n\t\t\t\t\t\tVelbaum, K. (2006). \u201cCan She Bite an Apple of Prestige? A Study About Competence Recognition Among Estonian Physicists\u201d. The International Conference \u201cGender and Citizenship in a Multicultural Context\u201d; University of \u0141\u00f3d\u017a, Poland; 31 August \u2013 3 September 2006.\n\t\t\t\t\t<\/div>\n<\/div>\n<\/li>\n<\/ul><\/div>\n<\/div>\n<p class=\"input justify publication-html\">\n\t2005\n<\/p>\n<ul>\n<li class=\"input justify publication-html\">\n\t\tM\u00fc\u00fcrsepp, P. (2005). \u201cInterdistsiplinaarsus sotsiaalteadustes\u201d. Eesti Sotsiaalteaduste VI Aastakonverents;\u00a0Tallinna \u00dclikool, Tallinn; 4.-5. november 2005.<i> <\/i>\n\t<\/li>\n<\/ul>\n","protected":false},"excerpt":{"rendered":"<p>See on v\u00e4ike valik meie uurimisr\u00fchma liikmete ettekandeid. Sel lehel loetletud ettekanded keskenduvad kolmele teemale: interdistsiplinaarsuse filosoofia, t\u00f6\u00f6kultuuri ja identiteetide filosoofiline anal\u00fc\u00fcs teaduses ja empiiriliste uurimismeetodite rakendamine teadusfilosoofias. Uurimisr\u00fchma liikmete muude ettekannetega saab tutvuda nende lehtedel ETISes (Eesti Teadusinfos\u00fcsteemis) \u2013 &#8230;<\/p>\n","protected":false},"author":252,"featured_media":0,"parent":0,"menu_order":0,"comment_status":"closed","ping_status":"closed","template":"","meta":{"_acf_changed":false,"inline_featured_image":false,"footnotes":""},"class_list":["post-5","page","type-page","status-publish","hentry"],"acf":[],"_links":{"self":[{"href":"https:\/\/sisu.ut.ee\/interdisphil\/wp-json\/wp\/v2\/pages\/5","targetHints":{"allow":["GET"]}}],"collection":[{"href":"https:\/\/sisu.ut.ee\/interdisphil\/wp-json\/wp\/v2\/pages"}],"about":[{"href":"https:\/\/sisu.ut.ee\/interdisphil\/wp-json\/wp\/v2\/types\/page"}],"author":[{"embeddable":true,"href":"https:\/\/sisu.ut.ee\/interdisphil\/wp-json\/wp\/v2\/users\/252"}],"replies":[{"embeddable":true,"href":"https:\/\/sisu.ut.ee\/interdisphil\/wp-json\/wp\/v2\/comments?post=5"}],"version-history":[{"count":1,"href":"https:\/\/sisu.ut.ee\/interdisphil\/wp-json\/wp\/v2\/pages\/5\/revisions"}],"predecessor-version":[{"id":117,"href":"https:\/\/sisu.ut.ee\/interdisphil\/wp-json\/wp\/v2\/pages\/5\/revisions\/117"}],"wp:attachment":[{"href":"https:\/\/sisu.ut.ee\/interdisphil\/wp-json\/wp\/v2\/media?parent=5"}],"curies":[{"name":"wp","href":"https:\/\/api.w.org\/{rel}","templated":true}]}}