{"id":26,"date":"2024-04-04T07:11:03","date_gmt":"2024-04-04T04:11:03","guid":{"rendered":"https:\/\/sisu.ut.ee\/interdisphil\/people-0\/"},"modified":"2024-04-30T15:38:30","modified_gmt":"2024-04-30T12:38:30","slug":"people-0","status":"publish","type":"page","link":"https:\/\/sisu.ut.ee\/interdisphil\/people-0\/?lang=en","title":{"rendered":"People"},"content":{"rendered":"<p style=\"margin-bottom: 0in;\">\n<\/p><p style=\"margin-bottom: 0in;\"><img loading=\"lazy\" decoding=\"async\" width=\"239\" height=\"298\" class=\"alignnone wp-image-41\" style=\"width: 155px; height: 193px; margin: 10px 20px; float: left;\" title=\"Endla L\u00f5hkivi\" src=\"https:\/\/sisu.ut.ee\/wp-content\/uploads\/sites\/489\/endla3.jpg\" alt=\"Endla L\u00f5hkivi\"><\/p>\n<p style=\"margin-bottom: 0in;\">\n<\/p><p style=\"margin-bottom: 0in;\"><span style=\"background: white;\"><span style=\"line-height: normal;\"><span style=\"vertical-align: baseline;\"><b><span style=\"border: nonewindowtext1.0pt; background: white; padding: 0in;\"><span style=\"color: black;\">Endla L\u00f5hkivi, PhD (FL, MA, MSc), principaI Investigator of the project, associate professor of philosophy of science <\/span><\/span><\/b><\/span><\/span><\/span><\/p>\n<p style=\"margin-bottom: 0in;\">\n<\/p><p style=\"margin-bottom: 0in;\"><a title=\"\" href=\"https:\/\/www.etis.ee\/CV\/Endla_L%C3%B5hkivi\/eng?lang=ENG\" target=\"_blank\" rel=\"noopener\" data-url=\"https:\/\/www.etis.ee\/CV\/Endla_L%C3%B5hkivi\/eng?lang=ENG\">CV with publications<\/a><\/p>\n<p style=\"margin-bottom: 0in;\">\n<\/p><p style=\"margin-bottom: 0in;\"><span style=\"color: black;\">Endla is the Principal Investigator (PI) of the project, interested in the philosophical account of science called practical realism, formation of disciplines in history of science, interdisciplinary research, research cultures, organisation of research.<\/span><\/p>\n<p style=\"margin-bottom: 0in;\">\n<\/p><p style=\"margin-bottom: 0in;\">\n<\/p><p style=\"margin-bottom: 0in;\">\n<\/p><p style=\"margin-bottom: 0in;\">\n<\/p><p style=\"margin-bottom: 0in;\"><img loading=\"lazy\" decoding=\"async\" width=\"240\" height=\"300\" class=\"alignnone wp-image-42\" style=\"width: 155px; height: 194px; margin: 10px 20px; float: left;\" title=\"ave2.jpg\" src=\"https:\/\/sisu.ut.ee\/wp-content\/uploads\/sites\/489\/ave2.jpg\" alt=\"Ave Mets\"><\/p>\n<p style=\"margin-bottom: 0in;\">\n<\/p><p style=\"margin-bottom: 0in;\"><strong>Ave Mets, PhD, research fellow<\/strong><\/p>\n<p style=\"margin-bottom: 0in;\">\n<\/p><p style=\"margin-bottom: 0in;\"><a title=\"\" href=\"https:\/\/www.etis.ee\/CV\/Ave_Mets\/eng?lang=ENG\" target=\"_blank\" rel=\"noopener\" data-url=\"https:\/\/www.etis.ee\/CV\/Ave_Mets\/eng?lang=ENG\">CV with publications<\/a><\/p>\n<p style=\"margin-bottom: 0in;\">\n<\/p><p style=\"margin-bottom: 0in;\">Ave Mets works on various topics in philosophy of science: philosophy and history of chemistry and technology, digital technologies, philosophy of nature and (scientific) world picture. On one hand, her work is more disciplinary than\u00a0her colleagues\u2019, which gives a look from inside the knowledge horizon of one discipline, providing a contrasting backgound for the meaning of interdisciplinarity. On the other, due to the practice-based approach adopted by the whole chair of philosophy of science in Tartu, the link to interdisciplinarity of Mets\u2019 work consists in the inherent interdisciplinarity of many topics that she studies. So, for instance, the periodic table of chemical elements \u2013 one of her prominent focusses \u2013 is itself an interdisciplinary endeavour, and world picture is influenced by many different sciences.<\/p>\n<p style=\"margin-bottom: 0in;\">\n<\/p><p style=\"margin-bottom: 0in;\">\n<\/p><p style=\"margin-bottom: 0in;\"><img loading=\"lazy\" decoding=\"async\" width=\"155\" height=\"192\" class=\"alignnone wp-image-33\" style=\"float: left; width: 150px; height: 186px; margin: 10px 20px;\" title=\"edit1.jpg\" src=\"https:\/\/sisu.ut.ee\/wp-content\/uploads\/sites\/489\/edit1.jpg\" alt=\"Edit\"><\/p>\n<p style=\"margin-bottom: 0in;\">\n<\/p><p style=\"margin-bottom: 0in;\"><strong><span style=\"color: black;\">Edit Talpsepp, PhD, research fellow<\/span><\/strong><\/p>\n<p style=\"margin-bottom: 0in;\">\n<\/p><p style=\"margin-bottom: 0in;\"><a title=\"\" href=\"https:\/\/www.etis.ee\/CV\/Edit_Talpsepp\/eng?lang=ENG\" target=\"_blank\" rel=\"noopener\" data-url=\"https:\/\/www.etis.ee\/CV\/Edit_Talpsepp\/eng?lang=ENG\">CV with publications<\/a><\/p>\n<p style=\"margin-bottom: 0in;\">\n<\/p><p style=\"margin-bottom: 0in;\"><span style=\"line-height: 106%;\"><span style=\"color: black;\">Edit Talpsepp is a research fellow of Philosophy of Science, her area of specialization being Philosophy of Biology. She received her PhD degree from University of Bristol, UK, by the thesis titled \u2018Species, Essentialism and Evolutionary theory\u2019. From essentialist thinking concerning biological species her focus of research has expanded to include essentialism concerning human categories. The interdisciplinary aspect in her work derives from the relationship between philosophy of cognitive science and philosophy of biology in her research concerning folk biology, and from the relationship between sociology and biology in her research concerning the socio-political implementation of biological science. <\/span><\/span><\/p>\n<p style=\"margin-bottom: 0in;\">\n<\/p><p style=\"margin-bottom: 0in;\">\n<\/p><p style=\"margin-bottom: 0in;\"><span style=\"background: white;\"><span style=\"line-height: normal;\"><span style=\"vertical-align: baseline;\"><b><span style=\"color: black;\">Eveli Neemre, MA, PhD student<\/span><\/b><\/span><\/span><\/span><\/p>\n<p style=\"margin-bottom: 0in;\">*placeholder*<\/p>\n<p style=\"margin-bottom: 0in;\">\n<\/p><p style=\"margin-bottom: 0in;\">\n<\/p><p style=\"margin-bottom: 0in;\"><img loading=\"lazy\" decoding=\"async\" width=\"240\" height=\"300\" class=\"alignnone wp-image-43\" style=\"width: 155px; height: 194px; margin: 10px 20px; float: left;\" title=\"Jaana Eigi\" src=\"https:\/\/sisu.ut.ee\/wp-content\/uploads\/sites\/489\/jaana1.jpg\" alt=\"Jaana Eigi\"><\/p>\n<p style=\"margin-bottom: 0in;\">\n<\/p><p style=\"margin-bottom: 0in;\"><span style=\"background: white;\"><span style=\"line-height: normal;\"><span style=\"vertical-align: baseline;\"><b><span style=\"color: black;\">Jaana Eigi-Watkin, PhD, research fellow<\/span><\/b><\/span><\/span><\/span><\/p>\n<p style=\"margin-bottom: 0in;\">\n<\/p><p style=\"margin-bottom: 0in;\"><a title=\"\" href=\"https:\/\/www.etis.ee\/CV\/Jaana_Eigi\/eng?lang=ENG\" target=\"_blank\" rel=\"noopener\" data-url=\"https:\/\/www.etis.ee\/CV\/Jaana_Eigi\/eng?lang=ENG\">CV with publications<\/a><\/p>\n<p style=\"margin-bottom: 0in;\">\n<\/p><p style=\"margin-bottom: 0in;\"><span lang=\"EN-GB\"><span style=\"color: black;\">Jaana Eigi-Watkin is a Research Fellow in Philosophy of Science, Institute of Philosophy and Semiotics, University of Tartu. She received her PhD degree in philosophy from the University of Tartu in 2016.\u00a0 She is interested in social aspects of science, widely understood.\u00a0 On her own, she has published on the social aspects of scientific objectivity, epistemic and political aspects of the democratisation of science, and the role of non-scientists in science. As a part of the research group led by Dr Endla L\u00f5hkivi, she has co-authored papers that use interviews with researchers in order to analyse qualitatively epistemic implications of work cultures in various disciplines.<\/span><\/span><\/p>\n<p style=\"margin-bottom: 0in;\">\n<\/p><p style=\"margin-bottom: 0in;\">\n<\/p><p style=\"margin-bottom: 0in;\">\n<\/p><p style=\"margin-bottom: 0in;\"><strong><span style=\"background-image: initial; background-position: initial; background-size: initial; background-attachment: initial;\"><span style=\"line-height: normal;\"><span style=\"vertical-align: baseline;\"><span style=\"color: black;\"><span style=\"background-color: white;\">Juho Lindholm, Msc,\u00a0<\/span><span style=\"background-color: white;\">PhD student<\/span><\/span><\/span><\/span><\/span><\/strong><\/p>\n<p style=\"margin-bottom: 0in;\"><strong><span style=\"background-image: initial; background-position: initial; background-size: initial; background-attachment: initial;\"><span style=\"line-height: normal;\"><span style=\"vertical-align: baseline;\"><span style=\"color: black;\"><span style=\"background-color: white;\">\u00a0 <\/span><\/span><\/span><\/span><\/span><\/strong><\/p>\n<p style=\"margin-bottom: 0in;\">Juho works as a PhD student, 3rd year. His thesis is on the primacy of philosophy of technology. He\u00a0works within classical pragmatism (Peirce, Dewey) and discursive naturalism (Rouse, M\u00e4\u00e4tt\u00e4nen) and argues against a priori philosophy at several fronts. Juho\u00a0does not distinguish between philosophy of science and philosophy of technology; and\u00a0considers both technical.<\/p>\n<p style=\"margin-bottom: 0in;\">\n<\/p><p style=\"margin-bottom: 0in;\">\n<\/p><p style=\"margin-bottom: 0in;\"><img loading=\"lazy\" decoding=\"async\" width=\"229\" height=\"286\" class=\"alignnone wp-image-44\" style=\"width: 155px; height: 194px; margin: 10px 20px; float: left;\" title=\"Katrin Velbaum\" src=\"https:\/\/sisu.ut.ee\/wp-content\/uploads\/sites\/489\/katrin1.jpg\" alt=\"Katrin Velbaum\"><\/p>\n<p style=\"margin-bottom: 0in;\">\n<\/p><p style=\"margin-bottom: 0in;\"><strong><span style=\"background: white;\"><span style=\"line-height: normal;\"><span style=\"vertical-align: baseline;\"><span style=\"color: black;\">Katrin Velbaum, MA, junior research fellow, PhD student<\/span><\/span><\/span><\/span><\/strong><\/p>\n<p style=\"margin-bottom: 0in;\">\n<\/p><p style=\"margin-bottom: 0in;\"><a title=\"\" href=\"https:\/\/www.etis.ee\/CV\/Katrin_Velbaum\/eng?lang=ENG\" target=\"_blank\" rel=\"noopener\" data-url=\"https:\/\/www.etis.ee\/CV\/Katrin_Velbaum\/eng?lang=ENG\">CV with publications<\/a><\/p>\n<p style=\"margin-bottom: 0in;\">\n<\/p><p style=\"margin-bottom: 0in;\">Katrin\u00a0Velbaum\u00a0is a doctoral student of philosophy of science who participates in the project because of the interest in the possibilities of combining philosophical analysis with empirical (qualitative) research.<\/p>\n<p style=\"margin-bottom: 0in;\">\n<\/p><p style=\"margin-bottom: 0in;\">\n<\/p><p style=\"margin-bottom: 0in;\">\n<\/p><p style=\"margin-bottom: 0in;\">\n<\/p><p style=\"margin-bottom: 0in;\">\n<\/p><p style=\"margin-bottom: 0in;\"><img loading=\"lazy\" decoding=\"async\" width=\"173\" height=\"217\" class=\"alignnone wp-image-45\" style=\"width: 155px; height: 194px; margin: 10px 20px; float: left;\" title=\"Kristin Kokkov\" src=\"https:\/\/sisu.ut.ee\/wp-content\/uploads\/sites\/489\/kristin1.jpg\" alt=\"Kristin Kokkov\"><\/p>\n<p style=\"margin-bottom: 0in;\">\n<\/p><p style=\"margin-bottom: 0in;\"><span style=\"background: white;\"><span style=\"line-height: normal;\"><span style=\"vertical-align: baseline;\"><b><span style=\"color: black;\">Kristin Kokkov, MA, j<span style=\"border: nonewindowtext1.0pt; background: white; padding: 0in;\">unior research fellow, PhD student<\/span><\/span><\/b><\/span><\/span><\/span><\/p>\n<p style=\"margin-bottom: 0in;\">\n<\/p><p style=\"margin-bottom: 0in;\"><a title=\"\" href=\"https:\/\/www.etis.ee\/CV\/Kristin_Kokkov\/eng?lang=ENG\" target=\"_blank\" rel=\"noopener\" data-url=\"https:\/\/www.etis.ee\/CV\/Kristin_Kokkov\/eng?lang=ENG\">CV with publications<\/a><\/p>\n<p style=\"margin-bottom: 0in;\">\n<\/p><p style=\"margin-bottom: 0in;\"><span style=\"color: black;\">Kristin Kokkov is a Junior Research Fellow of Philosophy of Science (until August 2020) and is currently working on her PhD thesis. Her research focuses mainly on epistemic questions in historical sciences, more specifically on evidential reasoning, inferential scaffolding, and interdisciplinarity in archaeological research.<\/span><\/p>\n<p style=\"margin-bottom: 0in;\">\n<\/p><p style=\"margin-bottom: 0in;\">\n<\/p><p style=\"margin-bottom: 0in;\">\n<\/p><p style=\"margin-bottom: 0in;\">\n<\/p><p><img loading=\"lazy\" decoding=\"async\" width=\"249\" height=\"311\" class=\"alignnone wp-image-46\" style=\"width: 155px; height: 194px; margin: 10px 20px; float: left;\" title=\"Lilian Langsepp\" src=\"https:\/\/sisu.ut.ee\/wp-content\/uploads\/sites\/489\/lilian1.jpg\" alt=\"Lilian Langsepp\" srcset=\"https:\/\/sisu.ut.ee\/wp-content\/uploads\/sites\/489\/lilian1.jpg 249w, https:\/\/sisu.ut.ee\/wp-content\/uploads\/sites\/489\/lilian1-240x300.jpg 240w\" sizes=\"auto, (max-width: 249px) 100vw, 249px\"><\/p>\n<p><strong><span style=\"background: white;\"><span style=\"line-height: normal;\"><span style=\"vertical-align: baseline;\"><span style=\"border: nonewindowtext1.0pt; background: white; padding: 0in;\"><span style=\"color: black;\">Lilian Langsepp, MA, PhD student<\/span><\/span><\/span><\/span><\/span><\/strong><\/p>\n<p><strong><span style=\"background: white;\"><span style=\"line-height: normal;\"><span style=\"vertical-align: baseline;\"><span style=\"border: nonewindowtext1.0pt; background: white; padding: 0in;\"><span style=\"color: black;\">\u00a0<\/span><\/span><\/span><\/span><\/span><\/strong><\/p>\n<p><a title=\"\" href=\"https:\/\/www.etis.ee\/CV\/Lilian_Langsepp\/eng?lang=ENG\" target=\"_blank\" rel=\"noopener\" data-url=\"https:\/\/www.etis.ee\/CV\/Lilian_Langsepp\/eng?lang=ENG\">CV with publicaitons<\/a><\/p>\n<p>Lilian is a doctoral student of philosophy at the University of Tartu. Her research topics include music philosophy, more precisely music perception, as well as the practice of scientific research.<\/p>\n<p style=\"margin-bottom: 0in;\"><img loading=\"lazy\" decoding=\"async\" width=\"186\" height=\"233\" class=\"alignnone wp-image-47\" style=\"width: 155px; height: 194px; margin: 10px 20px; float: left;\" title=\"Lisa Zorzato\" src=\"https:\/\/sisu.ut.ee\/wp-content\/uploads\/sites\/489\/lisa1.jpg\" alt=\"Lisa Zorzato\"><\/p>\n<p style=\"margin-bottom: 0in;\">\n<\/p><p style=\"margin-bottom: 0in;\"><strong><span style=\"background: white;\"><span style=\"line-height: normal;\"><span style=\"vertical-align: baseline;\"><span style=\"border: nonewindowtext1.0pt; background: white; padding: 0in;\"><span style=\"color: black;\">Lisa Zorzato, MA, PhD student<\/span><\/span><\/span><\/span><\/span><\/strong><\/p>\n<p style=\"margin-bottom: 0in;\">\n<\/p><p style=\"margin-bottom: 0in;\"><a title=\"\" href=\"https:\/\/www.etis.ee\/CV\/Lisa_Zorzato001\/eng?lang=ENG\" target=\"_blank\" rel=\"noopener\" data-url=\"https:\/\/www.etis.ee\/CV\/Lisa_Zorzato001\/eng?lang=ENG\">CV with publications<\/a><\/p>\n<p style=\"margin-bottom: 0in;\">\n<\/p><p style=\"margin-bottom: 0in;\">Lisa\u00a0Zorzato\u00a0is a\u00a0Ph.D\u00a0candidate\u00a0in Philosophy of Science at the University of Tartu (Estonia). Currently, she is\u00a0working at the Philosophy Department of the National and\u00a0Kapodistrian University of Athens (Greece).\u00a0Her research interest revolves around the debate between realism and antirealism in philosophy of science. She is\u00a0now focussed on the questions concerning the nature of scientific explanations, specifically\u00a0on the role of models and analogies in theory change and theory constructions.<\/p>\n<p style=\"margin-bottom: 0in;\">\n<\/p><p style=\"margin-bottom: 0in;\">\n<\/p><p style=\"margin-bottom: 0in;\">\n<\/p><p style=\"margin-bottom: 0in;\"><img loading=\"lazy\" decoding=\"async\" width=\"192\" height=\"240\" class=\"alignnone wp-image-48\" style=\"width: 155px; height: 194px; margin: 10px 20px; float: left;\" title=\"Peeter M\u00fc\u00fcrsepp\" src=\"https:\/\/sisu.ut.ee\/wp-content\/uploads\/sites\/489\/peeter1.jpg\" alt=\"Peeter M\u00fc\u00fcrsepp\"><\/p>\n<p style=\"margin-bottom: 0in;\">\n<\/p><p style=\"margin-bottom: 0in;\"><strong><span style=\"background: white;\"><span style=\"line-height: normal;\"><span style=\"vertical-align: baseline;\"><span style=\"border: nonewindowtext1.0pt; background: white; padding: 0in;\"><span style=\"color: black;\">Peeter M\u00fc\u00fcrsepp, PhD, associate professor, Taltech<\/span><\/span><\/span><\/span><\/span><\/strong><\/p>\n<p style=\"margin-bottom: 0in;\">\n<\/p><p style=\"margin-bottom: 0in;\"><a title=\"\" href=\"https:\/\/www.etis.ee\/CV\/Peeter_M%C3%BC%C3%BCrsepp\/eng?lang=ENG\" target=\"_blank\" rel=\"noopener\" data-url=\"https:\/\/www.etis.ee\/CV\/Peeter_M%C3%BC%C3%BCrsepp\/eng?lang=ENG\">CV with publications<\/a><\/p>\n<p style=\"margin-bottom: 0in;\">Peeter\u00a0M\u00fc\u00fcrsepp\u00a0is Associate Professor at Tallinn University of Technology and Chairperson of the Estonian Association of the History and Philosophy of Science. He is Corresponding Member of the International Academy of the History of Science. His main role in the project is analysing the conception of practical realism and studying the connections between philosophy and history of science and technology.<\/p>\n<p style=\"margin-bottom: 0in;\">\n<\/p><p style=\"margin-bottom: 0in;\">\n<\/p><p style=\"margin-bottom: 0in;\">\n<\/p><p style=\"margin-bottom: 0in;\"><img loading=\"lazy\" decoding=\"async\" width=\"224\" height=\"281\" class=\"alignnone wp-image-49\" style=\"width: 155px; height: 194px; margin: 10px 20px; float: left;\" title=\"riin1.jpg\" src=\"https:\/\/sisu.ut.ee\/wp-content\/uploads\/sites\/489\/riin1.jpg\" alt=\"riin\"><\/p>\n<p style=\"margin-bottom: 0in;\">\n<\/p><p style=\"margin-bottom: 0in;\"><span style=\"background: white;\"><span style=\"line-height: normal;\"><span style=\"vertical-align: baseline;\"><b><span style=\"border: nonewindowtext1.0pt; background: white; padding: 0in;\"><span style=\"color: black;\">Riin K\u00f5iv, PhD, research assistant<\/span><\/span><\/b><\/span><\/span><\/span><\/p>\n<p style=\"margin-bottom: 0in;\">\n<\/p><p style=\"margin-bottom: 0in;\"><a title=\"\" href=\"https:\/\/www.etis.ee\/CV\/Riin_K%C3%B5iv\/eng?lang=ENG\" target=\"_blank\" rel=\"noopener\" data-url=\"https:\/\/www.etis.ee\/CV\/Riin_K%C3%B5iv\/eng?lang=ENG\">CV with publications<\/a><\/p>\n<p style=\"margin-bottom: 0in;\">\n<\/p><p style=\"margin-bottom: 8.0pt;\"><span style=\"line-height: 106%;\"><em><span style=\"color: black;\"><span style=\"font-style: normal;\">Riin K\u00f5iv is a PhD candidate in theoretical philosophy, assistant at the chair of philosophy of science. Her areas of research are<b>\u00a0<\/b><\/span><\/span><\/em><span style=\"color: black;\">Nature-nurture debate, philosophy of biology (concept of innateness, genetic causation and genetic information), social construction, philosophy of mind (theories of content and representation), the philosophy of Ludwig Feuerbach.<\/span><\/span><\/p>\n","protected":false},"excerpt":{"rendered":"<p>Endla L\u00f5hkivi, PhD (FL, MA, MSc), principaI Investigator of the project, associate professor of philosophy of science CV with publications Endla is the Principal Investigator (PI) of the project, interested in the philosophical account of science called practical realism, formation &#8230;<\/p>\n","protected":false},"author":252,"featured_media":0,"parent":0,"menu_order":0,"comment_status":"closed","ping_status":"closed","template":"","meta":{"_acf_changed":false,"inline_featured_image":false,"footnotes":""},"class_list":["post-26","page","type-page","status-publish","hentry"],"acf":[],"_links":{"self":[{"href":"https:\/\/sisu.ut.ee\/interdisphil\/wp-json\/wp\/v2\/pages\/26","targetHints":{"allow":["GET"]}}],"collection":[{"href":"https:\/\/sisu.ut.ee\/interdisphil\/wp-json\/wp\/v2\/pages"}],"about":[{"href":"https:\/\/sisu.ut.ee\/interdisphil\/wp-json\/wp\/v2\/types\/page"}],"author":[{"embeddable":true,"href":"https:\/\/sisu.ut.ee\/interdisphil\/wp-json\/wp\/v2\/users\/252"}],"replies":[{"embeddable":true,"href":"https:\/\/sisu.ut.ee\/interdisphil\/wp-json\/wp\/v2\/comments?post=26"}],"version-history":[{"count":3,"href":"https:\/\/sisu.ut.ee\/interdisphil\/wp-json\/wp\/v2\/pages\/26\/revisions"}],"predecessor-version":[{"id":172,"href":"https:\/\/sisu.ut.ee\/interdisphil\/wp-json\/wp\/v2\/pages\/26\/revisions\/172"}],"wp:attachment":[{"href":"https:\/\/sisu.ut.ee\/interdisphil\/wp-json\/wp\/v2\/media?parent=26"}],"curies":[{"name":"wp","href":"https:\/\/api.w.org\/{rel}","templated":true}]}}