{"id":5,"date":"2024-04-04T00:42:20","date_gmt":"2024-04-03T21:42:20","guid":{"rendered":"https:\/\/sisu.ut.ee\/infootsitugi\/avaleht\/"},"modified":"2026-03-02T11:05:51","modified_gmt":"2026-03-02T09:05:51","slug":"avaleht","status":"publish","type":"page","link":"https:\/\/sisu.ut.ee\/infootsitugi\/","title":{"rendered":"\u00dclevaade kursusest"},"content":{"rendered":"<h2>Infop\u00e4devus e infokirjaoskus t\u00e4hendab v\u00f5imet tunnetada infovajadust, oskust vajaminevat informatsiooni efektiivselt leida, hinnata ja kasutada.\u00a0<\/h2>\n<p style=\"text-align: right;\"><span style=\"font-size: x-small;\" data-mce-mark=\"1\">American Library Association. Presidential Committee on Information Literacy.\u00a0Final Report. (Chicago: American Library Association, 1989.)\u00a0<\/span><br><a href=\"http:\/\/www.ala.org\/acrl\/standards\/informationliteracycompetency\" target=\"_blank\" rel=\"noopener\">http:\/\/www.ala.org\/acrl\/standards\/informationliteracycompetency<\/a><\/p>\n<h2>Kursuse eesm\u00e4rk\u00a0<\/h2>\n<p>Kursuse eesm\u00e4rkideks on:<\/p>\n<div>\n<ul>\n<li>tutvustada kasutajatele internetis k\u00e4ttesaadavaid kvaliteetseid inforessursse;<\/li>\n<li>anda teadmisi ja praktilisi oskusi uurimist\u00f6\u00f6ks vajaliku informatsiooni otsimiseks;\u00a0<\/li>\n<li>anda oskused infoallikate kriitiliseks hindamiseks ja plagiaadi v\u00e4ltimiseks.<\/li>\n<\/ul>\n<\/div>\n<p>Infop\u00e4devuse kursus on m\u00f5eldud ka algajale infootsijale. Eelteadmised infootsingust ei ole vajalikud.<\/p>\n<p>Kursus sobib k\u00f5igile, kes soovivad arendada infootsingu ja info hindamise oskusi, et olla osavamad ka igap\u00e4evaeluks vajaliku info leidmisel.<\/p>\n<p>Kursuse l\u00e4binud:<\/p>\n<div>\n<ul>\n<li>tunnevad infootsingu p\u00f5him\u00f5tteid ja p\u00e4ringu koostamise tehnikaid;<\/li>\n<li>oskavad neid rakendada erinevates otsingukeskkondades;<\/li>\n<li>tunnevad ja oskavad kasutada internetis k\u00e4ttesaadavaid Eesti andmebaase;<\/li>\n<li>oskavad kasutada EBSCO platvormil k\u00e4ttesaadavaid teadusandmebaase;<\/li>\n<li>tunnevad Google\u2019i ja Google Scholari otsinguv\u00f5imalusi;<\/li>\n<li>oskavad hinnata infoallikate usaldusv\u00e4\u00e4rsust;<\/li>\n<li>oskavad v\u00e4ltida plagiaati.<\/li>\n<\/ul>\n<\/div>\n<div>\n<h2>Kursuse korraldus<\/h2>\n<p>Kursuse \u00f5ppematerjalid ja enesetestid on ise\u00f5ppimiseks kogu aeg avatud, kuid T\u00dc digitaalse tunnistuse saamiseks tuleb registreeruda e-kursusele Tartu \u00dclikooli \u00f5ppeinfos\u00fcsteemis. Registreerunutele saadetakse kursuse esimesel p\u00e4eval e-kiri juhistega, kuidas siseneda e-kursusele Moodle\u2019i \u00f5pikeskkonnas. E-kursuse maht on 1 EAP, mis t\u00e4hendab umbes 6 tundi seseisvat t\u00f6\u00f6d iga n\u00e4dal.\u00a0\u00a0<\/p>\n<h2>E-kursuse \u00fclesehitus<\/h2>\n<p>Kursusel l\u00e4bitakse infootsingu olulised etapid:<\/p>\n<ul>\n<li>uurimisteema t\u00e4psustamiseks taustainformatsiooni ja otsingus\u00f5nade leidmine;<\/li>\n<li>infootsingu v\u00f5tted andmebaasides (Eesti andmebaasid, EBSCO andmebaasid) ja internetis;<\/li>\n<li>raamatute, artiklite, veebilehtede jm infoallikate hindamine;<\/li>\n<li>info eetiline ja \u00f5igusp\u00e4rane kasutamine ning plagiaadi v\u00e4ltimine.<\/li>\n<\/ul>\n<p>Iga alateema teema kohta on l\u00fchikesed \u00f5ppevideod ja\/v\u00f5i tekstilised materjalid. Samuti on huvilistele lisatud lingid lisamaterjalidele ning kasutatud allikate loetelu (veebilingid viimati vaadatud 24.08.2025).<\/p>\n<p><span id=\"docs-internal-guid-ab99aa48-3400-1030-5c5f-d82d29f27d49\" data-mce-mark=\"1\"><span data-mce-mark=\"1\">\u00d5ppematerjalid on kohandatud k\u00e4esoleva kursuse mahule ja eesm\u00e4rkidele, tuginedes teistele T\u00dc raamatukogus koostatud infop\u00e4devuse kursuste \u00f5ppematerjalidele (<a href=\"https:\/\/utlib.ut.ee\/et\/sisu\/koolitusmaterjalid-ja-juhendid\">https:\/\/utlib.ut.ee\/et\/sisu\/koolitusmaterjalid-ja-juhendid<\/a><\/span><\/span>)<span data-mce-mark=\"1\"><span data-mce-mark=\"1\">. <\/span><\/span><\/p>\n<p>\u00d5ppematerjalide juures on enesetestid, mis aitavad omandatud teadmisi kinnistada ja infootsingu oskusi harjutada. Saate neid sooritada soovitud arv kordi, tulemusi ei hinnata.\u00a0<\/p>\n<p>E-kursusel Moodle\u2019is on iga n\u00e4dal kavas hindelised testid, mille sooritamine n\u00f5utaval tasemel on kursuse l\u00e4bimiseks vajalik. Teste saab sooritada mitu korda ja test on arvestatud, kui tulemus on v\u00e4hemalt 90%.\u00a0\u00a0<\/p>\n<p>Moodle\u2019is on iga teema juures ka k\u00fcsimuste ja vastuste foorum, kus saate oma m\u00f5tteid avaldada ja kursuse \u00f5ppej\u00f5ududelt v\u00f5i \u00f5pingukaaslastelt vajadusel n\u00f5u k\u00fcsida.<\/p>\n<\/div>\n<h2>Kursuse \u00f5ppej\u00f5ud:<\/h2>\n<p>Kursuse \u00f5ppej\u00f5ududel on k\u00f5igil\u00a0pikaajalised kogemused infop\u00e4devuse \u00f5petamisel\u00a0Tartu \u00dclikooli infop\u00e4devuse e-kursustel.<\/p>\n\n\n<figure class=\"wp-block-table is-style-stripes\"><table class=\"table table-hover\"><tbody><tr><td class=\"has-text-align-center\" data-align=\"center\"><img loading=\"lazy\" decoding=\"async\" width=\"150\" height=\"200\" class=\"wp-image-135\" style=\"width: 150px;\" src=\"https:\/\/sisu.ut.ee\/wp-content\/uploads\/sites\/133\/signe_bachmann-1.jpg\" alt=\"\" srcset=\"https:\/\/sisu.ut.ee\/wp-content\/uploads\/sites\/133\/signe_bachmann-1.jpg 450w, https:\/\/sisu.ut.ee\/wp-content\/uploads\/sites\/133\/signe_bachmann-1-225x300.jpg 225w\" sizes=\"auto, (max-width: 150px) 100vw, 150px\"><\/td><td class=\"has-text-align-center\" data-align=\"center\"><\/td><td class=\"has-text-align-center\" data-align=\"center\"><img loading=\"lazy\" decoding=\"async\" width=\"150\" height=\"200\" class=\"wp-image-141\" style=\"width: 150px;\" src=\"https:\/\/sisu.ut.ee\/wp-content\/uploads\/sites\/133\/vilve_seiler-1.jpg\" alt=\"\" srcset=\"https:\/\/sisu.ut.ee\/wp-content\/uploads\/sites\/133\/vilve_seiler-1.jpg 450w, https:\/\/sisu.ut.ee\/wp-content\/uploads\/sites\/133\/vilve_seiler-1-225x300.jpg 225w\" sizes=\"auto, (max-width: 150px) 100vw, 150px\"><\/td><\/tr><tr><td class=\"has-text-align-center\" data-align=\"center\"><strong>Signe Bachmann<\/strong><br>signe.bachmann@ut.ee<br>T\u00dc raamatukogu matemaatika, arvutiteaduse, sporditeaduste ja f\u00fcsioteraapia erialainfo spetsialist; MA<\/td><td class=\"has-text-align-center\" data-align=\"center\"><\/td><td class=\"has-text-align-center\" data-align=\"center\"><strong>Vilve Seiler<\/strong><br>vilve.seiler@ut.ee<br>T\u00dc raamatukogu sotsiaalteaduste erialainfo spetsialist, infop\u00e4devuse koordinaator; mag<\/td><\/tr><\/tbody><\/table><\/figure>\n\n\n\n<p><\/p>\n\n\n\n<p>Kursuse struktuuri ning \u00f5ppematerjalid <em>Info leidmine internetist<\/em> ja <em>Infoallikate hindamine<\/em> on koostanud\u00a0K\u00e4rt Miil.<\/p>\n\n\n\n<p>\u00d5ppematerjali <em>Ettevalmistus infootsinguks<\/em> on koostanud Kadi Kass.<\/p>\n\n\n\n<p><\/p>\n","protected":false},"excerpt":{"rendered":"<p>Infop\u00e4devus e infokirjaoskus t\u00e4hendab v\u00f5imet tunnetada infovajadust, oskust vajaminevat informatsiooni efektiivselt leida, hinnata ja kasutada.\u00a0 American Library Association. Presidential Committee on Information Literacy.\u00a0Final Report. (Chicago: American Library Association, 1989.)\u00a0http:\/\/www.ala.org\/acrl\/standards\/informationliteracycompetency Kursuse eesm\u00e4rk\u00a0 Kursuse eesm\u00e4rkideks on: tutvustada kasutajatele internetis k\u00e4ttesaadavaid kvaliteetseid inforessursse; &#8230;<\/p>\n","protected":false},"author":5,"featured_media":0,"parent":0,"menu_order":0,"comment_status":"closed","ping_status":"closed","template":"","meta":{"_acf_changed":false,"inline_featured_image":false,"footnotes":""},"class_list":["post-5","page","type-page","status-publish","hentry"],"acf":[],"_links":{"self":[{"href":"https:\/\/sisu.ut.ee\/infootsitugi\/wp-json\/wp\/v2\/pages\/5","targetHints":{"allow":["GET"]}}],"collection":[{"href":"https:\/\/sisu.ut.ee\/infootsitugi\/wp-json\/wp\/v2\/pages"}],"about":[{"href":"https:\/\/sisu.ut.ee\/infootsitugi\/wp-json\/wp\/v2\/types\/page"}],"author":[{"embeddable":true,"href":"https:\/\/sisu.ut.ee\/infootsitugi\/wp-json\/wp\/v2\/users\/5"}],"replies":[{"embeddable":true,"href":"https:\/\/sisu.ut.ee\/infootsitugi\/wp-json\/wp\/v2\/comments?post=5"}],"version-history":[{"count":15,"href":"https:\/\/sisu.ut.ee\/infootsitugi\/wp-json\/wp\/v2\/pages\/5\/revisions"}],"predecessor-version":[{"id":462,"href":"https:\/\/sisu.ut.ee\/infootsitugi\/wp-json\/wp\/v2\/pages\/5\/revisions\/462"}],"wp:attachment":[{"href":"https:\/\/sisu.ut.ee\/infootsitugi\/wp-json\/wp\/v2\/media?parent=5"}],"curies":[{"name":"wp","href":"https:\/\/api.w.org\/{rel}","templated":true}]}}