{"id":248,"date":"2024-04-11T12:55:52","date_gmt":"2024-04-11T09:55:52","guid":{"rendered":"https:\/\/sisu.ut.ee\/infootsitugi\/enesetest-internetiotsing\/"},"modified":"2024-04-11T12:55:52","modified_gmt":"2024-04-11T09:55:52","slug":"enesetest-internetiotsing","status":"publish","type":"page","link":"https:\/\/sisu.ut.ee\/infootsitugi\/enesetest-internetiotsing\/","title":{"rendered":"Enesetest: Internetiotsing"},"content":{"rendered":"<div id=\"watupro_quiz\" class=\"quiz-area single-page-quiz\">\n<p id=\"submittingExam10\" style=\"display:none;text-align:center;\"><img loading=\"lazy\" decoding=\"async\" src=\"https:\/\/sisu.ut.ee\/wp-content\/plugins\/watupro\/img\/loading.gif\" width=\"16\" height=\"16\"><\/p>\n\n\n\n<form action=\"\" method=\"post\" class=\"quiz-form\" id=\"quiz-10\" enctype=\"multipart\/form-data\">\n<div class=\"watu-question \" id=\"question-1\" style=\";\"><div id=\"questionWrap-1\" class=\"  watupro-required-39 watupro-question-id-39\">\n\t\t\t<div class=\"question-content\"><div>Kui soovite Google's leida kahest s\u00f5nast \u00fcksk\u00f5ik kumba, siis lisate otsingu tegemisel kahe s\u00f5na vahele v\u00e4ikeste t\u00e4htedega inglisekeelne s\u00f5na or (v\u00f5i).<\/div><input type=\"hidden\" name=\"question_id[]\" id=\"qID_1\" value=\"39\" class=\"watupro-question-id\"><input type=\"hidden\" id=\"answerType39\" class=\"answerTypeCnt1\" value=\"radio\"><input type=\"hidden\" id=\"watupro-required-question-39\"><!-- end question-content--><\/div><div class=\"question-choices watupro-choices-columns \" id=\"questionChoices39\"><div class=\"watupro-question-choice  \" dir=\"auto\"><input type=\"radio\" name=\"answer-39[]\" id=\"answer-id-111\" class=\"answer   answerof-39 \" value=\"111\"><label for=\"answer-id-111\" id=\"answer-label-111\" class=\" answer\"><span>True<\/span><\/label><\/div><div class=\"watupro-question-choice  \" dir=\"auto\"><input type=\"radio\" name=\"answer-39[]\" id=\"answer-id-112\" class=\"answer   answerof-39 \" value=\"112\"><label for=\"answer-id-112\" id=\"answer-label-112\" class=\" answer\"><span>False<\/span><\/label><\/div><!-- end question-choices--><\/div><!-- end questionWrap--><\/div><\/div><div class=\"watu-question \" id=\"question-2\" style=\";\"><div id=\"questionWrap-2\" class=\"  watupro-required-38 watupro-question-id-38\">\n\t\t\t<div class=\"question-content\"><div>Google'i otsingu puhul on probleemiks see, et otsingutulemused ei vasta tihti teemale v\u00f5i pole piisavalt autoriteetsed uurimist\u00f6\u00f6s kasutamiseks.<\/div><input type=\"hidden\" name=\"question_id[]\" id=\"qID_2\" value=\"38\" class=\"watupro-question-id\"><input type=\"hidden\" id=\"answerType38\" class=\"answerTypeCnt2\" value=\"radio\"><input type=\"hidden\" id=\"watupro-required-question-38\"><!-- end question-content--><\/div><div class=\"question-choices watupro-choices-columns \" id=\"questionChoices38\"><div class=\"watupro-question-choice  \" dir=\"auto\"><input type=\"radio\" name=\"answer-38[]\" id=\"answer-id-110\" class=\"answer   answerof-38 \" value=\"110\"><label for=\"answer-id-110\" id=\"answer-label-110\" class=\" answer\"><span>True<\/span><\/label><\/div><div class=\"watupro-question-choice  \" dir=\"auto\"><input type=\"radio\" name=\"answer-38[]\" id=\"answer-id-159\" class=\"answer   answerof-38 \" value=\"159\"><label for=\"answer-id-159\" id=\"answer-label-159\" class=\" answer\"><span>False<\/span><\/label><\/div><!-- end question-choices--><\/div><!-- end questionWrap--><\/div><\/div><div class=\"watu-question \" id=\"question-3\" style=\";\"><div id=\"questionWrap-3\" class=\"  watupro-required-40 watupro-question-id-40\">\n\t\t\t<div class=\"question-content\"><div>Soovite rohkem teada saada uurimist\u00f6\u00f6 reeglite kohta. Tehke Google otsing: uurimist\u00f6\u00f6 reeglid. Lisades p\u00e4ringukasti ka failivormingu pdf, tulemuste arv suureneb.<br>\r\n<br>\r\nKas v\u00e4ide on \u00f5ige v\u00f5i vale?<\/div><input type=\"hidden\" name=\"question_id[]\" id=\"qID_3\" value=\"40\" class=\"watupro-question-id\"><input type=\"hidden\" id=\"answerType40\" class=\"answerTypeCnt3\" value=\"radio\"><input type=\"hidden\" id=\"watupro-required-question-40\"><!-- end question-content--><\/div><div class=\"question-choices watupro-choices-columns \" id=\"questionChoices40\"><div class=\"watupro-question-choice  \" dir=\"auto\"><input type=\"radio\" name=\"answer-40[]\" id=\"answer-id-113\" class=\"answer   answerof-40 \" value=\"113\"><label for=\"answer-id-113\" id=\"answer-label-113\" class=\" answer\"><span>True<\/span><\/label><\/div><div class=\"watupro-question-choice  \" dir=\"auto\"><input type=\"radio\" name=\"answer-40[]\" id=\"answer-id-114\" class=\"answer   answerof-40 \" value=\"114\"><label for=\"answer-id-114\" id=\"answer-label-114\" class=\" answer\"><span>False<\/span><\/label><\/div><!-- end question-choices--><\/div><!-- end questionWrap--><\/div><\/div><div class=\"watu-question \" id=\"question-4\" style=\";\"><div id=\"questionWrap-4\" class=\"  watupro-required-37 watupro-question-id-37\">\n\t\t\t<div class=\"question-content\"><div>Google'i otsing on v\u00e4ga hea pealkirja j\u00e4rgi raamatute, artiklite, asutuste v\u00f5i dokumentide leidmiseks.<\/div><input type=\"hidden\" name=\"question_id[]\" id=\"qID_4\" value=\"37\" class=\"watupro-question-id\"><input type=\"hidden\" id=\"answerType37\" class=\"answerTypeCnt4\" value=\"radio\"><input type=\"hidden\" id=\"watupro-required-question-37\"><!-- end question-content--><\/div><div class=\"question-choices watupro-choices-columns \" id=\"questionChoices37\"><div class=\"watupro-question-choice  \" dir=\"auto\"><input type=\"radio\" name=\"answer-37[]\" id=\"answer-id-108\" class=\"answer   answerof-37 \" value=\"108\"><label for=\"answer-id-108\" id=\"answer-label-108\" class=\" answer\"><span>True<\/span><\/label><\/div><div class=\"watupro-question-choice  \" dir=\"auto\"><input type=\"radio\" name=\"answer-37[]\" id=\"answer-id-109\" class=\"answer   answerof-37 \" value=\"109\"><label for=\"answer-id-109\" id=\"answer-label-109\" class=\" answer\"><span>False<\/span><\/label><\/div><!-- end question-choices--><\/div><!-- end questionWrap--><\/div><\/div><div class=\"watu-question \" id=\"question-5\" style=\";\"><div id=\"questionWrap-5\" class=\"  watupro-required-41 watupro-question-id-41\">\n\t\t\t<div class=\"question-content\"><div>Kas v\u00e4ide on \u00f5ige v\u00f5i vale?<br>\r\n<br>\r\nInterneti teemaportaalide puhul tuleb olla t\u00e4helepanelik, kuna nende sisu ei pruugita raha puudusel enam t\u00e4iendada ning neist saadav info v\u00f5ib olla vananenud.<\/div><input type=\"hidden\" name=\"question_id[]\" id=\"qID_5\" value=\"41\" class=\"watupro-question-id\"><input type=\"hidden\" id=\"answerType41\" class=\"answerTypeCnt5\" value=\"radio\"><input type=\"hidden\" id=\"watupro-required-question-41\"><!-- end question-content--><\/div><div class=\"question-choices watupro-choices-columns \" id=\"questionChoices41\"><div class=\"watupro-question-choice  \" dir=\"auto\"><input type=\"radio\" name=\"answer-41[]\" id=\"answer-id-115\" class=\"answer   answerof-41 \" value=\"115\"><label for=\"answer-id-115\" id=\"answer-label-115\" class=\" answer\"><span>True<\/span><\/label><\/div><div class=\"watupro-question-choice  \" dir=\"auto\"><input type=\"radio\" name=\"answer-41[]\" id=\"answer-id-116\" class=\"answer   answerof-41 \" value=\"116\"><label for=\"answer-id-116\" id=\"answer-label-116\" class=\" answer\"><span>False<\/span><\/label><\/div><!-- end question-choices--><\/div><!-- end questionWrap--><\/div><\/div><div class=\"watu-question \" id=\"question-6\" style=\";\"><div id=\"questionWrap-6\" class=\"  watupro-required-42 watupro-question-id-42\">\n\t\t\t<div class=\"question-content\"><div>Google Scholar:<\/div><input type=\"hidden\" name=\"question_id[]\" id=\"qID_6\" value=\"42\" class=\"watupro-question-id\"><input type=\"hidden\" id=\"answerType42\" class=\"answerTypeCnt6\" value=\"checkbox\"><input type=\"hidden\" id=\"watupro-required-question-42\"><!-- end question-content--><\/div><div class=\"question-choices watupro-choices-columns \" id=\"questionChoices42\"><div class=\"watupro-question-choice  \" dir=\"auto\"><input type=\"checkbox\" name=\"answer-42[]\" id=\"answer-id-117\" class=\"answer   answerof-42 \" value=\"117\"><label for=\"answer-id-117\" id=\"answer-label-117\" class=\" answer\"><span><p>otsib teadusartikleid, raamatuid ja uurimist\u00f6id.<\/p><\/span><\/label><\/div><div class=\"watupro-question-choice  \" dir=\"auto\"><input type=\"checkbox\" name=\"answer-42[]\" id=\"answer-id-118\" class=\"answer   answerof-42 \" value=\"118\"><label for=\"answer-id-118\" id=\"answer-label-118\" class=\" answer\"><span><p>tulemused sarnanevad teadusandmebaaside otsingutulemustega.<\/p><\/span><\/label><\/div><div class=\"watupro-question-choice  \" dir=\"auto\"><input type=\"checkbox\" name=\"answer-42[]\" id=\"answer-id-119\" class=\"answer   answerof-42 \" value=\"119\"><label for=\"answer-id-119\" id=\"answer-label-119\" class=\" answer\"><span><p>kooli uurimist\u00f6\u00f6ks ei sobi, see on m\u00f5eldud teadlastele.<\/p><\/span><\/label><\/div><!-- end question-choices--><\/div><!-- end questionWrap--><\/div><\/div><div style=\"display:none\" id=\"question-7\">\n\t<div class=\"question-content\">\n\t\t<img loading=\"lazy\" decoding=\"async\" src=\"https:\/\/sisu.ut.ee\/wp-content\/plugins\/watupro\/img\/loading.gif\" width=\"16\" height=\"16\" alt=\"Loading...\" title=\"Loading...\">\u00a0Loading...\t<\/div>\n<\/div>\n\n<br>\n\t\n\t\t\t<div class=\"watupro_buttons flex \" id=\"watuPROButtons10\">\n\t\t  <div id=\"prev-question\" style=\"display:none;\"><input type=\"button\" value=\"&lt; Previous\" onclick=\"WatuPRO.nextQuestion(event, 'previous');\"><\/div>\t\t  \t\t  \t\t   \n\t\t   \t  \t\t<div><input type=\"button\" name=\"action\" class=\"watupro-submit-button\" onclick=\"WatuPRO.submitResult(event)\" id=\"action-button\" value=\"Vaata tulemust\">\n\t\t<\/div>\n\t\t<\/div>\n\t\t\n\t<input type=\"hidden\" name=\"quiz_id\" value=\"10\" id=\"watuPROExamID\">\n\t<input type=\"hidden\" name=\"start_time\" id=\"startTime\" value=\"2026-04-07 19:56:58\">\n\t<input type=\"hidden\" name=\"start_timestamp\" id=\"startTimeStamp\" value=\"1775591818\">\n\t<input type=\"hidden\" name=\"question_ids\" value=\"\">\n\t<input type=\"hidden\" name=\"watupro_questions\" value=\"39:111,112 | 38:110,159 | 40:113,114 | 37:108,109 | 41:115,116 | 42:117,118,119\">\n\t<input type=\"hidden\" name=\"no_ajax\" value=\"0\">\t\t\t<\/form>\n\t<p>\u00a0<\/p>\n<\/div>\n\n<script type=\"text\/javascript\">\n\/\/jQuery(document).ready(function(){\ndocument.addEventListener(\"DOMContentLoaded\", function(event) { \t\nvar question_ids = \"39,38,40,37,41,42\";\nWatuPROSettings[10] = {};\nWatuPRO.qArr = question_ids.split(',');\nWatuPRO.exam_id = 10;\t    \nWatuPRO.post_id = 248;\nWatuPRO.store_progress = 0;\nWatuPRO.curCatPage = 1;\nWatuPRO.requiredIDs=\"0,39,38,40,37,41,42\".split(\",\");\nWatuPRO.hAppID = \"0.42245500 1775581018\";\nvar url = \"https:\/\/sisu.ut.ee\/wp-content\/plugins\/watupro\/show_exam.php\";\nWatuPRO.examMode = 1;\nWatuPRO.siteURL=\"https:\/\/sisu.ut.ee\/infootsitugi\/wp-admin\/admin-ajax.php\";\nWatuPRO.emailIsNotRequired = 0;\nWatuPRO.perDecade = 10;\nWatuPROIntel.init(10);\nWatuPRO.inCategoryPages=1;});    \t \n<\/script>\n\n","protected":false},"excerpt":{"rendered":"","protected":false},"author":76,"featured_media":0,"parent":0,"menu_order":0,"comment_status":"closed","ping_status":"closed","template":"","meta":{"_acf_changed":false,"inline_featured_image":false,"footnotes":""},"class_list":["post-248","page","type-page","status-publish","hentry"],"acf":[],"_links":{"self":[{"href":"https:\/\/sisu.ut.ee\/infootsitugi\/wp-json\/wp\/v2\/pages\/248","targetHints":{"allow":["GET"]}}],"collection":[{"href":"https:\/\/sisu.ut.ee\/infootsitugi\/wp-json\/wp\/v2\/pages"}],"about":[{"href":"https:\/\/sisu.ut.ee\/infootsitugi\/wp-json\/wp\/v2\/types\/page"}],"author":[{"embeddable":true,"href":"https:\/\/sisu.ut.ee\/infootsitugi\/wp-json\/wp\/v2\/users\/76"}],"replies":[{"embeddable":true,"href":"https:\/\/sisu.ut.ee\/infootsitugi\/wp-json\/wp\/v2\/comments?post=248"}],"version-history":[{"count":0,"href":"https:\/\/sisu.ut.ee\/infootsitugi\/wp-json\/wp\/v2\/pages\/248\/revisions"}],"wp:attachment":[{"href":"https:\/\/sisu.ut.ee\/infootsitugi\/wp-json\/wp\/v2\/media?parent=248"}],"curies":[{"name":"wp","href":"https:\/\/api.w.org\/{rel}","templated":true}]}}