{"id":19,"date":"2024-04-04T00:42:21","date_gmt":"2024-04-03T21:42:21","guid":{"rendered":"https:\/\/sisu.ut.ee\/infootsitugi\/4-eesti-artiklite-andmebaas-ise\/"},"modified":"2024-04-04T00:42:42","modified_gmt":"2024-04-03T21:42:42","slug":"4-eesti-artiklite-andmebaas-ise","status":"publish","type":"page","link":"https:\/\/sisu.ut.ee\/infootsitugi\/4-eesti-artiklite-andmebaas-ise\/","title":{"rendered":"4. Eesti artiklite andmebaas ISE"},"content":{"rendered":"<p>\n\tEesti artiklite andmebaasist ISE (Index Scriptorum Estoniae, <a data-url=\"https:\/\/artiklid.elnet.ee\/\" href=\"https:\/\/artiklid.elnet.ee\/\" target=\"_blank\" title=\"\" rel=\"noopener\">https:\/\/artiklid.elnet.ee<\/a>) leiate infot<strong> kuni 31.12.2016<\/strong> peamiselt Eestis ilmunud <strong>ajakirjade, artiklikogumike ja j\u00e4tkv\u00e4ljaannete<\/strong> <strong>artiklite kohta<\/strong> ja t\u00e4isteksti k\u00e4ttesaadavuse korral ka linke t\u00e4istekstidele.\u00a0Alates 2017. aastast ilmunud ajakirjade artikleid saab otsida andmebaasist DIGAR Eesti artiklid (<a href=\"http:\/\/dea.digar.ee\/cgi-bin\/dea\" style=\"background-color: #ffffff\" target=\"_blank\" rel=\"noopener\">http:\/\/dea.digar.ee<\/a>). ISE-sse lisatakse artikleid valikuliselt teemabaasidest l\u00e4htuvalt.\u00a0\n<\/p>\n<p>\n\tISE-s leidub infot ka ajalehtede artiklite kohta, kuid alates 2014. aastast on k\u00f5ik <strong>ajalehed<\/strong> leitavad andmebaasis\u00a0DIGAR Eesti artiklid (<a href=\"http:\/\/dea.digar.ee\/cgi-bin\/dea\" target=\"_blank\" rel=\"noopener\">http:\/\/dea.digar.ee<\/a>) ning sellest ajast alates ISE-sse nende kohta enam infot ei lisata.\n<\/p>\n<p>\n\tAndmebaas ISE sisaldab:\n<\/p>\n<ul>\n<li>\n\t\t\u00fcksikuid artikleid 19. sajandist;\n\t<\/li>\n<li>\n\t\t\u00f5igus- ja ajalooalaseid artikleid alates aastast 1900;\n\t<\/li>\n<li>\n\t\tenamikku ajakirja- ja kogumikuartikleid aastatest 1993\u20132016, \u00a0alates 2017 valikuliselt teemabaasidest l\u00e4htuvalt;\n\t<\/li>\n<li>\n\t\thumanitaar- ja sotsiaalteaduste alaseid ajaleheartikleid aastatest 1993<span data-mce-mark=\"1\">\u2013<\/span>2013;\n\t<\/li>\n<li>\n\t\tEestit k\u00e4sitlevaid artikleid v\u00e4lismaistest v\u00e4ljaannetest, samuti Eesti autorite poolt v\u00e4lismaal avaldatud artikleid.\n\t<\/li>\n<\/ul>\n<p>\n\t<strong><a data-url=\"https:\/\/panopto.ut.ee\/Panopto\/Pages\/Viewer.aspx?id=22dbd8ce-0275-4cfb-b8b2-add501144c28\" href=\"https:\/\/panopto.ut.ee\/Panopto\/Pages\/Viewer.aspx?id=22dbd8ce-0275-4cfb-b8b2-add501144c28\" target=\"_blank\" title=\"\" rel=\"noopener\">Video<\/a><\/strong> tutvustab otsingut andmebaasis ISE.\u00a0\n<\/p>\n<p>\n\t<span>ISE koosneb valdkondlikest andmebaasidest ja\u00a0Eesti raamatukogudes loodud teemabaasidest (andmebaasi nime j\u00e4rel on raamatukogu l\u00fchend). Otsingut saab teha k\u00f5ikides ISE andmebaasides koos (see toimib vaikimisi) v\u00f5i valida neist \u00fche.\u00a0<\/span>Andmebaaside valimiseks\u00a0\u00a0kl\u00f5psake ISE avalehel\u00a0<em>Andmebaas ISE.<\/em>\n<\/p>\n<p>\n\t\u00a0\n<\/p>\n<p>\n\t<img loading=\"lazy\" decoding=\"async\" width=\"1252\" height=\"515\" class=\"alignnone wp-image-85\" src=\"https:\/\/sisu.ut.ee\/wp-content\/uploads\/sites\/133\/2020-06-15.png\" title=\"2020-06-15.png\" alt=\"ff\" srcset=\"https:\/\/sisu.ut.ee\/wp-content\/uploads\/sites\/133\/2020-06-15.png 1252w, https:\/\/sisu.ut.ee\/wp-content\/uploads\/sites\/133\/2020-06-15-300x123.png 300w, https:\/\/sisu.ut.ee\/wp-content\/uploads\/sites\/133\/2020-06-15-1024x421.png 1024w, https:\/\/sisu.ut.ee\/wp-content\/uploads\/sites\/133\/2020-06-15-768x316.png 768w\" sizes=\"auto, (max-width: 1252px) 100vw, 1252px\">\n<\/p>\n<h5 style=\"text-align: center\">\n\tIse avaleht<br>\n<\/h5>\n<p>\n\t<img loading=\"lazy\" decoding=\"async\" width=\"884\" height=\"284\" class=\"alignnone wp-image-84\" src=\"https:\/\/sisu.ut.ee\/wp-content\/uploads\/sites\/133\/2019-09-25_15_34_15-window.png\" title=\"2019-09-25_15_34_15-window.png\" alt=\"e\" srcset=\"https:\/\/sisu.ut.ee\/wp-content\/uploads\/sites\/133\/2019-09-25_15_34_15-window.png 884w, https:\/\/sisu.ut.ee\/wp-content\/uploads\/sites\/133\/2019-09-25_15_34_15-window-300x96.png 300w, https:\/\/sisu.ut.ee\/wp-content\/uploads\/sites\/133\/2019-09-25_15_34_15-window-768x247.png 768w\" sizes=\"auto, (max-width: 884px) 100vw, 884px\">\n<\/p>\n<h5 style=\"text-align: center\">\n\tISE andmebaasid ja teemabaasid<br>\n<\/h5>\n<p>\n\tISE avalehel on ka link teistele Eesti andmebaasidele.\n<\/p>\n<p>\n\tAndmebaaside sisukirjeldus:\u00a0<a href=\"https:\/\/www.elnet.ee\/juhend\/ise\/teemabaasid.php\" target=\"_blank\" title=\"\" rel=\"noopener\">https:\/\/www.elnet.ee\/juhend\/ise\/teemabaasid.php<\/a>\n<\/p>\n<p>\n\tRaamatukogude teemabaasid sisaldavad lisaks artiklitele ka andmeid raamatute ja \u00fcli\u00f5pilast\u00f6\u00f6de kohta.\u00a0\n<\/p>\n<p>\n\t\u00a0\n<\/p>\n<table class=\"table table-hover\" border=\"1\" style=\"background-color: #f2f2f2;border-color: #dddddd;border-width: 1px;width: 100%;border-style: solid\">\n<tbody>\n<tr>\n<td>\n\t\t\t\t<img loading=\"lazy\" decoding=\"async\" width=\"70\" height=\"60\" class=\"alignnone wp-image-21\" style=\"float: left\" src=\"https:\/\/sisu.ut.ee\/wp-content\/uploads\/sites\/133\/info3.png\" title=\"info3.png\" alt=\"a\">\n<h6>\n\t\t\t\t\tSoovi korral lugege lisaks andmebaasi ISE kasutusjuhendit\u00a0<a href=\"http:\/\/www.elnet.ee\/juhend\/ise\/\" target=\"_blank\" rel=\"noopener\">http:\/\/www.elnet.ee\/juhend\/ise\/<\/a><br>\n\t\t\t\t<\/h6>\n<\/td>\n<\/tr>\n<\/tbody>\n<\/table>\n<p>\n\t\u00a0\n<\/p>\n<h2>\n\tKasutatud allikad<br>\n<\/h2>\n<ul>\n<li>\n\t\tAndmebaasi ISE kasutusjuhend\u00a0<a href=\"http:\/\/www.elnet.ee\/juhend\/ise\/\" style=\"background-color: #ffffff\" target=\"_blank\" rel=\"noopener\">http:\/\/www.elnet.ee\/juhend\/ise\/<\/a>\n\t<\/li>\n<\/ul>\n","protected":false},"excerpt":{"rendered":"<p>Eesti artiklite andmebaasist ISE (Index Scriptorum Estoniae, https:\/\/artiklid.elnet.ee) leiate infot kuni 31.12.2016 peamiselt Eestis ilmunud ajakirjade, artiklikogumike ja j\u00e4tkv\u00e4ljaannete artiklite kohta ja t\u00e4isteksti k\u00e4ttesaadavuse korral ka linke t\u00e4istekstidele.\u00a0Alates 2017. aastast ilmunud ajakirjade artikleid saab otsida andmebaasist DIGAR Eesti artiklid (http:\/\/dea.digar.ee). &#8230;<\/p>\n","protected":false},"author":5,"featured_media":0,"parent":0,"menu_order":0,"comment_status":"closed","ping_status":"closed","template":"","meta":{"_acf_changed":false,"inline_featured_image":false,"footnotes":""},"class_list":["post-19","page","type-page","status-publish","hentry"],"acf":[],"_links":{"self":[{"href":"https:\/\/sisu.ut.ee\/infootsitugi\/wp-json\/wp\/v2\/pages\/19","targetHints":{"allow":["GET"]}}],"collection":[{"href":"https:\/\/sisu.ut.ee\/infootsitugi\/wp-json\/wp\/v2\/pages"}],"about":[{"href":"https:\/\/sisu.ut.ee\/infootsitugi\/wp-json\/wp\/v2\/types\/page"}],"author":[{"embeddable":true,"href":"https:\/\/sisu.ut.ee\/infootsitugi\/wp-json\/wp\/v2\/users\/5"}],"replies":[{"embeddable":true,"href":"https:\/\/sisu.ut.ee\/infootsitugi\/wp-json\/wp\/v2\/comments?post=19"}],"version-history":[{"count":2,"href":"https:\/\/sisu.ut.ee\/infootsitugi\/wp-json\/wp\/v2\/pages\/19\/revisions"}],"predecessor-version":[{"id":391,"href":"https:\/\/sisu.ut.ee\/infootsitugi\/wp-json\/wp\/v2\/pages\/19\/revisions\/391"}],"wp:attachment":[{"href":"https:\/\/sisu.ut.ee\/infootsitugi\/wp-json\/wp\/v2\/media?parent=19"}],"curies":[{"name":"wp","href":"https:\/\/api.w.org\/{rel}","templated":true}]}}