{"id":16,"date":"2024-04-04T00:42:21","date_gmt":"2024-04-03T21:42:21","guid":{"rendered":"https:\/\/sisu.ut.ee\/infootsitugi\/5-digari-eesti-artiklid\/"},"modified":"2025-08-18T07:34:18","modified_gmt":"2025-08-18T04:34:18","slug":"5-digari-eesti-artiklid","status":"publish","type":"page","link":"https:\/\/sisu.ut.ee\/infootsitugi\/5-digari-eesti-artiklid\/","title":{"rendered":"5. DIGAR Eesti artiklid"},"content":{"rendered":"<p>DIGAR Eesti artiklid (<a style=\"background-color: #ffffff;\" href=\"http:\/\/dea.digar.ee\/\" target=\"_blank\" rel=\"noopener\">http:\/\/dea.digar.ee<\/a>)\u00a0on Eesti artiklite portaal, mille eesm\u00e4rgiks on koondada k\u00f5ik Eesti ajalehed, ajakirjad jt perioodilised v\u00e4ljaanded \u00fchte kohta ja pakkuda juurdep\u00e4\u00e4su nende sisule. Siit leiab<\/p>\n<ul style=\"list-style-type: circle;\">\n<li>1811. aastast ilmunud Eesti ajalehed (n\u00f5ukogude perioodi ajalehti ei ole veel lisatud)<\/li>\n<li>2017. aastast ilmunud ajakirjad ja j\u00e4tkv\u00e4ljaanded.<\/li>\n<\/ul>\n<p>Vanemaid ajakirju ja j\u00e4tkv\u00e4ljaandeid (enne 2017. a \u00a0ilmunud) vaadake\u00a0digitaalarhiivis DIGAR, vt ka \u00f5ppematerjalide j\u00e4rgmine peat\u00fckk.<\/p>\n<h2>Otsing<\/h2>\n<p>Otsing andmebaasis DIGAR\u00a0Eesti artiklid erineb ESTERi ja ISE otsingust, kuna siin saab otsida kogu tekstist. Otsingus\u00f5nu v\u00f5ib vabamalt valida, kuid heade tulemuste saamiseks peavad need olema sisult t\u00e4psed.\u00a0Artiklite leidmiseks tuleb sisestada otsitav(ad) s\u00f5na(d) otsingukasti. Vaikimisi otsitakse kogu tekstist, saab valida ka,\u00a0et otsitakse pealkirja, autori v\u00f5i teemade j\u00e4rgi.\u00a0Ajalehed aastatest 1821\u20132013 on esialgu enamasti otsitavad vaid tekstis sisalduvate s\u00f5nade j\u00e4rgi.<\/p>\n<p><img loading=\"lazy\" decoding=\"async\" width=\"1117\" height=\"581\" class=\"alignnone wp-image-74\" title=\"2022-11-09_11_36_02-digar_eesti_artiklid.png\" src=\"https:\/\/sisu.ut.ee\/wp-content\/uploads\/sites\/133\/2022-11-09_11_36_02-digar_eesti_artiklid.png\" alt=\"a\" srcset=\"https:\/\/sisu.ut.ee\/wp-content\/uploads\/sites\/133\/2022-11-09_11_36_02-digar_eesti_artiklid.png 1117w, https:\/\/sisu.ut.ee\/wp-content\/uploads\/sites\/133\/2022-11-09_11_36_02-digar_eesti_artiklid-300x156.png 300w, https:\/\/sisu.ut.ee\/wp-content\/uploads\/sites\/133\/2022-11-09_11_36_02-digar_eesti_artiklid-1024x533.png 1024w, https:\/\/sisu.ut.ee\/wp-content\/uploads\/sites\/133\/2022-11-09_11_36_02-digar_eesti_artiklid-768x399.png 768w\" sizes=\"auto, (max-width: 1117px) 100vw, 1117px\"><\/p>\n<p>Otsingul saab kasutada jutum\u00e4rke t\u00e4pse fraasi otsimiseks, loogikaoperaatoreid otsingu t\u00e4psustamiseks ning t\u00e4rni otsingus\u00f5na katkestamiseks. Vt ka videot peat\u00fckis <em><a href=\"https:\/\/sisu.ut.ee\/infootsitugi\/2-sustemaatiline-infootsing\" target=\"_blank\" rel=\"noopener\">S\u00fcstemaatiline infootsing<\/a>.<\/em><\/p>\n<p>Otsingukasti paremas servas saab valida <strong>detailse otsingu, <\/strong>kus saab valida, et otsitakse ainult k\u00f5ikidest ajalehtedest, ajakirjadest v\u00f5i j\u00e4tkv\u00e4ljaannetest. Samuti saab otsingut t\u00e4psustada v\u00e4ljaande nimetus(t)ega ja ilmumisajaga.<\/p>\n<p><strong>Otsingutulemuste<\/strong> lehel vasakul saab tulemusi piirata v\u00e4ljaannete, autorite, keele, t\u00e4psemate aastate, teema jm tunnuste j\u00e4rgi. \u00a0Vaikimisi on tulemused j\u00e4rjestatud <a href=\"#\" data-bs-toggle=\"modal\" data-bs-target=\"#popup-modal\" data-title=\"relevantsuse\" data-content=\"informatsiooni asjakohasus, vastavus p\u00e4ringule\">relevantsuse<\/a>\u00a0j\u00e4rgi, seda saab muuta, kl\u00f5psates tulemuste lehel \u00fcleval vasakul mustas kastis oleval noolekesel.<\/p>\n<p>Kl\u00f5psates otsingukasti kohal \u00a0<img loading=\"lazy\" decoding=\"async\" width=\"177\" height=\"33\" class=\"alignnone wp-image-75\" title=\"2023-01-16_16_29_32-window.png\" src=\"https:\/\/sisu.ut.ee\/wp-content\/uploads\/sites\/133\/2023-01-16_16_29_32-window.png\" alt=\"h\">, leitakse artiklid, mille t\u00e4istekstile on vaba juurdep\u00e4\u00e4s olemas.<\/p>\n<p>Piiranguid saab t\u00fchistada otsingukasti all hallil ribal, kas k\u00f5ik korraga v\u00f5i \u00fckshaaval.<\/p>\n<p><strong>Juurdep\u00e4\u00e4s t\u00e4istekstidele<\/strong>\u00a0v\u00f5ib olla\u00a0igal v\u00e4ljaandel erinev.\u00a0Kui kl\u00f5psate andmebaasi \u00fcleval ribal <strong>V\u00c4LJAANDED<\/strong> ja edasi v\u00e4ljaannete loetelus pealkirjal, avaneb t\u00e4psem info v\u00e4ljaannete t\u00e4istekstide k\u00e4ttesaadavuse ning kasutus\u00f5iguste kohta.<\/p>\n<p><img loading=\"lazy\" decoding=\"async\" width=\"788\" height=\"482\" class=\"alignnone wp-image-73\" style=\"margin-left: auto; margin-right: auto; width: 740px; height: 470px;\" title=\"2020-06-19_10_59_40-window_01.png\" src=\"https:\/\/sisu.ut.ee\/wp-content\/uploads\/sites\/133\/2020-06-19_10_59_40-window_01.png\" alt=\"ff\" srcset=\"https:\/\/sisu.ut.ee\/wp-content\/uploads\/sites\/133\/2020-06-19_10_59_40-window_01.png 788w, https:\/\/sisu.ut.ee\/wp-content\/uploads\/sites\/133\/2020-06-19_10_59_40-window_01-300x184.png 300w, https:\/\/sisu.ut.ee\/wp-content\/uploads\/sites\/133\/2020-06-19_10_59_40-window_01-768x470.png 768w\" sizes=\"auto, (max-width: 788px) 100vw, 788px\"><\/p>\n<p>Vanad ajalehed on sisse skaneeritud tekstituvastusega. Kuna gooti kirja ning tuhmunud teksti pole masinad alati v\u00e4lja lugenud, esineb tulemustes palju\u00a0valesti v\u00e4lja loetud s\u00f5nu.<\/p>\n<p style=\"text-align: center;\"><img loading=\"lazy\" decoding=\"async\" width=\"740\" height=\"203\" class=\"alignnone wp-image-69\" style=\"margin-left: auto; margin-right: auto;\" title=\"nomme.png\" src=\"https:\/\/sisu.ut.ee\/wp-content\/uploads\/sites\/133\/nomme.png\" alt=\"nomme.png\" srcset=\"https:\/\/sisu.ut.ee\/wp-content\/uploads\/sites\/133\/nomme.png 740w, https:\/\/sisu.ut.ee\/wp-content\/uploads\/sites\/133\/nomme-300x82.png 300w\" sizes=\"auto, (max-width: 740px) 100vw, 740px\"><\/p>\n<h5 style=\"text-align: center;\">Andmebaas n\u00e4itab k\u00f5rvuti artikli pilti ja automaatselt tuvastatud teksti.<\/h5>\n<table class=\"table table-hover\" style=\"background-color: #f2f2f2; width: 100%; border: 1px solid #dddddd;\" border=\"1\">\n<tbody>\n<tr>\n<td><img loading=\"lazy\" decoding=\"async\" width=\"70\" height=\"60\" class=\"alignnone wp-image-21\" style=\"float: left;\" title=\"info3.png\" src=\"https:\/\/sisu.ut.ee\/wp-content\/uploads\/sites\/133\/info3.png\" alt=\"a\">\n<h6>Huvi korral lugege andmebaasi kasutusjuhendit avalehel ABI nupu all ja vaadake RR koolitust\u00a0<em><a href=\"https:\/\/www.youtube.com\/watch?v=D05ZIAIWVjU&amp;t=20s\" target=\"_blank\" rel=\"noopener\">DIGARi Eesti ajalehed: Kuidas otsida artikleid ja mida nendega teha?<\/a><\/em>\u00a0v\u00f5i pikemat veebiseminari <em><a href=\"https:\/\/www.youtube.com\/watch?v=nupMRepYxq8&amp;t=68s\" target=\"_blank\" rel=\"noopener\">Portaal DIGARi Eesti ajalehed<\/a><\/em><\/h6>\n<\/td>\n<\/tr>\n<\/tbody>\n<\/table>\n<p>Vanade ajalehtede\u00a0(ilmunud 1944. aastani) artikleid on mugav otsida <strong>Eesti ajakirjanduse anal\u00fc\u00fctilise bibliograafia<\/strong> andmebaasis <a style=\"background-color: #ffffff;\" href=\"http:\/\/galerii.kirmus.ee\/biblioserver\/\" target=\"_blank\" rel=\"noopener\">http:\/\/galerii.kirmus.ee\/biblioserver\/<\/a>, sest seal saab teha t\u00e4psemaid otsinguid.\u00a0Peale m\u00e4rks\u00f5nade saab seal otsida isikunimede, kohanimede ja asutuste\u00a0j\u00e4rgi. Andmebaasi avalehel on lingitud vastavad registrid, mida saab lehitseda ja valida otsinguks sobivid s\u00f5nu. Tulemused on koos l\u00fchikese sisukokkuv\u00f5ttega. Kuulutusi andmebaas ei sisalda. Kirje juurest viib link andmebaasi DIGAR Eesti artiklid <a href=\"http:\/\/dea.digar.ee\/\" target=\"_blank\" rel=\"noopener\">http:\/\/dea.digar.ee<\/a>, kus on n\u00e4ha artikli originaal ja automaatselt tuvastatud tekst.<\/p>\n<h2>Kasutatud allikad<\/h2>\n<ul>\n<li>DIGAR Eesti artiklid kasutusjuhend\u00a0<a href=\"http:\/\/dea.digar.ee\/\" target=\"_blank\" rel=\"noopener\">http:\/\/dea.digar.ee\/<\/a><\/li>\n<\/ul>\n","protected":false},"excerpt":{"rendered":"<p>DIGAR Eesti artiklid (http:\/\/dea.digar.ee)\u00a0on Eesti artiklite portaal, mille eesm\u00e4rgiks on koondada k\u00f5ik Eesti ajalehed, ajakirjad jt perioodilised v\u00e4ljaanded \u00fchte kohta ja pakkuda juurdep\u00e4\u00e4su nende sisule. Siit leiab 1811. aastast ilmunud Eesti ajalehed (n\u00f5ukogude perioodi ajalehti ei ole veel lisatud) 2017. &#8230;<\/p>\n","protected":false},"author":5,"featured_media":0,"parent":0,"menu_order":0,"comment_status":"closed","ping_status":"closed","template":"","meta":{"_acf_changed":false,"inline_featured_image":false,"footnotes":""},"class_list":["post-16","page","type-page","status-publish","hentry"],"acf":[],"_links":{"self":[{"href":"https:\/\/sisu.ut.ee\/infootsitugi\/wp-json\/wp\/v2\/pages\/16","targetHints":{"allow":["GET"]}}],"collection":[{"href":"https:\/\/sisu.ut.ee\/infootsitugi\/wp-json\/wp\/v2\/pages"}],"about":[{"href":"https:\/\/sisu.ut.ee\/infootsitugi\/wp-json\/wp\/v2\/types\/page"}],"author":[{"embeddable":true,"href":"https:\/\/sisu.ut.ee\/infootsitugi\/wp-json\/wp\/v2\/users\/5"}],"replies":[{"embeddable":true,"href":"https:\/\/sisu.ut.ee\/infootsitugi\/wp-json\/wp\/v2\/comments?post=16"}],"version-history":[{"count":2,"href":"https:\/\/sisu.ut.ee\/infootsitugi\/wp-json\/wp\/v2\/pages\/16\/revisions"}],"predecessor-version":[{"id":425,"href":"https:\/\/sisu.ut.ee\/infootsitugi\/wp-json\/wp\/v2\/pages\/16\/revisions\/425"}],"wp:attachment":[{"href":"https:\/\/sisu.ut.ee\/infootsitugi\/wp-json\/wp\/v2\/media?parent=16"}],"curies":[{"name":"wp","href":"https:\/\/api.w.org\/{rel}","templated":true}]}}