{"id":9,"date":"2024-04-03T23:12:28","date_gmt":"2024-04-03T20:12:28","guid":{"rendered":"https:\/\/sisu.ut.ee\/infoallikad\/teatmeteosed\/"},"modified":"2024-04-03T23:12:43","modified_gmt":"2024-04-03T20:12:43","slug":"teatmeteosed","status":"publish","type":"page","link":"https:\/\/sisu.ut.ee\/infoallikad\/teatmeteosed\/","title":{"rendered":"Teatmeteosed"},"content":{"rendered":"<p>Teatmeteos on\u00a0mingi aineala informatsioonile kiiret juurdep\u00e4\u00e4su v\u00f5imaldav dokument. Teatmeteosed v\u00f5imaldavad<\/p>\n<ul style=\"list-style-type: circle\">\n<li>leida taustainformatsiooni. <span><span>N\u00e4iteks otsides t\u00e4hendust s\u00f5nale\u00a0<span>makjavellism saate teada, kuidas see on seotud\u00a0<\/span><\/span><\/span><span>Niccol\u00f2 Machiavelli<\/span><span><span><span>\u00a0<\/span>nimega.<\/span><\/span><\/li>\n<li>leida fakte, andmeid, definitsioone. N\u00e4iteks leiate andmeid eri maade kohta, v\u00f5\u00f5rs\u00f5nade ja teadusterminite seletusi.<\/li>\n<li>saada \u00fclevaadet kasutatavatest erialaterminitest.<\/li>\n<li>saada viiteid teemakohastele infoallikatele (teatmeteose artikli l\u00f5pus on sageli kirjanduse loetelud).<\/li>\n<\/ul>\n<p>Teatmeteostest on eriti abi oma uurimist\u00f6\u00f6d alustades. Nad annavad \u00fclevaate teema p\u00f5hiprobleemidest. M\u00f5isted on esitatud eriala kontekstis, mis aitab ka teil oma uurimist\u00f6\u00f6 teemat piiritleda.<\/p>\n","protected":false},"excerpt":{"rendered":"<p>Teatmeteos on\u00a0mingi aineala informatsioonile kiiret juurdep\u00e4\u00e4su v\u00f5imaldav dokument. Teatmeteosed v\u00f5imaldavad leida taustainformatsiooni. N\u00e4iteks otsides t\u00e4hendust s\u00f5nale\u00a0makjavellism saate teada, kuidas see on seotud\u00a0Niccol\u00f2 Machiavelli\u00a0nimega. leida fakte, andmeid, definitsioone. N\u00e4iteks leiate andmeid eri maade kohta, v\u00f5\u00f5rs\u00f5nade ja teadusterminite seletusi. saada \u00fclevaadet kasutatavatest &#8230;<\/p>\n","protected":false},"author":5,"featured_media":0,"parent":0,"menu_order":0,"comment_status":"closed","ping_status":"closed","template":"","meta":{"_acf_changed":false,"inline_featured_image":false,"footnotes":""},"class_list":["post-9","page","type-page","status-publish","hentry"],"acf":[],"_links":{"self":[{"href":"https:\/\/sisu.ut.ee\/infoallikad\/wp-json\/wp\/v2\/pages\/9","targetHints":{"allow":["GET"]}}],"collection":[{"href":"https:\/\/sisu.ut.ee\/infoallikad\/wp-json\/wp\/v2\/pages"}],"about":[{"href":"https:\/\/sisu.ut.ee\/infoallikad\/wp-json\/wp\/v2\/types\/page"}],"author":[{"embeddable":true,"href":"https:\/\/sisu.ut.ee\/infoallikad\/wp-json\/wp\/v2\/users\/5"}],"replies":[{"embeddable":true,"href":"https:\/\/sisu.ut.ee\/infoallikad\/wp-json\/wp\/v2\/comments?post=9"}],"version-history":[{"count":1,"href":"https:\/\/sisu.ut.ee\/infoallikad\/wp-json\/wp\/v2\/pages\/9\/revisions"}],"predecessor-version":[{"id":101,"href":"https:\/\/sisu.ut.ee\/infoallikad\/wp-json\/wp\/v2\/pages\/9\/revisions\/101"}],"wp:attachment":[{"href":"https:\/\/sisu.ut.ee\/infoallikad\/wp-json\/wp\/v2\/media?parent=9"}],"curies":[{"name":"wp","href":"https:\/\/api.w.org\/{rel}","templated":true}]}}