{"id":8,"date":"2024-04-03T23:12:28","date_gmt":"2024-04-03T20:12:28","guid":{"rendered":"https:\/\/sisu.ut.ee\/infoallikad\/avaleht\/"},"modified":"2024-04-03T23:12:43","modified_gmt":"2024-04-03T20:12:43","slug":"avaleht","status":"publish","type":"page","link":"https:\/\/sisu.ut.ee\/infoallikad\/","title":{"rendered":"\u00dclevaade infoallikatest"},"content":{"rendered":"<p>\n\tInformatsiooni v\u00f5ib leida v\u00e4ga erinevatest allikatest. Infoallikad jagunevad algallikateks ja vahendusinformatsiooni allikateks.<br>Algallikad sisaldavad uusi teadmisi v\u00f5i vanade teadmiste uudset lahtim\u00f5testust ja anal\u00fc\u00fcsi. Neis antakse t\u00e4ielik v\u00f5i esmakordne seletus uurimuse v\u00f5i selle l\u00e4biviimise kohta. Algallikad on nt\u00a0\n<\/p>\n<ul style=\"list-style-type: circle\">\n<li>\n\t\tteadust\u00f6\u00f6de aruanded\n\t<\/li>\n<li>\n\t\tkonverentside materjalid\n\t<\/li>\n<li>\n\t\tpreprindid\n\t<\/li>\n<li>\n\t\tartiklid\n\t<\/li>\n<li>\n\t\tdissertatsioonid\n\t<\/li>\n<li>\n\t\tmonograafiad\n\t<\/li>\n<li>\n\t\tt\u00e4istekstiandmebaasid\n\t<\/li>\n<li>\n\t\tseadused ja kohtuotsused\n\t<\/li>\n<\/ul>\n<p>\n\tVahendusinformatsiooni allikad koostatakse algdokumentide p\u00f5hjal ja nad sisaldavad kasutaja jaoks t\u00f6\u00f6deldud ja tihendatud informatsiooni. Nad sisaldavad ka informatsiooni algallikate kohta ja neid saab kasutada algallikate otsivahendajana. \u00a0Vahendusinformatsiooni allikad on nt\u00a0\n<\/p>\n<ul style=\"list-style-type: circle\">\n<li>\n\t\tteatmeteosed\n\t<\/li>\n<li>\n\t\traamatukogu kataloogid\n\t<\/li>\n<li>\n\t\tbibliograafiad\n\t<\/li>\n<li>\n\t\treferaat- ja bibliograafiaandmebaasid\n\t<\/li>\n<li>\n\t\tteema\u00fclevaated\n\t<\/li>\n<li>\n\t\tinternetikataloogid\n\t<\/li>\n<li>\n\t\tinterneti otsingumootorid\n\t<\/li>\n<\/ul>\n<p>\n\tSamas on igat liiki teaduskirjandus on selles m\u00f5ttes vahendusinformatsioon, et teadust\u00f6\u00f6 tugineb alati eelnevatele t\u00f6\u00f6dele.<\/p>\n","protected":false},"excerpt":{"rendered":"<p>Informatsiooni v\u00f5ib leida v\u00e4ga erinevatest allikatest. Infoallikad jagunevad algallikateks ja vahendusinformatsiooni allikateks.Algallikad sisaldavad uusi teadmisi v\u00f5i vanade teadmiste uudset lahtim\u00f5testust ja anal\u00fc\u00fcsi. Neis antakse t\u00e4ielik v\u00f5i esmakordne seletus uurimuse v\u00f5i selle l\u00e4biviimise kohta. Algallikad on nt\u00a0 teadust\u00f6\u00f6de aruanded konverentside materjalid &#8230;<\/p>\n","protected":false},"author":5,"featured_media":0,"parent":0,"menu_order":0,"comment_status":"closed","ping_status":"closed","template":"","meta":{"_acf_changed":false,"inline_featured_image":false,"footnotes":""},"class_list":["post-8","page","type-page","status-publish","hentry"],"acf":[],"_links":{"self":[{"href":"https:\/\/sisu.ut.ee\/infoallikad\/wp-json\/wp\/v2\/pages\/8","targetHints":{"allow":["GET"]}}],"collection":[{"href":"https:\/\/sisu.ut.ee\/infoallikad\/wp-json\/wp\/v2\/pages"}],"about":[{"href":"https:\/\/sisu.ut.ee\/infoallikad\/wp-json\/wp\/v2\/types\/page"}],"author":[{"embeddable":true,"href":"https:\/\/sisu.ut.ee\/infoallikad\/wp-json\/wp\/v2\/users\/5"}],"replies":[{"embeddable":true,"href":"https:\/\/sisu.ut.ee\/infoallikad\/wp-json\/wp\/v2\/comments?post=8"}],"version-history":[{"count":1,"href":"https:\/\/sisu.ut.ee\/infoallikad\/wp-json\/wp\/v2\/pages\/8\/revisions"}],"predecessor-version":[{"id":100,"href":"https:\/\/sisu.ut.ee\/infoallikad\/wp-json\/wp\/v2\/pages\/8\/revisions\/100"}],"wp:attachment":[{"href":"https:\/\/sisu.ut.ee\/infoallikad\/wp-json\/wp\/v2\/media?parent=8"}],"curies":[{"name":"wp","href":"https:\/\/api.w.org\/{rel}","templated":true}]}}