{"id":22,"date":"2024-04-03T23:12:29","date_gmt":"2024-04-03T20:12:29","guid":{"rendered":"https:\/\/sisu.ut.ee\/infoallikad\/bibliograafiad\/"},"modified":"2024-09-30T08:58:14","modified_gmt":"2024-09-30T05:58:14","slug":"bibliograafiad","status":"publish","type":"page","link":"https:\/\/sisu.ut.ee\/infoallikad\/bibliograafiad\/","title":{"rendered":"Bibliograafiad"},"content":{"rendered":"<p><span data-mce-mark=\"1\">Bibliograafia<\/span>\u00a0on kirjanduse loetelu, teoste nimestik v\u00f5i muude teavikute kindlate tunnuste alusel korrastatud kirjete kogum.<br>\nBibliograafia abil saate teada, mis on ilmunud ning saate vajalikud andmed vastavate raamatute ja artiklite leidmiseks, asukohti reeglina ei anta. Bibliograafiast saadud andmed on aluseks kataloogiotsingule.<br>\nBibliograafiad v\u00f5ivad olla koostatud mingi ajaperioodi kohta v\u00f5i peegeldada jooksvalt ilmuvat kirjandust.<br>\nBibliograafiate l\u00f5ppu on lisatud registrid, mis aitavad materjali otsida.<br>\nT\u00e4nap\u00e4eval on tr\u00fckitud bibliograafiad enamasti asendunud bibliograafiaandmebaasidega. Bibliograafiaid koostatakse erinevate p\u00f5him\u00f5tete j\u00e4rgi ja erineva otstarbega.<\/p>\n<p>Bibliograafiate liigid sisu j\u00e4rgi<\/p>\n<table class=\"table table-hover\" border=\"0\">\n<tbody>\n<tr>\n<td><strong>Rahvusbibliograafia<\/strong><span data-mce-mark=\"1\">. Rahvusbibliograafia peegeldab \u00fche rahvuse (maa, riigi) piirides ilmunud, selle rahvuse keeles, selle rahvuse autoritelt ning selle maa ja rahva kohta ilmunud teavikuid. \u00a0See Eesti rahvusbibliograafia vihik sisaldab Eesti raamatute loetelu 1996. aasta oktoobrist detsembrini. Rahvusbibliograafia ilmus varem perioodiliselt vihikutena. Vihikutest info leidmiseks kasutati registreid. Samasugused vihikud on ka ajakirjade, ajalehtede, nootide, kaartide, helisalvestiste kohta. N\u00fc\u00fcd on olemas elektrooniline rahvusbibliograafia <a href=\"https:\/\/www.rara.ee\/uuri\/rahvusbibliograafia\/\" target=\"_blank\" rel=\"noopener\">https:\/\/www.rara.ee\/uuri\/rahvusbibliograafia\/<\/a><\/span><\/td>\n<td><img loading=\"lazy\" decoding=\"async\" width=\"368\" height=\"529\" class=\"alignnone wp-image-45\" title=\"erb.png\" src=\"https:\/\/sisu.ut.ee\/wp-content\/uploads\/sites\/34\/erb.png\" alt=\"erb\" srcset=\"https:\/\/sisu.ut.ee\/wp-content\/uploads\/sites\/34\/erb.png 368w, https:\/\/sisu.ut.ee\/wp-content\/uploads\/sites\/34\/erb-209x300.png 209w\" sizes=\"auto, (max-width: 368px) 100vw, 368px\"><\/td>\n<\/tr>\n<tr>\n<td><span data-mce-mark=\"1\">Bibliograafiate juurde kuuluvad<\/span><strong>\u00a0registrid.<\/strong><span data-mce-mark=\"1\">\u00a0Need aitavad leida \u00f5iged k\u00f6ited ja lehek\u00fcljed, kus andmed paiknevad. N\u00e4iteks otsime aastal 1925 v\u00e4lja antud aabitsaid. Otsime registrist s\u00f5na aabits. Selle taga on k\u00f6ited ja lehek\u00fcljed, kust aabitsate andmed on kirjas.\u00a0<\/span><\/td>\n<td><img loading=\"lazy\" decoding=\"async\" class=\"alignnone wp-image-46\" title=\"erbregistrid.png\" src=\"https:\/\/sisu.ut.ee\/wp-content\/uploads\/sites\/34\/erbregistrid.png\" alt=\"erbregistrid\" width=\"298\" height=\"433\"><\/td>\n<\/tr>\n<tr>\n<td><span data-mce-mark=\"1\"><strong>Erialabibliograafia<\/strong>\u00a0h\u00f5lmab \u00fcht eriala, teadus- v\u00f5i tegevusala.\u00a0Eesti \u00f5iguskirjanduse biblio<\/span><span data-mce-mark=\"1\">graafia aastatest 1918\u20131940. see on olemas ka elektrooniliselt:<\/span><a href=\"http:\/\/bie.nlib.ee\/\" target=\"_blank\" rel=\"noopener\">\u00a0<\/a><span data-mce-mark=\"1\">\u00a0<\/span><a title=\"\" href=\"\/infoallikad\/www.nlib.ee\/bie\" target=\"_blank\" rel=\"noopener\" data-url=\"\/infoallikad\/www.nlib.ee\/bie\">www.nlib.ee\/bie<\/a>.<\/td>\n<td><img loading=\"lazy\" decoding=\"async\" width=\"1727\" height=\"2560\" class=\"alignnone wp-image-47\" title=\"biepaber.png\" src=\"https:\/\/sisu.ut.ee\/wp-content\/uploads\/sites\/34\/biepaber-scaled.png\" alt=\"biepaber\" srcset=\"https:\/\/sisu.ut.ee\/wp-content\/uploads\/sites\/34\/biepaber-scaled.png 1727w, https:\/\/sisu.ut.ee\/wp-content\/uploads\/sites\/34\/biepaber-202x300.png 202w, https:\/\/sisu.ut.ee\/wp-content\/uploads\/sites\/34\/biepaber-691x1024.png 691w, https:\/\/sisu.ut.ee\/wp-content\/uploads\/sites\/34\/biepaber-768x1139.png 768w, https:\/\/sisu.ut.ee\/wp-content\/uploads\/sites\/34\/biepaber-1036x1536.png 1036w, https:\/\/sisu.ut.ee\/wp-content\/uploads\/sites\/34\/biepaber-1381x2048.png 1381w, https:\/\/sisu.ut.ee\/wp-content\/uploads\/sites\/34\/biepaber-1920x2847.png 1920w\" sizes=\"auto, (max-width: 1727px) 100vw, 1727px\"><\/td>\n<\/tr>\n<tr>\n<td><strong>Personaalbibliograafia<\/strong> sisaldab \u00fche autori teoste loetelu mingi perioodi v\u00e4ltel. Siit saab koos k\u00e4tte nii raamatud, ajakirjaartiklid, arvustused, pildid ja muu avaldatud materjali. N\u00e4iteks Hando Runneli personaalbibliograafia (Hando Runnel. Bibliograafia 1963\u20132008. Koostanud Sirje Tammoja. Tartu, 2008.)<\/td>\n<td><img loading=\"lazy\" decoding=\"async\" width=\"300\" height=\"464\" class=\"alignnone wp-image-48\" title=\"runnel.png\" src=\"https:\/\/sisu.ut.ee\/wp-content\/uploads\/sites\/34\/runnel.png\" alt=\"runnel\" srcset=\"https:\/\/sisu.ut.ee\/wp-content\/uploads\/sites\/34\/runnel.png 300w, https:\/\/sisu.ut.ee\/wp-content\/uploads\/sites\/34\/runnel-194x300.png 194w\" sizes=\"auto, (max-width: 300px) 100vw, 300px\"><\/td>\n<\/tr>\n<tr>\n<td>Raamatu v\u00f5i artikli l\u00f5ppu lisatud<strong> kasutatud kirjanduse loetelu<\/strong> on samuti bibliograafia. N\u00e4ide on v\u00f5etud ajakirjast <em>Estonian Journal of Ecology.\u00a0<\/em><br>\nAutorid viitavad oma t\u00f6\u00f6des teiste autorite t\u00f6\u00f6dele. Viidatud allikate bibliograafiakirjete nimekiri lisatakse t\u00f6\u00f6 l\u00f5ppu. Selline bibliograafia on hea allikas teemakohase kirjanduse leidmiseks. Kasutatud kirjanduse loetelu n\u00e4idet n\u00e4ete ka selle peat\u00fcki l\u00f5pus (kasutatud allikad).<\/td>\n<td><img loading=\"lazy\" decoding=\"async\" width=\"446\" height=\"326\" class=\"alignnone wp-image-44\" title=\"ref\" src=\"https:\/\/sisu.ut.ee\/wp-content\/uploads\/sites\/34\/reference.png\" alt=\"ref\" srcset=\"https:\/\/sisu.ut.ee\/wp-content\/uploads\/sites\/34\/reference.png 446w, https:\/\/sisu.ut.ee\/wp-content\/uploads\/sites\/34\/reference-300x219.png 300w\" sizes=\"auto, (max-width: 446px) 100vw, 446px\"><\/td>\n<\/tr>\n<\/tbody>\n<\/table>\n","protected":false},"excerpt":{"rendered":"<p>Bibliograafia\u00a0on kirjanduse loetelu, teoste nimestik v\u00f5i muude teavikute kindlate tunnuste alusel korrastatud kirjete kogum. Bibliograafia abil saate teada, mis on ilmunud ning saate vajalikud andmed vastavate raamatute ja artiklite leidmiseks, asukohti reeglina ei anta. Bibliograafiast saadud andmed on aluseks kataloogiotsingule. &#8230;<\/p>\n","protected":false},"author":5,"featured_media":0,"parent":0,"menu_order":0,"comment_status":"closed","ping_status":"closed","template":"","meta":{"_acf_changed":false,"inline_featured_image":false,"footnotes":""},"class_list":["post-22","page","type-page","status-publish","hentry"],"acf":[],"_links":{"self":[{"href":"https:\/\/sisu.ut.ee\/infoallikad\/wp-json\/wp\/v2\/pages\/22","targetHints":{"allow":["GET"]}}],"collection":[{"href":"https:\/\/sisu.ut.ee\/infoallikad\/wp-json\/wp\/v2\/pages"}],"about":[{"href":"https:\/\/sisu.ut.ee\/infoallikad\/wp-json\/wp\/v2\/types\/page"}],"author":[{"embeddable":true,"href":"https:\/\/sisu.ut.ee\/infoallikad\/wp-json\/wp\/v2\/users\/5"}],"replies":[{"embeddable":true,"href":"https:\/\/sisu.ut.ee\/infoallikad\/wp-json\/wp\/v2\/comments?post=22"}],"version-history":[{"count":7,"href":"https:\/\/sisu.ut.ee\/infoallikad\/wp-json\/wp\/v2\/pages\/22\/revisions"}],"predecessor-version":[{"id":146,"href":"https:\/\/sisu.ut.ee\/infoallikad\/wp-json\/wp\/v2\/pages\/22\/revisions\/146"}],"wp:attachment":[{"href":"https:\/\/sisu.ut.ee\/infoallikad\/wp-json\/wp\/v2\/media?parent=22"}],"curies":[{"name":"wp","href":"https:\/\/api.w.org\/{rel}","templated":true}]}}