{"id":21,"date":"2024-04-03T23:12:29","date_gmt":"2024-04-03T20:12:29","guid":{"rendered":"https:\/\/sisu.ut.ee\/infoallikad\/raamatukogude-kataloogid\/"},"modified":"2024-04-03T23:12:42","modified_gmt":"2024-04-03T20:12:42","slug":"raamatukogude-kataloogid","status":"publish","type":"page","link":"https:\/\/sisu.ut.ee\/infoallikad\/raamatukogude-kataloogid\/","title":{"rendered":"Raamatukogude kataloogid"},"content":{"rendered":"<p>Raamatukogu kataloog on raamatukogus leiduvate teavikute (raamatud, ajakirjad, dissertatsioonid, CD-ROM-id, heliplaadid jne) s\u00fcsteemne loetelu. Kataloog peegeldab \u00fche v\u00f5i mitme raamatukogu kogusid. Kataloogi abil saate teada:<\/p>\n<p>* kas raamat, ajakiri v\u00f5i muu teavik on raamatukogus olemas;<br>* kus teavik raamatukogus asub ja kas ta on kohal v\u00f5i laenutatud;<br>* milliseid teavikuid mingi teema kohta raamatukogus leidub.<\/p>\n<p>Reeglina raamatukogude kataloogid artiklite kohta andmeid ei sisalda.<br>Raamatukogude e-kataloogid on k\u00e4ttesaadavad Interneti vahendusel.<\/p>\n<p><strong>N\u00e4iteid<\/strong><\/p>\n<p>E-kataloog ESTER (<a href=\"http:\/\/www.ester.ee\/\" target=\"_blank\" rel=\"noopener\">http:\/\/www.ester.ee\/<\/a>) on Tartu ja Tallinna suuremate raamatukogude \u00fchiskataloog.\u00a0<\/p>\n<p>Koondkataloog\u00a0Karlsruhe Virtual Catalog\u00a0<a href=\"https:\/\/kvk.bibliothek.kit.edu\" target=\"_blank\" rel=\"noopener\">https:\/\/kvk.bibliothek.kit.edu\u00a0<\/a>koondab kogu maailma suuremate raamatukogude katalooge.<\/p>\n","protected":false},"excerpt":{"rendered":"<p>Raamatukogu kataloog on raamatukogus leiduvate teavikute (raamatud, ajakirjad, dissertatsioonid, CD-ROM-id, heliplaadid jne) s\u00fcsteemne loetelu. Kataloog peegeldab \u00fche v\u00f5i mitme raamatukogu kogusid. Kataloogi abil saate teada: * kas raamat, ajakiri v\u00f5i muu teavik on raamatukogus olemas;* kus teavik raamatukogus asub ja &#8230;<\/p>\n","protected":false},"author":5,"featured_media":0,"parent":0,"menu_order":0,"comment_status":"closed","ping_status":"closed","template":"","meta":{"_acf_changed":false,"inline_featured_image":false,"footnotes":""},"class_list":["post-21","page","type-page","status-publish","hentry"],"acf":[],"_links":{"self":[{"href":"https:\/\/sisu.ut.ee\/infoallikad\/wp-json\/wp\/v2\/pages\/21","targetHints":{"allow":["GET"]}}],"collection":[{"href":"https:\/\/sisu.ut.ee\/infoallikad\/wp-json\/wp\/v2\/pages"}],"about":[{"href":"https:\/\/sisu.ut.ee\/infoallikad\/wp-json\/wp\/v2\/types\/page"}],"author":[{"embeddable":true,"href":"https:\/\/sisu.ut.ee\/infoallikad\/wp-json\/wp\/v2\/users\/5"}],"replies":[{"embeddable":true,"href":"https:\/\/sisu.ut.ee\/infoallikad\/wp-json\/wp\/v2\/comments?post=21"}],"version-history":[{"count":1,"href":"https:\/\/sisu.ut.ee\/infoallikad\/wp-json\/wp\/v2\/pages\/21\/revisions"}],"predecessor-version":[{"id":91,"href":"https:\/\/sisu.ut.ee\/infoallikad\/wp-json\/wp\/v2\/pages\/21\/revisions\/91"}],"wp:attachment":[{"href":"https:\/\/sisu.ut.ee\/infoallikad\/wp-json\/wp\/v2\/media?parent=21"}],"curies":[{"name":"wp","href":"https:\/\/api.w.org\/{rel}","templated":true}]}}